000
CXUS54 KAMA 010710
CF6AMA
PRELIMINARY LOCAL CLIMATOLOGICAL DATA (WS FORM: F-6)
STATION: AMARILLO
MONTH: MAY
YEAR: 2021
LATITUDE: 35 13 N
LONGITUDE: 101 42 W
TEMPERATURE IN F: :PCPN: SNOW: WIND :SUNSHINE: SKY :PK WND
================================================================================
1 2 3 4 5 6A 6B 7 8 9 10 11 12 13 14 15 16 17 18
12Z AVG MX 2MIN
DY MAX MIN AVG DEP HDD CDD WTR SNW DPTH SPD SPD DIR MIN PSBL S-S WX SPD DR
================================================================================
1 81 44 63 2 2 0 0.00 0.0 0 13.1 25 170 M M 1 33 150
2 94 55 75 13 0 10 0.00 0.0 0 16.4 29 190 M M 0 1 34 260
3 66 48 57 -5 8 0 0.14 0.0 0 21.0 29 360 M M 9 1 35 360
4 66 45 56 -6 9 0 0.02 0.0 0 11.3 24 10 M M 3 29 10
5 81 42 62 -1 3 0 0.00 0.0 0 16.3 26 60 M M 0 32 70
6 79 49 64 1 1 0 0.00 0.0 0 12.9 22 130 M M 1 28 140
7 92 56 74 11 0 9 0.26 0.0 0 19.2 36 200 M M 1 3 45 200
8 91 58 75 11 0 10 0.00 0.0 0 21.0 37 350 M M 0 45 230
9 72 49 61 -3 4 0 T 0.0 0 16.3 29 60 M M 2 36 70
10 64 44 54 -10 11 0 0.00 0.0 0 13.3 29 80 M M 7 1 37 70
11 49 45 47 -18 18 0 0.05 0.0 0 13.8 20 40 M M 10 1 23 40
12 60 41 51 -14 14 0 T 0.0 0 6.8 12 120 M M 8 16 50
13 75 44 60 -6 5 0 0.00 0.0 0 15.5 23 140 M M 5 28 200
14 83 51 67 1 0 2 0.37 0.0 0 22.0 44 250 M M 3 3 53 250
15 81 56 69 3 0 4 0.85 T 0 16.8 30 200 M M 3 135 35 190
16 81 56 69 2 0 4 0.49 T 0 13.9 35 190 M M 4 135 41 190
17 77 44 61 -6 4 0 1.45 T 0 10.3 54 210 M M 4 12358 65 200
18 68 45 57 -11 8 0 1.14 T 0 8.3 22 40 M M 7 1235 28 290
19 70 50 60 -8 5 0 0.06 0.0 0 8.1 21 200 M M 5 13 24 210
20 81 54 68 0 0 3 0.00 0.0 0 17.4 25 150 M M 3 12 34 170
21 83 60 72 3 0 7 0.00 0.0 0 22.4 32 130 M M 3 1 43 150
22 78 63 71 2 0 6 T 0.0 0 20.9 39 110 M M 4 47 110
23 79 63 71 2 0 6 0.06 0.0 0 20.3 32 130 M M 7 1 38 140
24 81 64 73 3 0 8 0.00 0.0 0 20.2 39 140 M M 5 51 130
25 84 60 72 2 0 7 0.00 0.0 0 13.8 32 170 M M 0 3 40 170
26 87 63 75 5 0 10 0.04 T 0 19.3 45 190 M M 3 1235 60 200
27 86 62 74 3 0 9 0.00 0.0 0 15.0 31 170 M M 1 41 170
28 78 57 68 -3 0 3 T 0.0 0 12.4 30 110 M M 5 3 37 110
29 67 54 61 -11 4 0 T 0.0 0 15.2 25 140 M M 8 1 33 150
30 76 58 67 -5 0 2 1.66 T 0 16.3 31 130 M M 8 135 39 120
31 66 56 61 -11 4 0 0.08 0.0 0 10.8 29 60 M M 9 123 36 60
================================================================================
SM 2376 1636 100 100 6.67 T 480.3 M 129
================================================================================
AV 76.6 52.8 15.5 FASTST M M 4 MAX(MPH)
MISC ----> 54 210 65 200
================================================================================
NOTES:
# LAST OF SEVERAL OCCURRENCES
COLUMN 17 PEAK WIND IN M.P.H.
PRELIMINARY LOCAL CLIMATOLOGICAL DATA (WS FORM: F-6) , PAGE 2
STATION: AMARILLO
MONTH: MAY
YEAR: 2021
LATITUDE: 35 13 N
LONGITUDE: 101 42 W
[TEMPERATURE DATA] [PRECIPITATION DATA] SYMBOLS USED IN COLUMN 16
AVERAGE MONTHLY: 64.7 TOTAL FOR MONTH: 6.67 1 = FOG OR MIST
DPTR FM NORMAL: -2.1 DPTR FM NORMAL: 4.40 2 = FOG REDUCING VISIBILITY
HIGHEST: 94 ON 2 GRTST 24HR 2.43 ON 17-18 TO 1/4 MILE OR LESS
LOWEST: 41 ON 12 3 = THUNDER
SNOW, ICE PELLETS, HAIL 4 = ICE PELLETS
TOTAL MONTH: T 5 = HAIL
GRTST 24HR T ON 15-15 6 = FREEZING RAIN OR DRIZZLE
GRTST DEPTH: 0 7 = DUSTSTORM OR SANDSTORM:
VSBY 1/2 MILE OR LESS
8 = SMOKE OR HAZE
[NO. OF DAYS WITH] [WEATHER - DAYS WITH] 9 = BLOWING SNOW
X = TORNADO
MAX 32 OR BELOW: 0 0.01 INCH OR MORE: 14
MAX 90 OR ABOVE: 3 0.10 INCH OR MORE: 8
MIN 32 OR BELOW: 0 0.50 INCH OR MORE: 4
MIN 0 OR BELOW: 0 1.00 INCH OR MORE: 3
[HDD (BASE 65) ]
TOTAL THIS MO. 100 CLEAR (SCALE 0-3) 14
DPTR FM NORMAL 22 PTCLDY (SCALE 4-7) 14
TOTAL FM JUL 1 4180 CLOUDY (SCALE 8-10) 3
DPTR FM NORMAL 312
[CDD (BASE 65) ]
TOTAL THIS MO. 100
DPTR FM NORMAL -32 [PRESSURE DATA]
TOTAL FM JAN 1 121 HIGHEST SLP M ON M
DPTR FM NORMAL -40 LOWEST SLP 29.21 ON 2
[REMARKS]
#FINAL-05-21#