000
CXUS53 KAPX 010730
CF6ANJ
PRELIMINARY LOCAL CLIMATOLOGICAL DATA (WS FORM: F-6)
STATION: SAULT STE MARIE MI
MONTH: APRIL
YEAR: 2022
LATITUDE: 46 28 N
LONGITUDE: 84 21 W
TEMPERATURE IN F: :PCPN: SNOW: WIND :SUNSHINE: SKY :PK WND
================================================================================
1 2 3 4 5 6A 6B 7 8 9 10 11 12 13 14 15 16 17 18
12Z AVG MX 2MIN
DY MAX MIN AVG DEP HDD CDD WTR SNW DPTH SPD SPD DIR MIN PSBL S-S WX SPD DR
================================================================================
1 31 21 26 -7 39 0 T T 12 8.8 18 310 M M 6 26 310
2 35 20 28 -5 37 0 0.14 0.4 10 5.4 12 140 M M 7 1 16 130
3 41 31 36 2 29 0 0.03 0.7 11 4.1 14 300 M M 9 128 18 300
4 42 30 36 2 29 0 0.00 0.0 8 6.6 16 150 M M 9 12 27 130
5 43 33 38 4 27 0 0.04 T 7 7.0 13 100 M M 8 1 24 90
6 44 35 40 5 25 0 1.32 0.0 5 8.9 24 130 M M 6 12 42 130
7 42 35 39 4 26 0 0.04 0.0 2 4.3 12 180 M M 10 12 17 100
8 37 30 34 -2 31 0 0.15 T 2 8.6 17 300 M M 10 18 25 300
9 34 27 31 -5 34 0 T T T 9.9 20 300 M M 10 28 290
10 51 28 40 3 25 0 0.00 0.0 1 5.9 15 130 M M 1 24 130
11 52 33 43 6 22 0 0.13 0.0 0 10.7 23 140 M M 6 34 120
12 54 31 43 5 22 0 0.34 0.0 0 3.8 12 190 M M 3 1 18 30
13 44 41 43 5 22 0 0.74 0.0 0 10.4 20 100 M M 10 13 34 110
14 43 34 39 0 26 0 0.39 T 0 14.8 28 230 M M 9 18 43 230
15 35 28 32 -7 33 0 0.12 T T 12.7 21 300 M M 9 18 34 320
16 33 26 30 -10 35 0 0.02 T 0 12.9 21 310 M M 9 8 34 310
17 44 27 36 -4 29 0 0.00 0.0 0 5.4 12 330 M M 3 21 330
18 37 31 34 -6 31 0 0.11 1.1 0 5.2 15 130 M M 7 18 24 100
19 40 32 36 -5 29 0 T T T 14.0 23 310 M M 9 37 320
20 45 30 38 -3 27 0 0.10 T 0 10.0 16 130 M M 8 1 32 90
21 43 36 40 -2 25 0 0.35 0.0 0 9.5 22 280 M M 10 1 35 280
22 52 31 42 0 23 0 0.00 0.0 0 6.6 15 140 M M 2 1 23 130
23 45 38 42 -1 23 0 0.61 0.0 0 13.2 22 130 M M 9 1 36 110
24 56 43 50 7 15 0 0.04 0.0 0 9.6 17 120 M M 5 12 33 120
25 49 33 41 -3 24 0 0.02 0.0 0 7.7 16 300 M M 9 18 22 290
26 33 24 29 -15 36 0 T T 0 13.4 22 300 M M 10 32 300
27 36 20 28 -17 37 0 T T 0 10.9 20 300 M M 1 28 300
28 52 25 39 -6 26 0 0.00 0.0 0 3.5 10 230 M M 0 15 210
29 55 30 43 -3 22 0 0.00 0.0 0 7.8 18 150 M M 0 27 150
30 58 36 47 1 18 0 0.00 0.0 0 10.4 22 130 M M 1 35 130
================================================================================
SM 1306 919 827 0 4.69 2.2 262.0 M 196
================================================================================
AV 43.5 30.6 8.7 FASTST M M 7 MAX(MPH)
MISC ----> 28 230 43 230
================================================================================
NOTES:
# LAST OF SEVERAL OCCURRENCES
COLUMN 17 PEAK WIND IN M.P.H.
PRELIMINARY LOCAL CLIMATOLOGICAL DATA (WS FORM: F-6) , PAGE 2
STATION: SAULT STE MARIE MI
MONTH: APRIL
YEAR: 2022
LATITUDE: 46 28 N
LONGITUDE: 84 21 W
[TEMPERATURE DATA] [PRECIPITATION DATA] SYMBOLS USED IN COLUMN 16
AVERAGE MONTHLY: 37.1 TOTAL FOR MONTH: 4.69 1 = FOG OR MIST
DPTR FM NORMAL: -2.3 DPTR FM NORMAL: 2.06 2 = FOG REDUCING VISIBILITY
HIGHEST: 58 ON 30 GRTST 24HR 1.34 ON 6- 7 TO 1/4 MILE OR LESS
LOWEST: 20 ON 27, 2 3 = THUNDER
SNOW, ICE PELLETS, HAIL 4 = ICE PELLETS
TOTAL MONTH: 2.2 INCHES 5 = HAIL
GRTST 24HR 1.1 ON 18-18 6 = FREEZING RAIN OR DRIZZLE
GRTST DEPTH: 12 ON 1 7 = DUSTSTORM OR SANDSTORM:
VSBY 1/2 MILE OR LESS
8 = SMOKE OR HAZE
[NO. OF DAYS WITH] [WEATHER - DAYS WITH] 9 = BLOWING SNOW
X = TORNADO
MAX 32 OR BELOW: 1 0.01 INCH OR MORE: 18
MAX 90 OR ABOVE: 0 0.10 INCH OR MORE: 11
MIN 32 OR BELOW: 19 0.50 INCH OR MORE: 3
MIN 0 OR BELOW: 0 1.00 INCH OR MORE: 1
[HDD (BASE 65) ]
TOTAL THIS MO. 827 CLEAR (SCALE 0-3) 8
DPTR FM NORMAL 57 PTCLDY (SCALE 4-7) 8
TOTAL FM JUL 1 7579 CLOUDY (SCALE 8-10) 14
DPTR FM NORMAL -321
[CDD (BASE 65) ]
TOTAL THIS MO. 0
DPTR FM NORMAL 0 [PRESSURE DATA]
TOTAL FM JAN 1 0 HIGHEST SLP 30.56 ON 22
DPTR FM NORMAL 0 LOWEST SLP 29.28 ON 14
[REMARKS]
#FINAL-04-22#