000
CXUS53 KIWX 010810
CF6AOH
PRELIMINARY LOCAL CLIMATOLOGICAL DATA (WS FORM: F-6)
STATION: LIMA
MONTH: MARCH
YEAR: 2023
LATITUDE: 40 42 N
LONGITUDE: 84 1 W
TEMPERATURE IN F: :PCPN: SNOW: WIND :SUNSHINE: SKY :PK WND
================================================================================
1 2 3 4 5 6A 6B 7 8 9 10 11 12 13 14 15 16 17 18
12Z AVG MX 2MIN
DY MAX MIN AVG DEP HDD CDD WTR SNW DPTH SPD SPD DIR MIN PSBL S-S WX SPD DR
================================================================================
1 69 35 52 18 13 0 0.00 M M 8.3 20 130 M M 1 27 130
2 48 38 43 9 22 0 0.00 M M 9.0 17 300 M M 2 23 310
3 40 34 37 3 28 0 2.25 M M 15.8 32 70 M M 7 13 45 70
4 50 33 42 7 23 0 T M M 10.2 24 300 M M 5 1 34 280
5 53 35 44 9 21 0 T M M 5.9 17 290 M M 1 1 24 290
6 68 38 53 17 12 0 T M M 12.7 22 10 M M 7 12 30 120
7 44 32 38 2 27 0 0.01 M M 11.3 22 30 M M 4 12 28 20
8 45 27 36 0 29 0 0.00 M M 9.0 18 30 M M 0 27 40
9 49 26 38 2 27 0 0.09 M M 11.2 21 70 M M 2 1 26 90
10 35 32 34 -3 31 0 0.12 M M 10.4 17 350 M M 10 1 23 340
11 40 31 36 -1 29 0 0.00 M M 8.5 15 350 M M 8 23 20
12 35 30 33 -5 32 0 0.05 M M 7.4 16 80 M M 10 1 23 80
13 35 28 32 -6 33 0 0.04 M M 13.4 23 310 M M 10 128 32 320
14 34 23 29 -9 36 0 T M M 14.0 21 300 M M 8 1 36 300
15 47 21 34 -5 31 0 0.00 M M 7.2 14 230 M M 0 20 260
16 59 35 47 8 18 0 0.03 M M 11.7 22 200 M M 4 31 190
17 56 30 43 4 22 0 0.11 M M 19.6 31 270 M M 10 1 40 260
18 31 19 25 -15 40 0 T M M 18.9 35 260 M M 7 18 43 260
19 35 18 27 -13 38 0 T M M 13.9 21 260 M M 3 31 260
20 50 25 38 -2 27 0 0.00 M M 13.0 23 220 M M 0 33 190
21 58 32 45 4 20 0 0.05 M M 10.8 24 230 M M 3 1 31 260
22 51 41 46 5 19 0 0.47 M M 10.6 23 150 M M 10 13 29 180
23 60 45 53 11 12 0 0.81 M M 7.4 17 190 M M 10 13 26 220
24 45 37 41 -1 24 0 0.26 M M 12.9 21 70 M M 10 18 25 80
25 59 36 48 6 17 0 0.59 M M 21.2 46 250 M M 9 1 68 240
26 60 34 47 4 18 0 0.00 M M 7.5 14 180 M M 1 22 210
27 51 36 44 1 21 0 0.11 M M 8.0 20 300 M M 10 1 25 300
28 48 31 40 -4 25 0 0.00 M M 3.9 12 310 M M 5 128 15 350
29 52 29 41 -3 24 0 0.03 M M 12.2 36 280 M M 3 1 50 280
30 55 23 39 -5 26 0 0.00 M M 6.9 14 190 M M 0 19 180
31 62 46 54 9 11 0 0.25 M M 18.3 24 180 M M 10 1 44 180
================================================================================
SM 1524 980 756 0 5.27 M 351.1 M 170
================================================================================
AV 49.2 31.6 11.3 FASTST M M 5 MAX(MPH)
MISC ----> 46 250 68 240
================================================================================
NOTES:
# LAST OF SEVERAL OCCURRENCES
COLUMN 17 PEAK WIND IN M.P.H.
PRELIMINARY LOCAL CLIMATOLOGICAL DATA (WS FORM: F-6) , PAGE 2
STATION: LIMA
MONTH: MARCH
YEAR: 2023
LATITUDE: 40 42 N
LONGITUDE: 84 1 W
[TEMPERATURE DATA] [PRECIPITATION DATA] SYMBOLS USED IN COLUMN 16
AVERAGE MONTHLY: 40.4 TOTAL FOR MONTH: 5.27 1 = FOG OR MIST
DPTR FM NORMAL: 1.3 DPTR FM NORMAL: 2.72 2 = FOG REDUCING VISIBILITY
HIGHEST: 69 ON 1 GRTST 24HR 2.25 ON 3- 3 TO 1/4 MILE OR LESS
LOWEST: 18 ON 19 3 = THUNDER
SNOW, ICE PELLETS, HAIL 4 = ICE PELLETS
TOTAL MONTH: M 5 = HAIL
GRTST 24HR M ON M 6 = FREEZING RAIN OR DRIZZLE
GRTST DEPTH: M ON M 7 = DUSTSTORM OR SANDSTORM:
VSBY 1/2 MILE OR LESS
8 = SMOKE OR HAZE
[NO. OF DAYS WITH] [WEATHER - DAYS WITH] 9 = BLOWING SNOW
X = TORNADO
MAX 32 OR BELOW: 1 0.01 INCH OR MORE: 16
MAX 90 OR ABOVE: 0 0.10 INCH OR MORE: 9
MIN 32 OR BELOW: 17 0.50 INCH OR MORE: 3
MIN 0 OR BELOW: 0 1.00 INCH OR MORE: 1
[HDD (BASE 65) ]
TOTAL THIS MO. 756 CLEAR (SCALE 0-3) 11
DPTR FM NORMAL -49 PTCLDY (SCALE 4-7) 10
TOTAL FM JUL 1 4379 CLOUDY (SCALE 8-10) 10
DPTR FM NORMAL -763
[CDD (BASE 65) ]
TOTAL THIS MO. 0
DPTR FM NORMAL -2 [PRESSURE DATA]
TOTAL FM JAN 1 0 HIGHEST SLP M ON M
DPTR FM NORMAL -2 LOWEST SLP 29.00 ON 3
[REMARKS]
#FINAL-03-23#