000
CXUS55 KBOU 011000
CF6APA
PRELIMINARY LOCAL CLIMATOLOGICAL DATA (WS FORM: F-6)
STATION: CENTENNIAL CO
MONTH: FEBRUARY
YEAR: 2022
LATITUDE: 39 33 N
LONGITUDE: 104 51 W
TEMPERATURE IN F: :PCPN: SNOW: WIND :SUNSHINE: SKY :PK WND
================================================================================
1 2 3 4 5 6A 6B 7 8 9 10 11 12 13 14 15 16 17 18
12Z AVG MX 2MIN
DY MAX MIN AVG DEP HDD CDD WTR SNW DPTH SPD SPD DIR MIN PSBL S-S WX SPD DR
================================================================================
1 33 18 26 -6 39 0 0.07 M M 9.8 24 20 M M 7 1 32 20
2 18 -1 9 -23 56 0 0.02 M M 7.5 16 150 M M 10 1 22 160
3 24 -11 7 -25 58 0 T M M 3.0 8 130 M M 1 10 160
4 37 3 20 -12 45 0 0.00 M M 7.4 16 160 M M 0 20 170
5 49 21 35 3 30 0 0.00 M M 9.4 30 340 M M 4 39 330
6 37 21 29 -3 36 0 T M M 6.3 16 360 M M 4 22 350
7 53 19 36 4 29 0 0.00 M M 6.3 15 230 M M 0 17 220
8 49 29 39 7 26 0 0.00 M M 7.8 21 310 M M 3 27 310
9 53 27 40 8 25 0 T M M 8.2 24 330 M M 6 1 33 330
10 59 28 44 12 21 0 T M M 9.9 29 300 M M 6 1 36 300
11 46 21 34 2 31 0 0.29 M M 9.4 25 360 M M 8 1 41 360
12 39 7 23 -9 42 0 0.01 M M 6.4 15 200 M M 5 1 17 200
13 53 22 38 6 27 0 0.00 M M 7.7 16 320 M M 2 21 310
14 56 25 41 9 24 0 0.00 M M 7.8 14 180 M M 3 18 160
15 57 34 46 13 19 0 0.00 M M 7.4 18 200 M M 7 26 190
16 38 16 27 -6 38 0 0.08 M M 7.4 18 20 M M 7 1 26 10
17 31 6 19 -14 46 0 0.01 M M 5.1 12 180 M M 4 1 16 180
18 47 19 33 0 32 0 0.00 M M 6.9 15 10 M M 3 21 350
19 57 27 42 9 23 0 0.00 M M 6.4 14 210 M M 1 19 230
20 60 31 46 12 19 0 0.00 M M 9.3 25 200 M M 4 32 200
21 52 2 27 -7 38 0 T M M 12.7 36 350 M M 8 1 44 350
22 5 -4 1 -33 64 0 0.02 M M 7.2 17 20 M M 9 18 21 20
23 13 -5 4 -30 61 0 0.01 M M 4.9 13 360 M M 7 18 17 10
24 25 2 14 -21 51 0 0.04 M M 4.8 13 330 M M 5 18 16 330
25 30 4 17 -18 48 0 0.00 M M 4.1 13 10 M M 3 17 20
26 39 9 24 -11 41 0 0.00 M M 3.7 10 170 M M 1 13 200
27 58 17 38 2 27 0 0.00 M M 5.4 12 240 M M 1 14 240
28 63 28 46 10 19 0 0.00 M M 5.8 14 330 M M 4 22 160
================================================================================
SM 1181 415 1015 0 0.55 M 198.0 M 123
================================================================================
AV 42.2 14.8 7.1 FASTST M M 4 MAX(MPH)
MISC ----> 36 350 44 350
================================================================================
NOTES:
# LAST OF SEVERAL OCCURRENCES
COLUMN 17 PEAK WIND IN M.P.H.
PRELIMINARY LOCAL CLIMATOLOGICAL DATA (WS FORM: F-6) , PAGE 2
STATION: CENTENNIAL CO
MONTH: FEBRUARY
YEAR: 2022
LATITUDE: 39 33 N
LONGITUDE: 104 51 W
[TEMPERATURE DATA] [PRECIPITATION DATA] SYMBOLS USED IN COLUMN 16
AVERAGE MONTHLY: 28.5 TOTAL FOR MONTH: 0.55 1 = FOG OR MIST
DPTR FM NORMAL: -4.5 DPTR FM NORMAL: 0.12 2 = FOG REDUCING VISIBILITY
HIGHEST: 63 ON 28 GRTST 24HR 0.30 ON 11-12 TO 1/4 MILE OR LESS
LOWEST: -11 ON 3 3 = THUNDER
SNOW, ICE PELLETS, HAIL 4 = ICE PELLETS
TOTAL MONTH: M 5 = HAIL
GRTST 24HR M ON M 6 = FREEZING RAIN OR DRIZZLE
GRTST DEPTH: M ON M 7 = DUSTSTORM OR SANDSTORM:
VSBY 1/2 MILE OR LESS
8 = SMOKE OR HAZE
[NO. OF DAYS WITH] [WEATHER - DAYS WITH] 9 = BLOWING SNOW
X = TORNADO
MAX 32 OR BELOW: 7 0.01 INCH OR MORE: 9
MAX 90 OR ABOVE: 0 0.10 INCH OR MORE: 1
MIN 32 OR BELOW: 27 0.50 INCH OR MORE: 0
MIN 0 OR BELOW: 4 1.00 INCH OR MORE: 0
[HDD (BASE 65) ]
TOTAL THIS MO. 1015 CLEAR (SCALE 0-3) 11
DPTR FM NORMAL 119 PTCLDY (SCALE 4-7) 15
TOTAL FM JUL 1 3853 CLOUDY (SCALE 8-10) 2
DPTR FM NORMAL -495
[CDD (BASE 65) ]
TOTAL THIS MO. 0
DPTR FM NORMAL 0 [PRESSURE DATA]
TOTAL FM JAN 1 0 HIGHEST SLP 30.66 ON 4
DPTR FM NORMAL 0 LOWEST SLP 29.41 ON 21
[REMARKS]
#FINAL-02-22#