000
CXUS56 KMTR 010900
CF6APC
PRELIMINARY LOCAL CLIMATOLOGICAL DATA (WS FORM: F-6)
STATION: NAPA AIRPORT
MONTH: MAY
YEAR: 2022
LATITUDE: 38 13 N
LONGITUDE: 122 17 W
TEMPERATURE IN F: :PCPN: SNOW: WIND :SUNSHINE: SKY :PK WND
================================================================================
1 2 3 4 5 6A 6B 7 8 9 10 11 12 13 14 15 16 17 18
12Z AVG MX 2MIN
DY MAX MIN AVG DEP HDD CDD WTR SNW DPTH SPD SPD DIR MIN PSBL S-S WX SPD DR
================================================================================
1 75 38 57 -1 8 0 0.00 M M 6.9 18 240 M M 0 22 260
2 69 45 57 -1 8 0 0.00 M M 11.5 23 200 M M 0 29 220
3 83 43 63 5 2 0 0.00 M M 8.0 18 340 M M 0 23 330
4 81 41 61 3 4 0 0.00 M M 7.3 16 200 M M 1 1 20 210
5 70 48 59 0 6 0 0.00 M M 11.8 21 270 M M 4 25 270
6 72 52 62 3 3 0 0.00 M M 9.8 21 280 M M 8 25 280
7 71 50 61 2 4 0 0.00 M M 15.6 29 270 M M 2 35 260
8 63 45 54 -5 11 0 0.00 M M 16.6 32 280 M M 3 39 280
9 64 38 51 -8 14 0 0.00 M M 10.8 22 280 M M 1 28 270
10 64 32 48 -11 17 0 0.00 M M 7.3 23 320 M M 3 3 30 330
11 69 32 51 -9 14 0 0.00 M M 7.8 21 200 M M 0 1 25 270
12 70 38 54 -6 11 0 0.00 M M 9.9 23 270 M M 1 26 270
13 79 40 60 0 5 0 0.00 M M 6.1 18 250 M M 0 23 260
14 83 47 65 5 0 0 0.00 M M 6.5 17 210 M M 0 1 21 210
15 80 53 67 7 0 2 0.00 M M 13.8 25 270 M M 0 30 250
16 76 52 64 4 1 0 0.00 M M 12.1 20 230 M M 2 24 200
17 80 42 61 0 4 0 0.00 M M 8.1 20 200 M M 0 1 23 200
18 91 45 68 7 0 3 0.00 M M 7.0 17 280 M M 0 21 280
19 88 54 71 10 0 6 0.00 M M 8.6 21 290 M M 0 26 290
20 83 50 67 6 0 2 0.00 M M 11.0 22 10 M M 0 30 320
21 79 43 61 0 4 0 0.00 M M 8.5 20 200 M M 0 23 190
22 82 45 64 3 1 0 0.00 M M 7.4 18 220 M M 0 23 220
23 84 47 66 4 0 1 0.00 M M 7.8 17 190 M M 0 21 190
24 93 48 71 9 0 6 0.00 M M 5.5 16 200 M M 0 18 19 200
25 87 54 71 9 0 6 0.00 M M 9.2 20 190 M M 0 24 200
26 70 49 60 -2 5 0 0.00 M M 12.8 22 270 M M 2 30 280
27 70 53 62 0 3 0 0.00 M M 13.8 23 190 M M 6 27 270
28 75 53 64 2 1 0 0.00 M M 15.8 26 280 M M 5 34 270
29 77 44 61 -2 4 0 0.00 M M 8.9 21 220 M M 0 26 230
30 78 43 61 -2 4 0 0.00 M M 7.2 20 210 M M 0 24 200
31 86 41 64 1 1 0 0.00 M M 8.4 21 260 M M 0 25 270
================================================================================
SM 2392 1405 135 26 0.00 M 301.8 M 38
================================================================================
AV 77.2 45.3 9.7 FASTST M M 1 MAX(MPH)
MISC ----> 32 280 39 280
================================================================================
NOTES:
# LAST OF SEVERAL OCCURRENCES
COLUMN 17 PEAK WIND IN M.P.H.
PRELIMINARY LOCAL CLIMATOLOGICAL DATA (WS FORM: F-6) , PAGE 2
STATION: NAPA AIRPORT
MONTH: MAY
YEAR: 2022
LATITUDE: 38 13 N
LONGITUDE: 122 17 W
[TEMPERATURE DATA] [PRECIPITATION DATA] SYMBOLS USED IN COLUMN 16
AVERAGE MONTHLY: 61.2 TOTAL FOR MONTH: 0.00 1 = FOG OR MIST
DPTR FM NORMAL: 0.7 DPTR FM NORMAL: -0.80 2 = FOG REDUCING VISIBILITY
HIGHEST: 93 ON 24 GRTST 24HR 0.00 ON 1- 1 TO 1/4 MILE OR LESS
LOWEST: 32 ON 11,10 3 = THUNDER
SNOW, ICE PELLETS, HAIL 4 = ICE PELLETS
TOTAL MONTH: M 5 = HAIL
GRTST 24HR M ON M 6 = FREEZING RAIN OR DRIZZLE
GRTST DEPTH: M ON M 7 = DUSTSTORM OR SANDSTORM:
VSBY 1/2 MILE OR LESS
8 = SMOKE OR HAZE
[NO. OF DAYS WITH] [WEATHER - DAYS WITH] 9 = BLOWING SNOW
X = TORNADO
MAX 32 OR BELOW: 0 0.01 INCH OR MORE: 0
MAX 90 OR ABOVE: 2 0.10 INCH OR MORE: 0
MIN 32 OR BELOW: 2 0.50 INCH OR MORE: 0
MIN 0 OR BELOW: 0 1.00 INCH OR MORE: 0
[HDD (BASE 65) ]
TOTAL THIS MO. 135 CLEAR (SCALE 0-3) 27
DPTR FM NORMAL -22 PTCLDY (SCALE 4-7) 4
TOTAL FM JUL 1 2880 CLOUDY (SCALE 8-10) 0
DPTR FM NORMAL -24
[CDD (BASE 65) ]
TOTAL THIS MO. 26
DPTR FM NORMAL 10 [PRESSURE DATA]
TOTAL FM JAN 1 33 HIGHEST SLP M ON M
DPTR FM NORMAL 15 LOWEST SLP 29.73 ON 20
[REMARKS]
#FINAL-05-22#