000
CXUS53 KARX 010900
CF6AUM
PRELIMINARY LOCAL CLIMATOLOGICAL DATA (WS FORM: F-6)
STATION: AUSTIN MUNI MN
MONTH: MARCH
YEAR: 2022
LATITUDE: 43 40 N
LONGITUDE: 92 56 W
TEMPERATURE IN F: :PCPN: SNOW: WIND :SUNSHINE: SKY :PK WND
================================================================================
1 2 3 4 5 6A 6B 7 8 9 10 11 12 13 14 15 16 17 18
12Z AVG MX 2MIN
DY MAX MIN AVG DEP HDD CDD WTR SNW DPTH SPD SPD DIR MIN PSBL S-S WX SPD DR
================================================================================
1 41 30 36 M 29 0 T 0.0 M 4.7 9 330 M M 7 M M
2 43 27 35 M 30 0 T 0.0 M 4.6 9 10 M M 5 16 17 360
3 28 23 26 M 39 0 0.00 0.0 M 5.8 10 20 M M 5 M M
4 39 27 33 M 32 0 M M M 14.8 25 120 M M 3 30 120
5 45 34 40 M 25 0 0.69 M M 8.3 18 310 M M 9 123 26 160
6 34 27 31 M 34 0 M M M 15.0 23 290 M M 10 32 300
7 30 19 25 M 40 0 M M M 12.1 18 300 M M 5 25 300
8 45 21 33 M 32 0 M M M 10.8 20 210 M M 3 24 220
9 27 14 21 M 44 0 M M M 14.7 20 320 M M 6 28 320
10 27 10 19 M 46 0 M M M 6.7 13 210 M M 2 17 240
11 21 5 13 M 52 0 M M M 17.8 25 310 M M 2 33 300
12 28 3 16 M 49 0 M M M 11.4 21 190 M M 2 27 310
13 52 21 37 M 28 0 M M M 8.2 18 190 M M 2 24 190
14 48 34 41 M 24 0 M M M 10.8 17 60 M M 4 1 23 60
15 54 28 41 M 24 0 M M M 4.7 10 190 M M 5 12 M M
16 66 37 52 M 13 0 M M M 10.4 18 200 M M 1 27 230
17 48 34 41 M 24 0 0.00 0.0 0 5.8 12 340 M M 4 12 20 350
18 45 34 40 M 25 0 0.00 0.0 0 7.8 14 30 M M 5 21 40
19 54 27 41 M 24 0 0.00 0.0 0 6.7 16 320 M M 0 22 310
20 63 27 45 M 20 0 0.00 0.0 0 3.8 10 120 M M 1 12 21 120
21 70 46 58 M 7 0 T 0.0 0 9.2 22 190 M M 1 28 190
22 48 37 43 M 22 0 0.61 0.0 0 7.7 14 70 M M 10 20 60
23 37 34 36 M 29 0 0.13 M M 12.4 16 340 M M 10 1 30 360
24 39 32 36 M 29 0 M M M 7.0 12 340 M M 10 18 340
25 41 27 34 M 31 0 M M M 21.1 36 300 M M 6 47 300
26 34 19 27 M 38 0 0.00 0.0 M 18.3 25 340 M M 1 39 320
27 30 16 23 M 42 0 0.00 0.0 M 7.5 13 300 M M 0 18 360
28 39 19 29 M 36 0 M M M 7.6 13 140 M M 3 17 140
29 39 34 37 M 28 0 M 0.0 0 18.3 25 130 M M 8 33 130
30 37 32 35 M 30 0 0.03 M M 10.6 15 330 M M 10 13 25 350
31 34 30 32 M 33 0 M M M 11.7 17 320 M M 10 27 350
================================================================================
SM 1286 808 959 0 1.46 0.0 316.3 M 150
================================================================================
AV 41.5 26.1 10.2 FASTST M M 5 MAX(MPH)
MISC ----> 36 300 47 300
================================================================================
NOTES:
# LAST OF SEVERAL OCCURRENCES
COLUMN 17 PEAK WIND IN M.P.H.
PRELIMINARY LOCAL CLIMATOLOGICAL DATA (WS FORM: F-6) , PAGE 2
STATION: AUSTIN MUNI MN
MONTH: MARCH
YEAR: 2022
LATITUDE: 43 40 N
LONGITUDE: 92 56 W
[TEMPERATURE DATA] [PRECIPITATION DATA] SYMBOLS USED IN COLUMN 16
AVERAGE MONTHLY: 33.8 TOTAL FOR MONTH: 1.46 1 = FOG OR MIST
DPTR FM NORMAL: 0.0 DPTR FM NORMAL: M 2 = FOG REDUCING VISIBILITY
HIGHEST: 70 ON 21 GRTST 24HR 0.69 ON 5- 5 TO 1/4 MILE OR LESS
LOWEST: 3 ON 12 3 = THUNDER
SNOW, ICE PELLETS, HAIL 4 = ICE PELLETS
TOTAL MONTH: 0.0 INCH 5 = HAIL
GRTST 24HR 0.0 6 = FREEZING RAIN OR DRIZZLE
GRTST DEPTH: 0 7 = DUSTSTORM OR SANDSTORM:
VSBY 1/2 MILE OR LESS
8 = SMOKE OR HAZE
[NO. OF DAYS WITH] [WEATHER - DAYS WITH] 9 = BLOWING SNOW
X = TORNADO
MAX 32 OR BELOW: 7 0.01 INCH OR MORE: 4
MAX 90 OR ABOVE: 0 0.10 INCH OR MORE: 3
MIN 32 OR BELOW: 22 0.50 INCH OR MORE: 2
MIN 0 OR BELOW: 0 1.00 INCH OR MORE: 0
[HDD (BASE 65) ]
TOTAL THIS MO. 959 CLEAR (SCALE 0-3) 12
DPTR FM NORMAL M PTCLDY (SCALE 4-7) 11
TOTAL FM JUL 1 6458 CLOUDY (SCALE 8-10) 8
DPTR FM NORMAL M
[CDD (BASE 65) ]
TOTAL THIS MO. 0
DPTR FM NORMAL M [PRESSURE DATA]
TOTAL FM JAN 1 0 HIGHEST SLP M ON M
DPTR FM NORMAL M LOWEST SLP M ON M
[REMARKS]
#FINAL-03-22#