000
CXUS53 KARX 010900
CF6AUM
PRELIMINARY LOCAL CLIMATOLOGICAL DATA (WS FORM: F-6)
STATION: AUSTIN MUNI MN
MONTH: MAY
YEAR: 2021
LATITUDE: 43 40 N
LONGITUDE: 92 56 W
TEMPERATURE IN F: :PCPN: SNOW: WIND :SUNSHINE: SKY :PK WND
================================================================================
1 2 3 4 5 6A 6B 7 8 9 10 11 12 13 14 15 16 17 18
12Z AVG MX 2MIN
DY MAX MIN AVG DEP HDD CDD WTR SNW DPTH SPD SPD DIR MIN PSBL S-S WX SPD DR
================================================================================
1 90 52 71 M 0 6 0.00 0.0 0 11.0 17 250 M M 0 25 260
2 82 59 71 M 0 6 0.02 0.0 0 8.2 14 250 M M 1 3 21 250
3 68 52 60 M 5 0 M 0.0 0 10.1 18 340 M M 7 1 27 340
4 59 41 50 M 15 0 0.00 0.0 0 10.4 18 340 M M 2 27 320
5 59 34 47 M 18 0 M 0.0 0 3.7 12 30 M M 4 18 310
6 59 37 48 M 17 0 M 0.0 0 9.3 16 340 M M 4 1 25 330
7 57 39 48 M 17 0 0.00 0.0 0 6.9 14 310 M M 2 21 350
8 52 36 44 M 21 0 0.00 0.0 0 8.5 16 120 M M 2 21 120
9 63 36 50 M 15 0 0.00 0.0 0 5.2 13 310 M M 2 17 330
10 55 37 46 M 19 0 0.00 0.0 0 7.3 15 60 M M 6 21 60
11 61 28 45 M 20 0 0.00 0.0 0 2.5 8 360 M M 0 16 0
12 66 34 50 M 15 0 0.00 0.0 0 1.9 8 230 M M 1 16 0
13 68 37 53 M 12 0 0.00 0.0 0 7.0 15 190 M M 1 21 190
14 64 48 56 M 9 0 0.00 0.0 0 8.1 16 190 M M 5 23 200
15 75 48 62 M 3 0 0.00 0.0 0 6.0 21 120 M M 3 25 120
16 72 54 63 M 2 0 M 0.0 M 6.7 13 180 M M 6 17 180
17 73 48 61 M 4 0 0.00 0.0 0 8.0 16 120 M M 4 1 31 110
18 66 54 60 M 5 0 0.01 0.0 M 11.0 17 120 M M 8 1 25 130
19 72 63 68 M 0 3 M 0.0 M 8.8 14 140 M M 8 1 17 180
20 72 64 68 M 0 3 M 0.0 M 9.8 16 190 M M 9 1 23 180
21 79 66 73 M 0 8 M 0.0 M 10.7 17 190 M M 7 24 180
22 81 64 73 M 0 8 0.00 0.0 0 8.5 15 190 M M 6 21 190
23 79 66 73 M 0 8 M 0.0 M 3.5 9 210 M M 7 1 17 240
24 82 64 73 M 0 8 0.00 0.0 0 11.1 20 210 M M 4 25 210
25 84 66 75 M 0 10 0.00 0.0 0 13.4 20 240 M M 4 32 240
26 68 55 62 M 3 0 0.00 0.0 0 8.4 18 330 M M 1 25 330
27 55 41 48 M 17 0 0.03 M M 14.8 27 80 M M 9 3 39 80
28 55 37 46 M 19 0 M M M 10.2 16 80 M M 6 30 70
29 63 36 50 M 15 0 0.00 0.0 0 3.9 12 150 M M 0 17 170
30 61 48 55 M 10 0 M 0.0 0 3.2 9 180 M M 7 M M
31 73 48 61 M 4 0 M M M 5.5 12 220 M M 1 9 220
================================================================================
SM 2113 1492 265 60 0.06 0.0 243.6 M 127
================================================================================
AV 68.2 48.1 7.9 FASTST M M 4 MAX(MPH)
MISC ----> 27 80 39 80
================================================================================
NOTES:
# LAST OF SEVERAL OCCURRENCES
COLUMN 17 PEAK WIND IN M.P.H.
PRELIMINARY LOCAL CLIMATOLOGICAL DATA (WS FORM: F-6) , PAGE 2
STATION: AUSTIN MUNI MN
MONTH: MAY
YEAR: 2021
LATITUDE: 43 40 N
LONGITUDE: 92 56 W
[TEMPERATURE DATA] [PRECIPITATION DATA] SYMBOLS USED IN COLUMN 16
AVERAGE MONTHLY: 58.1 TOTAL FOR MONTH: 0.06 1 = FOG OR MIST
DPTR FM NORMAL: 0.0 DPTR FM NORMAL: M 2 = FOG REDUCING VISIBILITY
HIGHEST: 90 ON 1 GRTST 24HR 0.03 ON 27-27 TO 1/4 MILE OR LESS
LOWEST: 28 ON 11 3 = THUNDER
SNOW, ICE PELLETS, HAIL 4 = ICE PELLETS
TOTAL MONTH: 0.0 INCH 5 = HAIL
GRTST 24HR 0.0 6 = FREEZING RAIN OR DRIZZLE
GRTST DEPTH: 0 7 = DUSTSTORM OR SANDSTORM:
VSBY 1/2 MILE OR LESS
8 = SMOKE OR HAZE
[NO. OF DAYS WITH] [WEATHER - DAYS WITH] 9 = BLOWING SNOW
X = TORNADO
MAX 32 OR BELOW: 0 0.01 INCH OR MORE: 3
MAX 90 OR ABOVE: 1 0.10 INCH OR MORE: 0
MIN 32 OR BELOW: 1 0.50 INCH OR MORE: 0
MIN 0 OR BELOW: 0 1.00 INCH OR MORE: 0
[HDD (BASE 65) ]
TOTAL THIS MO. 265 CLEAR (SCALE 0-3) 13
DPTR FM NORMAL M PTCLDY (SCALE 4-7) 14
TOTAL FM JUL 1 7232 CLOUDY (SCALE 8-10) 4
DPTR FM NORMAL M
[CDD (BASE 65) ]
TOTAL THIS MO. 60
DPTR FM NORMAL M [PRESSURE DATA]
TOTAL FM JAN 1 63 HIGHEST SLP M ON M
DPTR FM NORMAL M LOWEST SLP M ON M
[REMARKS]
#FINAL-05-21#