000
CXUS52 KGSP 010917
CF6AVL
PRELIMINARY LOCAL CLIMATOLOGICAL DATA (WS FORM: F-6)
STATION: ASHEVILLE NC
MONTH: DECEMBER
YEAR: 2022
LATITUDE: 35 25 N
LONGITUDE: 82 33 W
TEMPERATURE IN F: :PCPN: SNOW: WIND :SUNSHINE: SKY :PK WND
================================================================================
1 2 3 4 5 6A 6B 7 8 9 10 11 12 13 14 15 16 17 18
12Z AVG MX 2MIN
DY MAX MIN AVG DEP HDD CDD WTR SNW DPTH SPD SPD DIR MIN PSBL S-S WX SPD DR
================================================================================
1 53 28 41 -3 24 0 0.00 0.0 0 8.9 24 340 M M 0 35 340
2 56 26 41 -3 24 0 0.00 0.0 0 6.6 23 170 M M 6 36 190
3 64 46 55 11 10 0 0.03 0.0 0 10.0 22 190 M M 6 1 29 180
4 50 33 42 -1 23 0 0.00 0.0 0 2.8 14 340 M M 2 16 340
5 43 38 41 -2 24 0 0.32 0.0 0 6.4 10 150 M M 10 1 15 160
6 55 40 48 5 17 0 0.30 0.0 0 5.2 10 160 M M 9 1 13 160
7 63 49 56 13 9 0 0.41 0.0 0 2.5 9 340 M M 10 12 13 340
8 61 55 58 15 7 0 0.45 0.0 0 2.2 9 140 M M 10 1 13 110
9 56 46 51 9 14 0 0.11 0.0 0 4.3 12 140 M M 10 1 15 170
10 49 44 47 5 18 0 0.00 0.0 0 5.8 12 170 M M 10 1 13 130
11 50 44 47 5 18 0 T 0.0 0 3.5 8 330 M M 10 1 12 140
12 58 45 52 10 13 0 0.00 0.0 0 4.1 9 160 M M 6 13 150
13 46 37 42 0 23 0 0.00 0.0 0 5.7 10 150 M M 10 14 150
14 42 37 40 -2 25 0 0.76 0.0 0 7.3 13 200 M M 10 1 16 170
15 48 37 43 1 22 0 0.81 0.0 0 4.6 12 340 M M 9 1 15 180
16 50 31 41 0 24 0 0.00 0.0 0 6.1 17 300 M M 0 25 290
17 50 27 39 -2 26 0 0.00 0.0 0 4.3 17 330 M M 0 23 310
18 40 28 34 -7 31 0 0.00 0.0 0 9.3 21 340 M M 0 26 350
19 46 21 34 -7 31 0 0.00 0.0 0 3.4 13 330 M M 1 15 330
20 40 28 34 -7 31 0 0.00 0.0 0 2.3 10 180 M M 8 13 190
21 47 29 38 -2 27 0 T 0.0 0 5.3 14 180 M M 8 1 17 170
22 45 33 39 -1 26 0 0.14 0.0 0 5.2 17 170 M M 10 1 22 170
23 41 2 22 -18 43 0 0.10 0.0 0 15.0 33 300 M M 2 1 42 300
24 24 0 12 -28 53 0 0.00 0.0 0 13.9 26 330 M M 0 34 350
25 31 12 22 -18 43 0 0.00 0.0 0 12.2 21 320 M M 0 27 340
26 34 12 23 -17 42 0 0.00 0.0 0 3.8 15 340 M M 3 19 340
27 45 24 35 -5 30 0 0.00 0.0 0 4.6 14 340 M M 2 17 350
28 52 19 36 -4 29 0 0.00 0.0 0 2.0 12 160 M M 0 15 170
29 62 23 43 3 22 0 0.00 0.0 0 3.4 16 210 M M 1 20 210
30 53 28 41 2 24 0 0.03 0.0 0 2.9 9 180 M M 8 12 12 160
31 54 46 50 11 15 0 0.13 0.0 0 3.2 9 120 M M 10 12 14 110
================================================================================
SM 1508 968 768 0 3.59 0.0 176.8 M 171
================================================================================
AV 48.6 31.2 5.7 FASTST M M 6 MAX(MPH)
MISC ----> 33 300 42 300
================================================================================
NOTES:
# LAST OF SEVERAL OCCURRENCES
COLUMN 17 PEAK WIND IN M.P.H.
PRELIMINARY LOCAL CLIMATOLOGICAL DATA (WS FORM: F-6) , PAGE 2
STATION: ASHEVILLE NC
MONTH: DECEMBER
YEAR: 2022
LATITUDE: 35 25 N
LONGITUDE: 82 33 W
[TEMPERATURE DATA] [PRECIPITATION DATA] SYMBOLS USED IN COLUMN 16
AVERAGE MONTHLY: 39.9 TOTAL FOR MONTH: 3.59 1 = FOG OR MIST
DPTR FM NORMAL: -1.5 DPTR FM NORMAL: -0.59 2 = FOG REDUCING VISIBILITY
HIGHEST: 64 ON 3 GRTST 24HR 1.57 ON 14-15 TO 1/4 MILE OR LESS
LOWEST: 0 ON 24 3 = THUNDER
SNOW, ICE PELLETS, HAIL 4 = ICE PELLETS
TOTAL MONTH: 0.0 INCH 5 = HAIL
GRTST 24HR 0.0 6 = FREEZING RAIN OR DRIZZLE
GRTST DEPTH: 0 7 = DUSTSTORM OR SANDSTORM:
VSBY 1/2 MILE OR LESS
8 = SMOKE OR HAZE
[NO. OF DAYS WITH] [WEATHER - DAYS WITH] 9 = BLOWING SNOW
X = TORNADO
MAX 32 OR BELOW: 2 0.01 INCH OR MORE: 12
MAX 90 OR ABOVE: 0 0.10 INCH OR MORE: 10
MIN 32 OR BELOW: 16 0.50 INCH OR MORE: 2
MIN 0 OR BELOW: 1 1.00 INCH OR MORE: 0
[HDD (BASE 65) ]
TOTAL THIS MO. 768 CLEAR (SCALE 0-3) 13
DPTR FM NORMAL 36 PTCLDY (SCALE 4-7) 5
TOTAL FM JUL 1 1671 CLOUDY (SCALE 8-10) 13
DPTR FM NORMAL 150
[CDD (BASE 65) ]
TOTAL THIS MO. 0
DPTR FM NORMAL 0 [PRESSURE DATA]
TOTAL FM JAN 1 1022 HIGHEST SLP 30.52 ON 2
DPTR FM NORMAL -26 LOWEST SLP 29.50 ON 23
[REMARKS]
#FINAL-12-22#