000
CXUS52 KGSP 011031
CF6AVL
PRELIMINARY LOCAL CLIMATOLOGICAL DATA (WS FORM: F-6)
STATION: ASHEVILLE NC
MONTH: JUNE
YEAR: 2020
LATITUDE: 35 25 N
LONGITUDE: 82 33 W
TEMPERATURE IN F: :PCPN: SNOW: WIND :SUNSHINE: SKY :PK WND
================================================================================
1 2 3 4 5 6A 6B 7 8 9 10 11 12 13 14 15 16 17 18
12Z AVG MX 2MIN
DY MAX MIN AVG DEP HDD CDD WTR SNW DPTH SPD SPD DIR MIN PSBL S-S WX SPD DR
================================================================================
1 76 52 64 -3 1 0 0.00 0.0 0 4.6 14 180 M M 2 17 170
2 84 54 69 2 0 4 0.00 0.0 0 2.8 15 220 M M 2 18 220
3 86 64 75 7 0 10 T 0.0 0 6.4 17 330 M M 3 38 24 350
4 86 63 75 7 0 10 0.26 0.0 0 4.6 21 160 M M 2 13 27 170
5 84 65 75 7 0 10 0.29 0.0 0 4.0 20 340 M M 6 3 23 340
6 88 65 77 9 0 12 0.00 0.0 0 6.8 16 330 M M 0 20 360
7 91 62 77 8 0 12 0.00 0.0 0 5.2 14 160 M M 0 19 160
8 83 65 74 5 0 9 0.03 0.0 0 4.3 12 150 M M 4 1 17 160
9 87 71 79 10 0 14 T 0.0 0 6.5 17 180 M M 5 8 22 180
10 81 69 75 6 0 10 0.59 0.0 0 7.2 20 190 M M 7 138 29 210
11 79 66 73 3 0 8 0.02 0.0 0 10.6 22 330 M M 3 1 27 330
12 82 63 73 3 0 8 0.00 0.0 0 11.3 20 330 M M 3 25 330
13 80 56 68 -2 0 3 0.00 0.0 0 2.0 10 160 M M 5 14 130
14 75 57 66 -4 0 1 0.38 0.0 0 2.6 10 180 M M 5 13 16 160
15 71 57 64 -6 1 0 0.00 0.0 0 3.7 10 120 M M 9 17 130
16 60 56 58 -13 7 0 0.26 0.0 0 3.0 9 30 M M 10 1 16 80
17 71 57 64 -7 1 0 T 0.0 0 6.8 18 330 M M 10 1 23 330
18 73 60 67 -4 0 2 0.17 0.0 0 1.8 10 330 M M 10 1 13 330
19 78 58 68 -3 0 3 0.02 0.0 0 2.7 17 340 M M 3 13 23 340
20 84 58 71 -1 0 6 0.00 0.0 0 4.6 17 320 M M 3 12 23 310
21 86 62 74 2 0 9 0.30 0.0 0 3.1 25 230 M M 5 13 32 230
22 86 63 75 3 0 10 T 0.0 0 2.7 15 200 M M 5 138 23 200
23 81 62 72 0 0 7 0.02 0.0 0 4.7 18 340 M M 4 1 27 360
24 82 63 73 1 0 8 T 0.0 0 4.3 14 340 M M 3 18 320
25 84 64 74 2 0 9 T 0.0 0 6.0 17 330 M M 5 20 330
26 83 58 71 -1 0 6 T 0.0 0 2.6 14 210 M M 3 8 17 200
27 79 65 72 -1 0 7 0.01 0.0 0 5.6 14 340 M M 4 18 19 320
28 88 63 76 3 0 11 0.00 0.0 0 5.7 21 320 M M 2 38 29 320
29 86 67 77 4 0 12 0.05 0.0 0 7.6 14 340 M M 3 18 21 330
30 82 69 76 3 0 11 T 0.0 0 5.9 13 340 M M 4 38 15 330
================================================================================
SM 2436 1854 10 212 2.40 0.0 149.7 M 130
================================================================================
AV 81.2 61.8 5.0 FASTST M M 4 MAX(MPH)
MISC ----> 25 230 32 230
================================================================================
NOTES:
# LAST OF SEVERAL OCCURRENCES
COLUMN 17 PEAK WIND IN M.P.H.
PRELIMINARY LOCAL CLIMATOLOGICAL DATA (WS FORM: F-6) , PAGE 2
STATION: ASHEVILLE NC
MONTH: JUNE
YEAR: 2020
LATITUDE: 35 25 N
LONGITUDE: 82 33 W
[TEMPERATURE DATA] [PRECIPITATION DATA] SYMBOLS USED IN COLUMN 16
AVERAGE MONTHLY: 71.5 TOTAL FOR MONTH: 2.40 1 = FOG OR MIST
DPTR FM NORMAL: 1.0 DPTR FM NORMAL: -2.25 2 = FOG REDUCING VISIBILITY
HIGHEST: 91 ON 7 GRTST 24HR 0.61 ON 10-11 TO 1/4 MILE OR LESS
LOWEST: 52 ON 1 3 = THUNDER
SNOW, ICE PELLETS, HAIL 4 = ICE PELLETS
TOTAL MONTH: 0.0 INCH 5 = HAIL
GRTST 24HR 0.0 6 = FREEZING RAIN OR DRIZZLE
GRTST DEPTH: 0 7 = DUSTSTORM OR SANDSTORM:
VSBY 1/2 MILE OR LESS
8 = SMOKE OR HAZE
[NO. OF DAYS WITH] [WEATHER - DAYS WITH] 9 = BLOWING SNOW
X = TORNADO
MAX 32 OR BELOW: 0 0.01 INCH OR MORE: 13
MAX 90 OR ABOVE: 1 0.10 INCH OR MORE: 7
MIN 32 OR BELOW: 0 0.50 INCH OR MORE: 1
MIN 0 OR BELOW: 0 1.00 INCH OR MORE: 0
[HDD (BASE 65) ]
TOTAL THIS MO. 10 CLEAR (SCALE 0-3) 9
DPTR FM NORMAL -4 PTCLDY (SCALE 4-7) 17
TOTAL FM JUL 1 3376 CLOUDY (SCALE 8-10) 4
DPTR FM NORMAL -816
[CDD (BASE 65) ]
TOTAL THIS MO. 212
DPTR FM NORMAL 35 [PRESSURE DATA]
TOTAL FM JAN 1 280 HIGHEST SLP 30.28 ON 1
DPTR FM NORMAL 45 LOWEST SLP 29.79 ON 23
[REMARKS]
#FINAL-06-20#