000
CXUS51 KBGM 021722 CCA
CF6AVP
PRELIMINARY LOCAL CLIMATOLOGICAL DATA (WS FORM: F-6)
STATION: AVOCA PA
MONTH: MAY
YEAR: 2022
LATITUDE: 41 19 N
LONGITUDE: 75 44 W
TEMPERATURE IN F: :PCPN: SNOW: WIND :SUNSHINE: SKY :PK WND
================================================================================
1 2 3 4 5 6A 6B 7 8 9 10 11 12 13 14 15 16 17 18
12Z AVG MX 2MIN
DY MAX MIN AVG DEP HDD CDD WTR SNW DPTH SPD SPD DIR MIN PSBL S-S WX SPD DR
================================================================================
1 73 37 55 -1 10 0 T 0.0 M 5.1 18 250 M M 4 26 210
2 64 52 58 1 7 0 0.09 0.0 M 4.5 14 50 M M 9 18 16 40
3 74 46 60 3 5 0 0.05 0.0 M 5.1 13 140 M M 1 1 21 150
4 66 51 59 1 6 0 0.27 0.0 M 5.8 17 350 M M 10 18 24 350
5 71 50 61 3 4 0 0.00 0.0 M 5.8 14 320 M M 1 21 310
6 59 50 55 -3 10 0 0.89 0.0 M 4.8 10 50 M M 9 1 14 50
7 52 43 48 -10 17 0 0.81 0.0 M 9.1 16 50 M M 10 1 23 60
8 65 43 54 -5 11 0 0.00 0.0 M 9.1 21 50 M M 1 28 60
9 75 39 57 -2 8 0 0.00 0.0 M 7.2 21 60 M M 0 8 28 40
10 78 39 59 0 6 0 0.00 0.0 M 7.0 15 50 M M 0 8 22 60
11 82 46 64 4 1 0 0.00 0.0 M 6.6 16 50 M M 0 8 29 30
12 83 54 69 9 0 4 0.00 0.0 M 4.5 13 120 M M 1 20 120
13 82 60 71 11 0 6 0.03 0.0 M 4.6 13 140 M M 8 8 24 150
14 79 64 72 12 0 7 0.06 0.0 M 3.3 15 180 M M 7 1 23 190
15 83 62 73 12 0 8 T 0.0 M 5.3 17 350 M M 5 3 23 350
16 81 54 68 7 0 3 0.12 0.0 M 7.2 28 270 M M 4 138 40 260
17 73 50 62 1 3 0 0.00 0.0 M 10.4 24 260 M M 3 8 34 350
18 70 48 59 -3 6 0 0.09 0.0 M 4.4 13 310 M M 3 18 19 290
19 75 54 65 3 0 0 0.17 0.0 M 5.1 22 250 M M 5 18 25 240
20 83 55 69 7 0 4 0.67 0.0 M 5.3 29 230 M M 3 13 38 220
21 90 62 76 14 0 11 0.00 0.0 M 5.7 18 260 M M 3 128 25 270
22 89 58 74 12 0 9 0.54 0.0 M 7.3 26 350 M M 3 13 33 350
23 68 53 61 -2 4 0 0.00 0.0 M 6.9 16 30 M M 3 23 340
24 66 54 60 -3 5 0 0.00 0.0 M 3.9 12 60 M M 8 15 70
25 76 50 63 0 2 0 0.00 0.0 M 4.2 10 180 M M 3 17 180
26 72 57 65 1 0 0 0.00 0.0 M 6.3 17 220 M M 10 25 200
27 74 66 70 6 0 5 T 0.0 M 5.5 16 190 M M 8 1 25 200
28 72 56 64 0 1 0 0.35 0.0 M 5.4 18 240 M M 7 13 22 260
29 79 51 65 1 0 0 0.00 0.0 M 3.8 10 260 M M 1 12 13 260
30 87 57 72 7 0 7 0.00 0.0 M 5.4 14 240 M M 0 18 240
31 92 67 80 15 0 15 T 0.0 M 5.2 17 300 M M 2 8 22 340
================================================================================
SM 2333 1628 106 79 4.14 0.0 179.8 M 132
================================================================================
AV 75.3 52.5 5.8 FASTST M M 4 MAX(MPH)
MISC ----> 29 230 40 260
================================================================================
NOTES:
# LAST OF SEVERAL OCCURRENCES
COLUMN 17 PEAK WIND IN M.P.H.
PRELIMINARY LOCAL CLIMATOLOGICAL DATA (WS FORM: F-6) , PAGE 2
STATION: AVOCA PA
MONTH: MAY
YEAR: 2022
LATITUDE: 41 19 N
LONGITUDE: 75 44 W
[TEMPERATURE DATA] [PRECIPITATION DATA] SYMBOLS USED IN COLUMN 16
AVERAGE MONTHLY: 63.9 TOTAL FOR MONTH: 4.14 1 = FOG OR MIST
DPTR FM NORMAL: 3.0 DPTR FM NORMAL: 0.88 2 = FOG REDUCING VISIBILITY
HIGHEST: 92 ON 31 GRTST 24HR 1.36 ON 6- 7 TO 1/4 MILE OR LESS
LOWEST: 37 ON 1 3 = THUNDER
SNOW, ICE PELLETS, HAIL 4 = ICE PELLETS
TOTAL MONTH: 0.0 INCH 5 = HAIL
GRTST 24HR 0.0 6 = FREEZING RAIN OR DRIZZLE
GRTST DEPTH: M ON M 7 = DUSTSTORM OR SANDSTORM:
VSBY 1/2 MILE OR LESS
8 = SMOKE OR HAZE
[NO. OF DAYS WITH] [WEATHER - DAYS WITH] 9 = BLOWING SNOW
X = TORNADO
MAX 32 OR BELOW: 0 0.01 INCH OR MORE: 13
MAX 90 OR ABOVE: 2 0.10 INCH OR MORE: 8
MIN 32 OR BELOW: 0 0.50 INCH OR MORE: 4
MIN 0 OR BELOW: 0 1.00 INCH OR MORE: 0
[HDD (BASE 65) ]
TOTAL THIS MO. 106 CLEAR (SCALE 0-3) 15
DPTR FM NORMAL -71 PTCLDY (SCALE 4-7) 10
TOTAL FM JUL 1 5162 CLOUDY (SCALE 8-10) 6
DPTR FM NORMAL -546
[CDD (BASE 65) ]
TOTAL THIS MO. 79
DPTR FM NORMAL 29 [PRESSURE DATA]
TOTAL FM JAN 1 79 HIGHEST SLP 30.41 ON 10
DPTR FM NORMAL 21 LOWEST SLP 29.52 ON 16
[REMARKS]
#FINAL-05-22#
CORRECTED WINDS ON DAY 30 WHICH CHANGED THE TOTAL AVERAGE WIND
SPEED FOR MONTH BUT NOT THE AVERAGE
9TH WARMEST MAY
TAC