000
CXUS51 KBGM 011615
CLSAVP
CLIMATE REPORT
NATIONAL WEATHER SERVICE BINGHAMTON NY
1153 AM EDT MON JUN 1 2020
...................................
...THE AVOCA PA CLIMATE SUMMARY FOR THE SEASON, FROM
3/1/2020 TO 5/31/2020...
CLIMATE NORMAL PERIOD 1981 TO 2010
CLIMATE RECORD PERIOD 1901 TO 2020
WEATHER OBSERVED NORMAL DEPART LAST YEAR`S
VALUE DATE(S) VALUE FROM VALUE DATE(S)
NORMAL
................................................................
TEMPERATURE (F)
RECORD
HIGH 97 05/30/1895
LOW -4 03/19/1967
HIGHEST 93 05/26 58 35 87 05/19
LOWEST 22 03/22 38 -16 7 03/07
03/01
03/08
AVG. MAXIMUM 60.0 58.3 1.7 60.4
AVG. MINIMUM 40.3 37.8 2.5 40.4
MEAN 50.2 48.1 2.1 50.4
DAYS MAX >= 90 1 0.3 0.7 0
DAYS MAX <= 32 0 2.9 -2.9 4
DAYS MIN <= 32 23 28.6 -5.6 30
DAYS MIN <= 0 0 0.0 0.0 0
PRECIPITATION (INCHES)
RECORD
MAXIMUM 16.12 1983
MINIMUM 4.89 1995
TOTALS 8.72 9.40 -0.68 12.85
DAILY AVG. 0.09 0.10 -0.01 0.14
DAYS >= .01 36 37.3 -1.3 44
DAYS >= .10 22 21.6 0.4 30
DAYS >= .50 4 5.9 -1.9 11
DAYS >= 1.00 1 1.7 -0.7 2
GREATEST
24 HR. TOTAL 1.02 04/30 TO 04/30
SNOWFALL (INCHES)
RECORDS
TOTAL 34.9 1967
24 HR TOTAL 22.1 03/14/2017 TO 03/14/2017
TOTALS MM 12.3 MM 5.8
SINCE 7/1 21.7 46.2 -24.5 32.5
DAYS >= TRACE 9 6.7 2.3 13
DAYS >= 1.0 0 2.9 -2.9 3
GREATEST
24 HR TOTAL MM
DEGREE_DAYS
HEATING TOTAL 1403 1595 -192 1377
SINCE 7/1 5295 6201 -906 5739
COOLING TOTAL 67 37 30 50
SINCE 1/1 67 37 30 50
FREEZE DATES
RECORD
EARLIEST 09/21/1956
LATEST 05/25/1956
EARLIEST 10/15
LATEST 04/26
.................................................................
WIND (MPH)
AVERAGE WIND SPEED 7.3
RESULTANT WIND SPEED/DIRECTION 2/306
HIGHEST WIND SPEED/DIRECTION 36/150 DATE 04/13
HIGHEST GUST SPEED/DIRECTION 64/150 DATE 04/13
SKY COVER
POSSIBLE SUNSHINE (PERCENT) MM
AVERAGE SKY COVER 0.60
NUMBER OF DAYS FAIR 24
NUMBER OF DAYS PC 40
NUMBER OF DAYS CLOUDY 28
AVERAGE RH (PERCENT) 58
WEATHER CONDITIONS. NUMBER OF DAYS WITH
THUNDERSTORM 5 MIXED PRECIP 0
HEAVY RAIN 10 RAIN 21
LIGHT RAIN 54 FREEZING RAIN 0
LT FREEZING RAIN 0 HAIL 0
HEAVY SNOW 0 SNOW 2
LIGHT SNOW 13 SLEET 0
FOG 31 FOG W/VIS <= 1/4 MILE 2
HAZE 7
- INDICATES NEGATIVE NUMBERS.
R INDICATES RECORD WAS SET OR TIED.
MM INDICATES DATA IS MISSING.
T INDICATES TRACE AMOUNT.
$$