000
CXUS54 KEWX 011010
CF6BAZ
PRELIMINARY LOCAL CLIMATOLOGICAL DATA (WS FORM: F-6)
STATION: NEW BRAUNFELS
MONTH: AUGUST
YEAR: 2022
LATITUDE: 29 43 N
LONGITUDE: 98 3 W
TEMPERATURE IN F: :PCPN: SNOW: WIND :SUNSHINE: SKY :PK WND
================================================================================
1 2 3 4 5 6A 6B 7 8 9 10 11 12 13 14 15 16 17 18
12Z AVG MX 2MIN
DY MAX MIN AVG DEP HDD CDD WTR SNW DPTH SPD SPD DIR MIN PSBL S-S WX SPD DR
================================================================================
1 101 73 87 1 0 22 0.00 M M 9.6 24 160 M M 2 32 160
2 103 75 89 3 0 24 0.00 M M 13.8 28 150 M M 1 35 150
3 103 76 90 4 0 25 0.00 M M 14.7 28 150 M M 3 36 170
4 104 77 91 5 0 26 0.00 M M 13.4 24 150 M M 3 32 190
5 102 77 90 4 0 25 0.00 M M 9.1 25 160 M M 2 18 30 160
6 97 79 88 2 0 23 T M M 10.3 23 150 M M 4 3 30 170
7 101 75 88 2 0 23 0.00 M M 9.7 32 160 M M 4 138 41 150
8 99 75 87 1 0 22 0.01 M M 5.2 23 180 M M 4 3 29 190
9 100 73 87 1 0 22 0.00 M M 6.4 21 150 M M 2 27 150
10 102 75 89 3 0 24 0.00 M M 8.2 30 40 M M 1 3 39 50
11 102 76 89 3 0 24 T 0.0 M 5.4 21 40 M M 2 3 26 30
12 102 73 88 2 0 23 0.00 0.0 M 5.9 24 110 M M 2 29 100
13 103 75 89 3 0 24 T M M 7.8 28 80 M M 2 36 70
14 91 75 83 -3 0 18 0.03 M M 9.5 25 150 M M 4 3 31 150
15 96 75 86 0 0 21 0.20 M M 8.3 17 170 M M 5 1 28 190
16 100 73 87 1 0 22 M M M 6.8 17 140 M M 4 1 24 140
17 100 75 88 3 0 23 0.00 0.0 M 7.5 16 190 M M 2 21 190
18 100 74 87 2 0 22 0.00 M M 7.4 29 20 M M 1 40 40
19 98 75 87 2 0 22 0.00 M M 6.8 25 120 M M 3 30 130
20 100 77 89 4 0 24 0.00 M M 10.6 24 160 M M 5 31 160
21 93 76 85 0 0 20 0.01 M M 10.2 23 150 M M 7 1 30 170
22 98 75 87 2 0 22 0.22 M M 10.1 28 350 M M 6 3 36 350
23 88 75 82 -3 0 17 0.09 M M 2.5 9 210 M M 7 1 10 210
24 88 78 83 -2 0 18 0.08 M M 3.7 16 160 M M 8 3 20 170
25 96 75 86 2 0 21 0.00 0.0 0 5.9 14 80 M M 3 25 360
26 96 73 85 1 0 20 T 0.0 0 6.4 17 150 M M 2 23 160
27 99 75 87 3 0 22 0.00 M M 8.3 24 160 M M 3 30 170
28 99 74 87 3 0 22 0.00 M M 9.4 20 150 M M 4 1 26 180
29 100 76 88 4 0 23 T M M 6.1 36 130 M M 5 3 45 120
30 88 74 81 -3 0 16 0.33 0.0 0 5.2 22 160 M M 8 13 26 170
31 95 75 85 2 0 20 0.03 0.0 0 5.9 22 130 M M 5 3 27 140
================================================================================
SM 3044 2329 0 680 1.00 0.0 250.1 M 114
================================================================================
AV 98.2 75.1 8.1 FASTST M M 4 MAX(MPH)
MISC ----> 36 130 45 120
================================================================================
NOTES:
# LAST OF SEVERAL OCCURRENCES
COLUMN 17 PEAK WIND IN M.P.H.
PRELIMINARY LOCAL CLIMATOLOGICAL DATA (WS FORM: F-6) , PAGE 2
STATION: NEW BRAUNFELS
MONTH: AUGUST
YEAR: 2022
LATITUDE: 29 43 N
LONGITUDE: 98 3 W
[TEMPERATURE DATA] [PRECIPITATION DATA] SYMBOLS USED IN COLUMN 16
AVERAGE MONTHLY: 86.7 TOTAL FOR MONTH: 1.00 1 = FOG OR MIST
DPTR FM NORMAL: 1.6 DPTR FM NORMAL: -1.01 2 = FOG REDUCING VISIBILITY
HIGHEST: 104 ON 4 GRTST 24HR 0.33 ON 30-30 TO 1/4 MILE OR LESS
LOWEST: 73 ON 26,16 3 = THUNDER
SNOW, ICE PELLETS, HAIL 4 = ICE PELLETS
TOTAL MONTH: 0.0 INCH 5 = HAIL
GRTST 24HR 0.0 6 = FREEZING RAIN OR DRIZZLE
GRTST DEPTH: 0 7 = DUSTSTORM OR SANDSTORM:
VSBY 1/2 MILE OR LESS
8 = SMOKE OR HAZE
[NO. OF DAYS WITH] [WEATHER - DAYS WITH] 9 = BLOWING SNOW
X = TORNADO
MAX 32 OR BELOW: 0 0.01 INCH OR MORE: 9
MAX 90 OR ABOVE: 28 0.10 INCH OR MORE: 3
MIN 32 OR BELOW: 0 0.50 INCH OR MORE: 0
MIN 0 OR BELOW: 0 1.00 INCH OR MORE: 0
[HDD (BASE 65) ]
TOTAL THIS MO. 0 CLEAR (SCALE 0-3) 15
DPTR FM NORMAL 0 PTCLDY (SCALE 4-7) 16
TOTAL FM JUL 1 0 CLOUDY (SCALE 8-10) 0
DPTR FM NORMAL 0
[CDD (BASE 65) ]
TOTAL THIS MO. 680
DPTR FM NORMAL 57 [PRESSURE DATA]
TOTAL FM JAN 1 2961 HIGHEST SLP 30.09 ON 7
DPTR FM NORMAL 565 LOWEST SLP 29.72 ON 28
[REMARKS]
#FINAL-08-22#