000
CXUS55 KLBF 011410
CF6BBW
PRELIMINARY LOCAL CLIMATOLOGICAL DATA (WS FORM: F-6)
STATION: BROKEN BOW
MONTH: MARCH
YEAR: 2022
LATITUDE: 41 26 N
LONGITUDE: 99 39 W
TEMPERATURE IN F: :PCPN: SNOW: WIND :SUNSHINE: SKY :PK WND
================================================================================
1 2 3 4 5 6A 6B 7 8 9 10 11 12 13 14 15 16 17 18
12Z AVG MX 2MIN
DY MAX MIN AVG DEP HDD CDD WTR SNW DPTH SPD SPD DIR MIN PSBL S-S WX SPD DR
================================================================================
1 75 37 56 23 9 0 0.00 M M 8.8 22 290 M M 0 29 280
2 75 33 54 20 11 0 0.00 M M 6.6 22 60 M M 0 29 50
3 49 28 39 5 26 0 0.00 M M 11.4 20 110 M M 6 1 31 120
4 57 29 43 8 22 0 0.00 M M 9.3 23 360 M M 2 30 350
5 39 20 30 -5 35 0 0.13 M M 20.5 33 350 M M 8 136 42 350
6 24 10 17 -19 48 0 T M M 15.0 25 340 M M 7 33 340
7 31 10 21 -15 44 0 T M M 9.8 25 340 M M 2 32 340
8 41 11 26 -10 39 0 T M M 10.3 28 350 M M 2 35 350
9 23 12 18 -19 47 0 0.01 M M 9.1 20 360 M M 10 1 28 10
10 22 7 15 -22 50 0 0.00 M M 6.5 17 240 M M 5 21 250
11 25 -1 12 -26 53 0 0.00 M M 11.5 22 310 M M 2 29 310
12 53 -2 26 -12 39 0 0.00 M M 9.2 22 240 M M 2 27 200
13 67 24 46 8 19 0 0.00 M M 5.2 17 180 M M 0 23 210
14 50 21 36 -3 29 0 0.00 M M 18.0 38 340 M M 2 53 340
15 69 19 44 5 21 0 0.00 M M 11.1 28 200 M M 0 34 180
16 68 34 51 11 14 0 0.00 M M 10.7 25 360 M M 2 33 340
17 50 33 42 2 23 0 T M M 14.3 28 360 M M 7 41 360
18 59 20 40 -1 25 0 0.00 M M 8.5 22 340 M M 0 29 340
19 67 19 43 2 22 0 0.00 M M 5.2 21 320 M M 1 29 300
20 75 24 50 9 15 0 0.00 M M 8.4 26 180 M M 0 33 170
21 55 37 46 4 19 0 0.02 M M 18.4 37 340 M M 5 45 330
22 54 36 45 3 20 0 0.00 M M 24.2 43 350 M M 4 57 360
23 50 29 40 -2 25 0 T M M 24.0 38 350 M M 3 52 350
24 67 18 43 0 22 0 0.00 M M 8.8 21 340 M M 2 28 340
25 58 24 41 -2 24 0 0.00 M M 16.1 31 330 M M 3 45 320
26 53 20 37 -6 28 0 0.00 M M 7.8 15 50 M M 0 20 70
27 51 26 39 -5 26 0 0.00 M M 10.4 21 140 M M 2 30 110
28 61 23 42 -2 23 0 0.00 M M 14.6 26 150 M M 0 35 130
29 65 34 50 6 15 0 0.03 M M 17.8 41 330 M M 5 57 340
30 34 27 31 -13 34 0 0.02 M M 25.4 43 330 M M 10 1 58 330
31 53 22 38 -7 27 0 0.00 M M 9.4 25 340 M M 4 35 320
================================================================================
SM 1620 684 854 0 0.21 M 386.3 M 96
================================================================================
AV 52.3 22.1 12.5 FASTST M M 3 MAX(MPH)
MISC ----> # 43 350 58 330
================================================================================
NOTES:
# LAST OF SEVERAL OCCURRENCES
COLUMN 17 PEAK WIND IN M.P.H.
PRELIMINARY LOCAL CLIMATOLOGICAL DATA (WS FORM: F-6) , PAGE 2
STATION: BROKEN BOW
MONTH: MARCH
YEAR: 2022
LATITUDE: 41 26 N
LONGITUDE: 99 39 W
[TEMPERATURE DATA] [PRECIPITATION DATA] SYMBOLS USED IN COLUMN 16
AVERAGE MONTHLY: 37.2 TOTAL FOR MONTH: 0.21 1 = FOG OR MIST
DPTR FM NORMAL: -2.3 DPTR FM NORMAL: -0.95 2 = FOG REDUCING VISIBILITY
HIGHEST: 75 ON 20, 1 GRTST 24HR 0.13 ON 5- 5 TO 1/4 MILE OR LESS
LOWEST: -2 ON 12 3 = THUNDER
SNOW, ICE PELLETS, HAIL 4 = ICE PELLETS
TOTAL MONTH: M 5 = HAIL
GRTST 24HR M ON M 6 = FREEZING RAIN OR DRIZZLE
GRTST DEPTH: M ON M 7 = DUSTSTORM OR SANDSTORM:
VSBY 1/2 MILE OR LESS
8 = SMOKE OR HAZE
[NO. OF DAYS WITH] [WEATHER - DAYS WITH] 9 = BLOWING SNOW
X = TORNADO
MAX 32 OR BELOW: 5 0.01 INCH OR MORE: 5
MAX 90 OR ABOVE: 0 0.10 INCH OR MORE: 1
MIN 32 OR BELOW: 24 0.50 INCH OR MORE: 0
MIN 0 OR BELOW: 2 1.00 INCH OR MORE: 0
[HDD (BASE 65) ]
TOTAL THIS MO. 854 CLEAR (SCALE 0-3) 20
DPTR FM NORMAL 63 PTCLDY (SCALE 4-7) 8
TOTAL FM JUL 1 5105 CLOUDY (SCALE 8-10) 3
DPTR FM NORMAL -427
[CDD (BASE 65) ]
TOTAL THIS MO. 0
DPTR FM NORMAL -1 [PRESSURE DATA]
TOTAL FM JAN 1 0 HIGHEST SLP 30.43 ON 11
DPTR FM NORMAL -1 LOWEST SLP 29.22 ON 29
[REMARKS]
#FINAL-03-22#