000
CXUS55 KLBF 011510
CF6BBW
PRELIMINARY LOCAL CLIMATOLOGICAL DATA (WS FORM: F-6)
STATION: BROKEN BOW
MONTH: JANUARY
YEAR: 2022
LATITUDE: 41 26 N
LONGITUDE: 99 39 W
TEMPERATURE IN F: :PCPN: SNOW: WIND :SUNSHINE: SKY :PK WND
================================================================================
1 2 3 4 5 6A 6B 7 8 9 10 11 12 13 14 15 16 17 18
12Z AVG MX 2MIN
DY MAX MIN AVG DEP HDD CDD WTR SNW DPTH SPD SPD DIR MIN PSBL S-S WX SPD DR
================================================================================
1 7 -14 -3 -30 68 0 T M M 12.7 25 350 M M 6 34 350
2 31 -17 7 -20 58 0 0.00 M M 4.6 13 250 M M 0 17 260
3 49 13 31 4 34 0 0.00 M M 6.9 16 240 M M 0 21 220
4 56 11 34 7 31 0 0.00 M M 18.3 38 340 M M 1 52 330
5 11 -1 5 -22 60 0 0.00 M M 18.3 26 320 M M 5 39 320
6 11 -5 3 -24 62 0 T M M 10.7 23 330 M M 4 28 340
7 21 4 13 -14 52 0 0.00 M M 17.4 24 180 M M 1 32 180
8 50 16 33 6 32 0 0.00 M M 12.9 35 350 M M 1 48 350
9 40 0 20 -7 45 0 0.00 M M 8.7 23 240 M M 0 30 220
10 55 18 37 10 28 0 0.00 M M 4.3 17 300 M M 0 21 300
11 58 20 39 12 26 0 0.00 M M 10.2 32 330 M M 0 8 40 340
12 60 28 44 17 21 0 0.00 M M 11.0 18 280 M M 1 26 280
13 59 32 46 19 19 0 0.00 M M 8.7 21 300 M M 3 28 310
14 42 17 30 3 35 0 0.01 M M 23.0 44 330 M M 7 60 320
15 34 7 21 -6 44 0 T M M 11.4 31 340 M M 1 43 330
16 52 25 39 13 26 0 0.00 M M 13.7 28 330 M M 1 37 330
17 62 19 41 15 24 0 0.00 M M 5.9 18 250 M M 0 24 260
18 62 25 44 18 21 0 T M M 12.6 28 350 M M 2 38 360
19 25 -9 8 -18 57 0 T M M 15.9 28 350 M M 6 37 340
20 19 -13 3 -23 62 0 0.00 M M 6.5 15 170 M M 4 22 180
21 34 8 21 -5 44 0 T M M 10.4 24 200 M M 4 31 190
22 50 15 33 7 32 0 0.00 M M 11.9 28 240 M M 2 39 240
23 55 33 44 18 21 0 0.00 M M 11.3 22 280 M M 9 32 280
24 45 18 32 6 33 0 T M M 12.3 28 330 M M 6 38 330
25 21 12 17 -9 48 0 0.01 M M 3.9 10 190 M M 10 12 190
26 40 20 30 4 35 0 0.00 M M 14.0 23 200 M M 5 31 200
27 39 21 30 4 35 0 T M M 10.0 30 340 M M 5 38 340
28 51 8 30 4 35 0 0.00 M M 4.7 17 300 M M 5 23 290
29 61 20 41 15 24 0 0.00 M M 14.5 29 310 M M 0 39 300
30 60 10 35 9 30 0 0.00 M M 5.4 22 240 M M 0 28 240
31 62 16 39 13 26 0 0.00 M M 7.1 24 190 M M 0 31 200
================================================================================
SM 1322 357 1168 0 0.02 M 339.2 M 89
================================================================================
AV 42.6 11.5 10.9 FASTST M M 3 MAX(MPH)
MISC ----> 44 330 60 320
================================================================================
NOTES:
# LAST OF SEVERAL OCCURRENCES
COLUMN 17 PEAK WIND IN M.P.H.
PRELIMINARY LOCAL CLIMATOLOGICAL DATA (WS FORM: F-6) , PAGE 2
STATION: BROKEN BOW
MONTH: JANUARY
YEAR: 2022
LATITUDE: 41 26 N
LONGITUDE: 99 39 W
[TEMPERATURE DATA] [PRECIPITATION DATA] SYMBOLS USED IN COLUMN 16
AVERAGE MONTHLY: 27.1 TOTAL FOR MONTH: 0.02 1 = FOG OR MIST
DPTR FM NORMAL: 0.6 DPTR FM NORMAL: -0.33 2 = FOG REDUCING VISIBILITY
HIGHEST: 62 ON 31,18 GRTST 24HR 0.08 ON 31- 1 TO 1/4 MILE OR LESS
LOWEST: -17 ON 2 3 = THUNDER
SNOW, ICE PELLETS, HAIL 4 = ICE PELLETS
TOTAL MONTH: M 5 = HAIL
GRTST 24HR M ON M 6 = FREEZING RAIN OR DRIZZLE
GRTST DEPTH: M ON M 7 = DUSTSTORM OR SANDSTORM:
VSBY 1/2 MILE OR LESS
8 = SMOKE OR HAZE
[NO. OF DAYS WITH] [WEATHER - DAYS WITH] 9 = BLOWING SNOW
X = TORNADO
MAX 32 OR BELOW: 8 0.01 INCH OR MORE: 2
MAX 90 OR ABOVE: 0 0.10 INCH OR MORE: 0
MIN 32 OR BELOW: 30 0.50 INCH OR MORE: 0
MIN 0 OR BELOW: 7 1.00 INCH OR MORE: 0
[HDD (BASE 65) ]
TOTAL THIS MO. 1168 CLEAR (SCALE 0-3) 18
DPTR FM NORMAL -24 PTCLDY (SCALE 4-7) 11
TOTAL FM JUL 1 3214 CLOUDY (SCALE 8-10) 2
DPTR FM NORMAL -512
[CDD (BASE 65) ]
TOTAL THIS MO. 0
DPTR FM NORMAL 0 [PRESSURE DATA]
TOTAL FM JAN 1 0 HIGHEST SLP 30.78 ON 20
DPTR FM NORMAL 0 LOWEST SLP 29.52 ON 4
[REMARKS]
#FINAL-01-22#