000
CXUS51 KBOX 010810
CF6BDL
PRELIMINARY LOCAL CLIMATOLOGICAL DATA (WS FORM: F-6)
STATION: HARTFORD CT
MONTH: MARCH
YEAR: 2022
LATITUDE: 41 55 N
LONGITUDE: 72 41 W
TEMPERATURE IN F: :PCPN: SNOW: WIND :SUNSHINE: SKY :PK WND
================================================================================
1 2 3 4 5 6A 6B 7 8 9 10 11 12 13 14 15 16 17 18
12Z AVG MX 2MIN
DY MAX MIN AVG DEP HDD CDD WTR SNW DPTH SPD SPD DIR MIN PSBL S-S WX SPD DR
================================================================================
1 40 16 28 -5 37 0 0.08 0.0 4 5.5 21 180 M M 9 27 180
2 43 29 36 3 29 0 0.00 0.0 3 7.0 18 310 M M 6 1 24 300
3 38 20 29 -5 36 0 0.09 0.0 3 14.2 26 310 M M 5 1 35 290
4 36 14 25 -9 40 0 0.00 0.0 2 7.0 16 240 M M 1 21 240
5 45 18 32 -2 33 0 0.00 0.0 2 5.4 15 190 M M 7 19 220
6 65 35 50 15 15 0 0.05 0.0 1 8.6 18 190 M M 8 1 25 210
7 58 44 51 16 14 0 0.25 0.0 0 7.2 33 330 M M 10 1 40 320
8 44 30 37 2 28 0 0.00 0.0 0 15.8 37 310 M M 5 49 310
9 34 28 31 -4 34 0 0.36 4.1 0 4.6 10 360 M M 10 1 15 10
10 50 24 37 1 28 0 0.00 0.0 4 3.3 9 170 M M 6 1 11 130
11 56 25 41 5 24 0 0.00 0.0 0 5.9 18 160 M M 5 24 190
12 42 21 32 -4 33 0 0.28 1.1 0 12.9 35 310 M M 10 1248 44 290
13 36 20 28 -9 37 0 T T 1 17.1 37 290 M M 3 48 280
14 54 27 41 4 24 0 0.00 0.0 0 9.1 18 260 M M 5 23 260
15 66 40 53 16 12 0 0.04 0.0 0 6.9 18 310 M M 8 1 22 360
16 62 40 51 13 14 0 0.00 0.0 0 5.1 18 190 M M 5 12 22 200
17 51 40 46 8 19 0 0.07 0.0 0 4.1 10 30 M M 10 12 12 30
18 76 41 59 21 6 0 0.00 0.0 0 5.0 16 170 M M 6 12 20 170
19 60 50 55 16 10 0 0.18 0.0 0 4.2 10 130 M M 10 13 13 190
20 62 42 52 13 13 0 T 0.0 0 9.8 26 320 M M 9 12 35 320
21 60 37 49 10 16 0 0.00 0.0 0 15.1 31 310 M M 4 43 300
22 54 34 44 4 21 0 0.00 0.0 0 11.7 29 310 M M 3 36 300
23 48 26 37 -3 28 0 0.17 0.0 0 5.7 18 30 M M 7 23 30
24 43 36 40 0 25 0 0.71 0.0 0 9.1 15 10 M M 10 1 18 30
25 60 40 50 9 15 0 0.28 0.0 0 8.3 22 240 M M 8 1 27 240
26 55 41 48 7 17 0 0.07 0.0 0 5.6 16 310 M M 8 20 270
27 49 26 38 -3 27 0 0.00 0.0 0 13.7 28 300 M M 7 36 310
28 31 20 26 -16 39 0 T T 0 19.6 31 310 M M 7 40 320
29 39 18 29 -13 36 0 0.00 0.0 0 14.1 26 300 M M 3 34 310
30 48 24 36 -7 29 0 0.00 0.0 0 7.9 15 190 M M 6 19 180
31 63 37 50 7 15 0 0.54 0.0 0 8.4 29 240 M M 10 128 40 190
================================================================================
SM 1568 943 754 0 3.17 5.2 277.9 M 211
================================================================================
AV 50.6 30.4 9.0 FASTST M M 7 MAX(MPH)
MISC ----> # 37 310 49 310
================================================================================
NOTES:
# LAST OF SEVERAL OCCURRENCES
COLUMN 17 PEAK WIND IN M.P.H.
PRELIMINARY LOCAL CLIMATOLOGICAL DATA (WS FORM: F-6) , PAGE 2
STATION: HARTFORD CT
MONTH: MARCH
YEAR: 2022
LATITUDE: 41 55 N
LONGITUDE: 72 41 W
[TEMPERATURE DATA] [PRECIPITATION DATA] SYMBOLS USED IN COLUMN 16
AVERAGE MONTHLY: 40.5 TOTAL FOR MONTH: 3.17 1 = FOG OR MIST
DPTR FM NORMAL: 2.7 DPTR FM NORMAL: -0.64 2 = FOG REDUCING VISIBILITY
HIGHEST: 76 ON 18 GRTST 24HR 0.84 ON 24-25 TO 1/4 MILE OR LESS
LOWEST: 14 ON 4 3 = THUNDER
SNOW, ICE PELLETS, HAIL 4 = ICE PELLETS
TOTAL MONTH: 5.2 INCHES 5 = HAIL
GRTST 24HR 4.1 ON 9- 9 6 = FREEZING RAIN OR DRIZZLE
GRTST DEPTH: 4 ON 10, 1 7 = DUSTSTORM OR SANDSTORM:
VSBY 1/2 MILE OR LESS
8 = SMOKE OR HAZE
[NO. OF DAYS WITH] [WEATHER - DAYS WITH] 9 = BLOWING SNOW
X = TORNADO
MAX 32 OR BELOW: 1 0.01 INCH OR MORE: 14
MAX 90 OR ABOVE: 0 0.10 INCH OR MORE: 8
MIN 32 OR BELOW: 17 0.50 INCH OR MORE: 2
MIN 0 OR BELOW: 0 1.00 INCH OR MORE: 0
[HDD (BASE 65) ]
TOTAL THIS MO. 754 CLEAR (SCALE 0-3) 2
DPTR FM NORMAL -91 PTCLDY (SCALE 4-7) 19
TOTAL FM JUL 1 4737 CLOUDY (SCALE 8-10) 10
DPTR FM NORMAL -444
[CDD (BASE 65) ]
TOTAL THIS MO. 0
DPTR FM NORMAL 0 [PRESSURE DATA]
TOTAL FM JAN 1 0 HIGHEST SLP 30.56 ON 4
DPTR FM NORMAL 0 LOWEST SLP 29.17 ON 12
[REMARKS]
#FINAL-03-22#