000
CXUS51 KBOX 010755
CLMBDL
CLIMATE REPORT
NATIONAL WEATHER SERVICE BOSTON/NORTON MA
255 AM EST FRI MAR 01 2024
...................................
...THE HARTFORD CT CLIMATE SUMMARY FOR THE MONTH OF FEBRUARY 2024...
CLIMATE NORMAL PERIOD 1991 TO 2020
CLIMATE RECORD PERIOD 1904 TO 2024
WEATHER OBSERVED NORMAL DEPART LAST YEAR`S
VALUE DATE(S) VALUE FROM VALUE
NORMAL
..............................................................
TEMPERATURE (F)
RECORD
HIGH 77 02/21/2018
LOW -24 02/16/1943
HIGHEST 62 02/10 63
02/27
LOWEST 14 02/20 -9
AVG. MAXIMUM 43.8 38.5 5.3
AVG. MINIMUM 25.2 20.7 4.5
MEAN 34.5 29.6 4.9
DAYS MAX >= 90 0 0.0 0.0
DAYS MAX <= 32 0 7.6 -7.6
DAYS MIN <= 32 25 24.8 0.2
DAYS MIN <= 0 0 1.0 -1.0
PRECIPITATION (INCHES)
RECORD
MAXIMUM 8.90 2008
MINIMUM 0.45 1987
TOTALS 1.87 3.13 -1.26
DAILY AVG. 0.06 NAN NAN
DAYS >= .01 9 10.5 -1.5
DAYS >= .10 4 6.4 -2.4
DAYS >= .50 1 2.3 -1.3
DAYS >= 1.00 0 0.7 -0.7
GREATEST
24 HR. TOTAL 0.75 02/28 TO 02/28
SNOWFALL (INCHES)
RECORDS
MAXIMUM 32.7 1926
MINIMUM 0.1 1925
SNOW DEPTH 33 02/28/1926
TOTALS 8.5 14.8 -6.3
LIQUID EQUIV 0.90
SINCE 7/1 24.0 41.2 -17.2
SNOWDEPTH AVG. 1
DAYS >= TRACE 6 6.2 -0.2
DAYS >= 1.0 1 3.2 -2.2
GREATEST
SNOW DEPTH 6 02/14
24 HR TOTAL 7.2 02/13 TO 02/13
DEGREE DAYS
HEATING TOTAL 877 991 -114
SINCE 7/1 3758 4403 -645
COOLING TOTAL 0 0 0
SINCE 1/1 0 0 0
..............................................................
WIND (MPH)
AVERAGE WIND SPEED 8.0
RESULTANT WIND SPEED/DIRECTION 3/300
HIGHEST WIND SPEED/DIRECTION 40/300 DATE 02/16
HIGHEST GUST SPEED/DIRECTION 52/290 DATE 02/16
SKY COVER
POSSIBLE SUNSHINE (PERCENT) MM
AVERAGE SKY COVER 0.51
NUMBER OF DAYS FAIR 8
NUMBER OF DAYS PC 13
NUMBER OF DAYS CLOUDY 8
AVERAGE RH (PERCENT) 62
WEATHER CONDITIONS. NUMBER OF DAYS WITH
THUNDERSTORM 0 MIXED PRECIP 0
HEAVY RAIN 1 RAIN 2
LIGHT RAIN 6 FREEZING RAIN 0
LT FREEZING RAIN 0 HAIL 1
HEAVY SNOW 0 SNOW 1
LIGHT SNOW 6 SLEET 0
FOG 11 FOG W/VIS <= 1/4 MILE 1
HAZE 1
- INDICATES NEGATIVE NUMBERS.
R INDICATES RECORD WAS SET OR TIED.
MM INDICATES DATA IS MISSING.
T INDICATES TRACE AMOUNT.
$$