000
CXUS51 KOKX 010910
CF6BDR
PRELIMINARY LOCAL CLIMATOLOGICAL DATA (WS FORM: F-6)
STATION: BRIDGEPORT CT
MONTH: MARCH
YEAR: 2022
LATITUDE: 41 10 N
LONGITUDE: 73 8 W
TEMPERATURE IN F: :PCPN: SNOW: WIND :SUNSHINE: SKY :PK WND
================================================================================
1 2 3 4 5 6A 6B 7 8 9 10 11 12 13 14 15 16 17 18
12Z AVG MX 2MIN
DY MAX MIN AVG DEP HDD CDD WTR SNW DPTH SPD SPD DIR MIN PSBL S-S WX SPD DR
================================================================================
1 43 26 35 -1 30 0 T 0.0 0 6.7 14 200 M M 8 18 200
2 49 34 42 6 23 0 0.00 0.0 0 6.6 16 270 M M 4 1 22 270
3 45 23 34 -2 31 0 0.04 0.0 0 11.7 21 330 M M 4 1 31 300
4 36 18 27 -10 38 0 0.00 0.0 0 8.7 17 220 M M 0 21 230
5 42 23 33 -4 32 0 0.00 0.0 0 4.9 9 70 M M 2 11 120
6 53 39 46 9 19 0 0.21 0.0 0 5.7 16 200 M M 7 12 20 200
7 61 46 54 17 11 0 0.02 0.0 0 8.1 33 300 M M 3 44 300
8 50 35 43 5 22 0 0.00 0.0 0 13.0 31 300 M M 2 41 330
9 38 33 36 -2 29 0 0.43 1.4 0 8.2 16 70 M M 7 1 20 70
10 49 29 39 1 26 0 0.00 0.0 1 4.0 12 210 M M 2 1 14 160
11 50 28 39 1 26 0 0.00 0.0 0 4.0 12 160 M M 1 1 15 180
12 45 24 35 -4 30 0 0.35 0.6 0 14.3 35 330 M M 10 12 56 300
13 35 21 28 -11 37 0 T T T 15.0 30 290 M M 3 45 300
14 53 30 42 3 23 0 0.00 0.0 0 8.6 18 190 M M 3 23 200
15 60 37 49 10 16 0 T 0.0 0 5.5 13 310 M M 1 15 340
16 56 36 46 6 19 0 0.00 0.0 0 5.8 12 60 M M 2 12 14 120
17 54 40 47 7 18 0 0.09 0.0 0 6.3 12 50 M M 10 12 14 60
18 69 47 58 18 7 0 0.00 0.0 0 7.0 15 190 M M 5 12 19 190
19 58 43 51 11 14 0 0.09 0.0 0 6.9 15 70 M M 8 12 19 60
20 59 45 52 11 13 0 T 0.0 0 9.8 23 330 M M 8 12 31 330
21 62 42 52 11 13 0 0.00 0.0 0 12.2 26 300 M M 1 34 280
22 57 38 48 7 17 0 0.00 0.0 0 10.6 23 310 M M 0 35 300
23 45 34 40 -2 25 0 0.09 0.0 0 9.3 24 90 M M 4 1 29 90
24 46 39 43 1 22 0 0.89 0.0 0 16.0 29 80 M M 10 1 36 50
25 56 42 49 7 16 0 0.05 0.0 0 7.2 17 270 M M 7 1 24 270
26 53 41 47 4 18 0 0.20 0.0 0 7.9 20 230 M M 9 3 25 230
27 47 30 39 -4 26 0 T T 0 12.5 24 310 M M 8 35 300
28 32 23 28 -15 37 0 T T 0 17.1 31 320 M M 5 41 320
29 41 21 31 -13 34 0 0.00 0.0 0 12.6 25 310 M M 1 32 340
30 43 27 35 -9 30 0 0.00 0.0 0 8.7 16 230 M M 3 20 230
31 58 40 49 5 16 0 0.06 0.0 0 14.4 32 200 M M 9 12 44 200
================================================================================
SM 1545 1034 718 0 2.52 2.0 289.3 M 147
================================================================================
AV 49.8 33.4 9.3 FASTST M M 5 MAX(MPH)
MISC ----> 35 330 56 300
================================================================================
NOTES:
# LAST OF SEVERAL OCCURRENCES
COLUMN 17 PEAK WIND IN M.P.H.
PRELIMINARY LOCAL CLIMATOLOGICAL DATA (WS FORM: F-6) , PAGE 2
STATION: BRIDGEPORT CT
MONTH: MARCH
YEAR: 2022
LATITUDE: 41 10 N
LONGITUDE: 73 8 W
[TEMPERATURE DATA] [PRECIPITATION DATA] SYMBOLS USED IN COLUMN 16
AVERAGE MONTHLY: 41.6 TOTAL FOR MONTH: 2.52 1 = FOG OR MIST
DPTR FM NORMAL: 1.7 DPTR FM NORMAL: -1.57 2 = FOG REDUCING VISIBILITY
HIGHEST: 69 ON 18 GRTST 24HR 0.89 ON 24-24 TO 1/4 MILE OR LESS
LOWEST: 18 ON 4 3 = THUNDER
SNOW, ICE PELLETS, HAIL 4 = ICE PELLETS
TOTAL MONTH: 2.0 INCHES 5 = HAIL
GRTST 24HR 1.4 ON 9- 9 6 = FREEZING RAIN OR DRIZZLE
GRTST DEPTH: 1 ON 10 7 = DUSTSTORM OR SANDSTORM:
VSBY 1/2 MILE OR LESS
8 = SMOKE OR HAZE
[NO. OF DAYS WITH] [WEATHER - DAYS WITH] 9 = BLOWING SNOW
X = TORNADO
MAX 32 OR BELOW: 1 0.01 INCH OR MORE: 12
MAX 90 OR ABOVE: 0 0.10 INCH OR MORE: 5
MIN 32 OR BELOW: 13 0.50 INCH OR MORE: 1
MIN 0 OR BELOW: 0 1.00 INCH OR MORE: 0
[HDD (BASE 65) ]
TOTAL THIS MO. 718 CLEAR (SCALE 0-3) 12
DPTR FM NORMAL -62 PTCLDY (SCALE 4-7) 14
TOTAL FM JUL 1 4231 CLOUDY (SCALE 8-10) 5
DPTR FM NORMAL -250
[CDD (BASE 65) ]
TOTAL THIS MO. 0
DPTR FM NORMAL 0 [PRESSURE DATA]
TOTAL FM JAN 1 0 HIGHEST SLP M ON M
DPTR FM NORMAL 0 LOWEST SLP 29.13 ON 12
[REMARKS]
#FINAL-03-22#