000
CXUS53 KIWX 010810
CF6BEH
PRELIMINARY LOCAL CLIMATOLOGICAL DATA (WS FORM: F-6)
STATION: BENTON HARBOR
MONTH: JUNE
YEAR: 2021
LATITUDE: 42 7 N
LONGITUDE: 86 26 W
TEMPERATURE IN F: :PCPN: SNOW: WIND :SUNSHINE: SKY :PK WND
================================================================================
1 2 3 4 5 6A 6B 7 8 9 10 11 12 13 14 15 16 17 18
12Z AVG MX 2MIN
DY MAX MIN AVG DEP HDD CDD WTR SNW DPTH SPD SPD DIR MIN PSBL S-S WX SPD DR
================================================================================
1 71 43 57 -6 8 0 0.00 M M 2.7 10 310 M M 0 16 310
2 80 47 64 0 1 0 0.00 M M 3.1 12 160 M M 2 18 110
3 83 48 66 2 0 1 0.00 M M 3.8 13 290 M M 1 1 20 310
4 89 65 77 13 0 12 T M M 11.6 21 240 M M 3 30 260
5 90 68 79 14 0 14 0.00 M M 11.7 23 240 M M 0 33 240
6 90 70 80 15 0 15 0.00 M M 8.5 17 260 M M 1 26 160
7 79 66 73 8 0 8 0.67 M M 4.4 12 210 M M 6 12 20 180
8 86 65 76 10 0 11 0.00 M M 2.8 13 290 M M 5 12 16 290
9 82 68 75 9 0 10 0.06 M M 3.3 10 310 M M 2 13 16 320
10 84 67 76 10 0 11 0.07 M M 3.5 9 310 M M 1 18 14 320
11 87 66 77 11 0 12 0.00 M M 3.4 9 110 M M 0 1 15 290
12 86 65 76 9 0 11 0.00 M M 2.2 12 320 M M 1 1 16 300
13 80 58 69 2 0 4 0.00 M M 3.9 12 310 M M 0 17 330
14 75 58 67 0 0 2 0.00 M M 6.2 14 320 M M 1 26 340
15 70 52 61 -7 4 0 0.00 M M 4.2 12 310 M M 0 1 23 310
16 75 47 61 -7 4 0 0.00 M M 3.8 12 340 M M 0 18 340
17 87 42 65 -3 0 0 0.00 M M 5.0 17 280 M M 0 22 290
18 82 65 74 6 0 9 0.49 M M 6.0 21 150 M M 3 13 30 150
19 85 64 75 6 0 10 0.09 M M 6.1 23 240 M M 3 138 39 230
20 84 59 72 3 0 7 0.57 M M 3.2 22 150 M M 3 13 33 160
21 72 54 63 -6 2 0 0.87 M M 9.8 26 290 M M 7 13 37 290
22 71 44 58 -11 7 0 0.00 M M 5.3 21 270 M M 3 28 260
23 76 55 66 -4 0 1 T M M 9.4 22 230 M M 8 31 220
24 84 63 74 4 0 9 0.02 M M 9.2 20 210 M M 6 30 220
25 79 69 74 4 0 9 1.85 M M 9.9 25 240 M M 8 13 40 230
26 82 71 77 7 0 12 2.50 M M 9.0 31 260 M M 8 13 46 290
27 85 65 75 5 0 10 T M M 9.2 24 230 M M 3 34 250
28 86 64 75 5 0 10 0.12 M M 4.4 16 280 M M 6 13 20 280
29 83 69 76 5 0 11 0.54 M M 5.3 18 270 M M 3 138 23 260
30 79 68 74 3 0 9 0.01 M M 4.4 13 270 M M 3 1 14 290
================================================================================
SM 2442 1805 26 208 7.86 M 175.3 M 87
================================================================================
AV 81.4 60.2 5.8 FASTST M M 3 MAX(MPH)
MISC ----> 31 260 46 290
================================================================================
NOTES:
# LAST OF SEVERAL OCCURRENCES
COLUMN 17 PEAK WIND IN M.P.H.
PRELIMINARY LOCAL CLIMATOLOGICAL DATA (WS FORM: F-6) , PAGE 2
STATION: BENTON HARBOR
MONTH: JUNE
YEAR: 2021
LATITUDE: 42 7 N
LONGITUDE: 86 26 W
[TEMPERATURE DATA] [PRECIPITATION DATA] SYMBOLS USED IN COLUMN 16
AVERAGE MONTHLY: 70.8 TOTAL FOR MONTH: 7.86 1 = FOG OR MIST
DPTR FM NORMAL: 3.3 DPTR FM NORMAL: 4.82 2 = FOG REDUCING VISIBILITY
HIGHEST: 90 ON 6, 5 GRTST 24HR 2.50 ON 26-26 TO 1/4 MILE OR LESS
LOWEST: 42 ON 17 3 = THUNDER
SNOW, ICE PELLETS, HAIL 4 = ICE PELLETS
TOTAL MONTH: M 5 = HAIL
GRTST 24HR M ON M 6 = FREEZING RAIN OR DRIZZLE
GRTST DEPTH: M ON M 7 = DUSTSTORM OR SANDSTORM:
VSBY 1/2 MILE OR LESS
8 = SMOKE OR HAZE
[NO. OF DAYS WITH] [WEATHER - DAYS WITH] 9 = BLOWING SNOW
X = TORNADO
MAX 32 OR BELOW: 0 0.01 INCH OR MORE: 13
MAX 90 OR ABOVE: 2 0.10 INCH OR MORE: 8
MIN 32 OR BELOW: 0 0.50 INCH OR MORE: 6
MIN 0 OR BELOW: 0 1.00 INCH OR MORE: 2
[HDD (BASE 65) ]
TOTAL THIS MO. 26 CLEAR (SCALE 0-3) 17
DPTR FM NORMAL -35 PTCLDY (SCALE 4-7) 13
TOTAL FM JUL 1 5838 CLOUDY (SCALE 8-10) 0
DPTR FM NORMAL -346
[CDD (BASE 65) ]
TOTAL THIS MO. 208
DPTR FM NORMAL 72 [PRESSURE DATA]
TOTAL FM JAN 1 293 HIGHEST SLP 30.25 ON 1
DPTR FM NORMAL 110 LOWEST SLP 29.43 ON 21
[REMARKS]
#FINAL-06-21#