000
CXUS51 KCTP 010800
CF6BFD
PRELIMINARY LOCAL CLIMATOLOGICAL DATA (WS FORM: F-6)
STATION: BRADFORD
MONTH: AUGUST
YEAR: 2022
LATITUDE: 41 47 N
LONGITUDE: 78 38 W
TEMPERATURE IN F: :PCPN: SNOW: WIND :SUNSHINE: SKY :PK WND
================================================================================
1 2 3 4 5 6A 6B 7 8 9 10 11 12 13 14 15 16 17 18
12Z AVG MX 2MIN
DY MAX MIN AVG DEP HDD CDD WTR SNW DPTH SPD SPD DIR MIN PSBL S-S WX SPD DR
================================================================================
1 76 52 64 -3 1 0 0.00 M M 4.8 15 240 M M 8 12 21 260
2 80 54 67 0 0 2 0.09 M M 7.8 21 290 M M 5 1 26 280
3 87 47 67 0 0 2 0.00 M M 4.9 13 220 M M 1 12 20 210
4 84 67 76 9 0 11 0.64 M M 3.5 21 280 M M 4 138 29 290
5 85 64 75 8 0 10 0.02 M M 3.6 13 310 M M 5 123 16 220
6 83 63 73 7 0 8 T M M 4.6 13 220 M M 5 12 18 210
7 86 68 77 11 0 12 0.00 M M 4.3 12 220 M M 5 18 17 190
8 82 72 77 11 0 12 0.19 M M 7.7 15 250 M M 7 138 23 260
9 78 57 68 2 0 3 0.07 M M 6.7 16 310 M M 8 1 21 310
10 79 48 64 -2 1 0 0.00 M M 2.8 10 280 M M 2 12 14 340
11 78 49 64 -2 1 0 0.00 M M 6.0 18 320 M M 2 1 25 290
12 76 46 61 -5 4 0 0.00 M M 5.3 16 350 M M 0 1 20 350
13 77 41 59 -7 6 0 0.00 M M 2.3 10 280 M M 0 15 80
14 77 53 65 -1 0 0 0.00 M M 2.6 12 150 M M 4 19 140
15 72 55 64 -2 1 0 0.02 M M 6.3 17 130 M M 9 23 130
16 74 58 66 0 0 1 0.47 M M 3.8 22 60 M M 9 13 31 60
17 76 51 64 -2 1 0 0.24 M M 3.8 18 360 M M 8 123 25 10
18 79 47 63 -3 2 0 0.01 M M 2.4 13 300 M M 3 13 16 280
19 83 50 67 1 0 2 0.00 M M 2.4 10 300 M M 2 12 14 280
20 83 55 69 4 0 4 0.03 M M 2.7 12 120 M M 4 13 14 140
21 77 62 70 5 0 5 0.21 M M 5.4 14 150 M M 6 18 20 140
22 77 63 70 5 0 5 0.29 M M 2.7 18 330 M M 8 13 21 330
23 77 57 67 2 0 2 0.04 M M 6.5 20 320 M M 7 1 24 320
24 80 54 67 2 0 2 0.00 M M 4.4 16 300 M M 4 12 26 340
25 83 52 68 3 0 3 0.00 M M 2.3 12 170 M M 2 1 14 180
26 77 58 68 4 0 3 0.17 M M 3.4 13 320 M M 7 123 21 270
27 78 56 67 3 0 2 0.00 M M 2.7 9 350 M M 5 12 11 340
28 85 53 69 5 0 4 0.00 M M 4.1 13 210 M M 3 1 19 140
29 88 69 79 15 0 14 0.54 M M 7.1 24 260 M M 3 138 38 260
30 73 64 69 5 0 4 0.31 M M 5.0 14 270 M M 7 1 18 270
31 75 60 68 4 0 3 0.06 M M 7.8 21 280 M M 6 1 27 270
================================================================================
SM 2465 1745 17 114 3.40 M 139.7 M 149
================================================================================
AV 79.5 56.3 4.5 FASTST M M 5 MAX(MPH)
MISC ----> 24 260 38 260
================================================================================
NOTES:
# LAST OF SEVERAL OCCURRENCES
COLUMN 17 PEAK WIND IN M.P.H.
PRELIMINARY LOCAL CLIMATOLOGICAL DATA (WS FORM: F-6) , PAGE 2
STATION: BRADFORD
MONTH: AUGUST
YEAR: 2022
LATITUDE: 41 47 N
LONGITUDE: 78 38 W
[TEMPERATURE DATA] [PRECIPITATION DATA] SYMBOLS USED IN COLUMN 16
AVERAGE MONTHLY: 67.9 TOTAL FOR MONTH: 3.40 1 = FOG OR MIST
DPTR FM NORMAL: 2.4 DPTR FM NORMAL: -0.51 2 = FOG REDUCING VISIBILITY
HIGHEST: 88 ON 29 GRTST 24HR 0.84 ON 29-30 TO 1/4 MILE OR LESS
LOWEST: 41 ON 13 3 = THUNDER
SNOW, ICE PELLETS, HAIL 4 = ICE PELLETS
TOTAL MONTH: M 5 = HAIL
GRTST 24HR M ON M 6 = FREEZING RAIN OR DRIZZLE
GRTST DEPTH: M ON M 7 = DUSTSTORM OR SANDSTORM:
VSBY 1/2 MILE OR LESS
8 = SMOKE OR HAZE
[NO. OF DAYS WITH] [WEATHER - DAYS WITH] 9 = BLOWING SNOW
X = TORNADO
MAX 32 OR BELOW: 0 0.01 INCH OR MORE: 17
MAX 90 OR ABOVE: 0 0.10 INCH OR MORE: 9
MIN 32 OR BELOW: 0 0.50 INCH OR MORE: 2
MIN 0 OR BELOW: 0 1.00 INCH OR MORE: 0
[HDD (BASE 65) ]
TOTAL THIS MO. 17 CLEAR (SCALE 0-3) 9
DPTR FM NORMAL -43 PTCLDY (SCALE 4-7) 20
TOTAL FM JUL 1 29 CLOUDY (SCALE 8-10) 2
DPTR FM NORMAL -75
[CDD (BASE 65) ]
TOTAL THIS MO. 114
DPTR FM NORMAL 37 [PRESSURE DATA]
TOTAL FM JAN 1 358 HIGHEST SLP 30.23 ON 6
DPTR FM NORMAL 105 LOWEST SLP 29.79 ON 30
[REMARKS]
#FINAL-08-22#