000
CXUS55 KCYS 011023
CF6BFF
PRELIMINARY LOCAL CLIMATOLOGICAL DATA (WS FORM: F-6) ...CORRECTED...
STATION: SCOTTSBLUFF NE AIRPORT
MONTH: OCTOBER
YEAR: 2020
LATITUDE: 41 52 N
LONGITUDE: 103 36 W
TEMPERATURE IN F: :PCPN: SNOW: WIND :SUNSHINE: SKY :PK WND
================================================================================
1 2 3 4 5 6A 6B 7 8 9 10 11 12 13 14 15 16 17 18
12Z AVG MX 2MIN
DY MAX MIN AVG DEP HDD CDD WTR SNW DPTH SPD SPD DIR MIN PSBL S-S WX SPD DR
================================================================================
1 67 33 50 -4 15 0 0.00 0.0 0 6.6 13 280 M M 1 21 270
2 81 33 57 3 8 0 0.00 0.0 0 9.2 35 30 M M 0 8 47 20
3 72 37 55 2 10 0 0.00 0.0 0 6.0 16 320 M M 3 25 350
4 82 33 58 5 7 0 0.00 0.0 0 4.7 10 100 M M 0 15 90
5 81 41 61 8 4 0 0.00 0.0 0 9.9 24 320 M M 0 8 32 320
6 87 33 60 8 5 0 0.00 0.0 0 5.4 15 290 M M 0 22 320
7 83 42 63 11 2 0 0.00 0.0 0 8.9 16 110 M M 0 24 40
8 85 38 62 11 3 0 0.00 0.0 0 4.2 15 110 M M 0 8 20 110
9 86 38 62 11 3 0 0.00 0.0 0 7.1 18 300 M M 0 8 25 300
10 85 41 63 12 2 0 0.00 0.0 0 11.3 26 180 M M 0 39 170
11 73 31 52 2 13 0 T T 0 13.5 41 320 M M 0 54 330
12 74 26 50 0 15 0 T T 0 11.3 37 270 M M 0 49 270
13 74 35 55 5 10 0 0.00 0.0 0 9.7 24 200 M M 0 33 180
14 73 39 56 7 9 0 0.03 0.0 0 12.4 36 20 M M 6 1 50 10
15 52 30 41 -8 24 0 0.00 0.0 0 9.1 39 350 M M 5 52 340
16 72 22 47 -1 18 0 0.00 0.0 0 7.2 23 250 M M 1 30 240
17 65 32 49 1 16 0 0.01 T 0 9.4 25 70 M M 5 16 33 70
18 38 30 34 -14 31 0 0.01 T 0 11.9 20 130 M M 9 16 25 140
19 58 31 45 -2 20 0 0.00 0.0 0 10.3 21 120 M M 4 26 110
20 63 32 48 1 17 0 0.00 0.0 0 9.3 23 340 M M 2 30 340
21 75 35 55 8 10 0 0.00 0.0 0 13.8 23 150 M M 2 37 120
22 37 26 32 -14 33 0 0.06 0.9 1 12.0 23 340 M M 9 1 33 340
23 33 21 27 -19 38 0 0.00 0.0 0 10.1 17 120 M M 7 23 120
24 35 19 27 -19 38 0 0.20 5.4 5 13.9 21 130 M M 7 1 27 340
25 19 7 13 -32 52 0 0.17 1.5 7 9.1 17 30 M M 10 1 25 350
26 24 -8 8 -37 57 0 0.00 0.0 7 2.9 10 310 M M 4 1 12 310
27 33 -10 12 -32 53 0 0.00 0.0 4 6.6 14 320 M M 0 17 320
28 44 19 32 -12 33 0 0.00 0.0 1 7.7 16 300 M M 2 23 300
29 56 28 42 -2 23 0 0.00 0.0 0 5.3 17 290 M M 2 1 24 290
30 69 29 49 6 16 0 0.00 0.0 0 7.1 18 210 M M 0 26 220
31 59 27 43 0 22 0 0.00 0.0 0 11.6 26 330 M M 0 38 340
================================================================================
SM 1935 870 607 0 0.48 7.8 277.5 M 79
================================================================================
AV 62.4 28.1 9.0 FASTST M M 3 MAX(MPH)
MISC ----> # 41 320 # 54 330
================================================================================
NOTES:
# LAST OF SEVERAL OCCURRENCES
COLUMN 17 PEAK WIND IN M.P.H.
PRELIMINARY LOCAL CLIMATOLOGICAL DATA (WS FORM: F-6) , PAGE 2
STATION: SCOTTSBLUFF NE AIRPORT
MONTH: OCTOBER
YEAR: 2020
LATITUDE: 41 52 N
LONGITUDE: 103 36 W
[TEMPERATURE DATA] [PRECIPITATION DATA] SYMBOLS USED IN COLUMN 16
AVERAGE MONTHLY: 45.2 TOTAL FOR MONTH: 0.48 1 = FOG OR MIST
DPTR FM NORMAL: -3.3 DPTR FM NORMAL: -0.66 2 = FOG REDUCING VISIBILITY
HIGHEST: 87 ON 6 GRTST 24HR 0.20 ON 24-24 TO 1/4 MILE OR LESS
LOWEST: -10 ON 27 3 = THUNDER
SNOW, ICE PELLETS, HAIL 4 = ICE PELLETS
TOTAL MONTH: 7.8 INCHES 5 = HAIL
GRTST 24HR 5.4 ON 24-24 6 = FREEZING RAIN OR DRIZZLE
GRTST DEPTH: 7 ON 26,25 7 = DUSTSTORM OR SANDSTORM:
VSBY 1/2 MILE OR LESS
8 = SMOKE OR HAZE
[NO. OF DAYS WITH] [WEATHER - DAYS WITH] 9 = BLOWING SNOW
X = TORNADO
MAX 32 OR BELOW: 2 0.01 INCH OR MORE: 6
MAX 90 OR ABOVE: 0 0.10 INCH OR MORE: 2
MIN 32 OR BELOW: 18 0.50 INCH OR MORE: 0
MIN 0 OR BELOW: 2 1.00 INCH OR MORE: 0
[HDD (BASE 65) ]
TOTAL THIS MO. 607 CLEAR (SCALE 0-3) 21
DPTR FM NORMAL 95 PTCLDY (SCALE 4-7) 7
TOTAL FM JUL 1 753 CLOUDY (SCALE 8-10) 3
DPTR FM NORMAL 62
[CDD (BASE 65) ]
TOTAL THIS MO. 0
DPTR FM NORMAL -1 [PRESSURE DATA]
TOTAL FM JAN 1 1103 HIGHEST SLP 30.62 ON 25
DPTR FM NORMAL 379 LOWEST SLP 29.46 ON 11
[REMARKS]
OCTOBER 25TH...RECORD LOW HIGH 19 DEGREES (PREVIOUS 22 DEGREES IN
1997.
OCTOBER 26TH...RECORD LOW -8 DEGREES (PREVIOUS 0 DEGREES IN 1997).
OCTOBER 26TH...RECORD LOW HIGH 24 DEGREES (PREVIOUS 33 DEGREES IN
1997).
OCTOBER 27TH...RECORD LOW -10* DEGREES (PREVIOUS 11 DEGREES IN 1925).
MEAN TEMPERATURE 45.2 DEGREES TIED 1890 FOR 8TH COLDEST OCTOBER.
*ALL TIME LOWEST LOW FOR OCTOBER.
#FINAL-10-20#