000
CXUS56 KHNX 031834 CCA
CF6BFL
PRELIMINARY LOCAL CLIMATOLOGICAL DATA (WS FORM: F-6)
STATION: BAKERSFIELD CA
MONTH: DECEMBER
YEAR: 2020
LATITUDE: 35 25 N
LONGITUDE: 119 3 W
TEMPERATURE IN F: :PCPN: SNOW: WIND :SUNSHINE: SKY :PK WND
================================================================================
1 2 3 4 5 6A 6B 7 8 9 10 11 12 13 14 15 16 17 18
12Z AVG MX 2MIN
DY MAX MIN AVG DEP HDD CDD WTR SNW DPTH SPD SPD DIR MIN PSBL S-S WX SPD DR
================================================================================
1 65 39 52 2 13 0 0.00 0.0 0 3.3 8 270 M M 0 8 11 300
2 67 38 53 3 12 0 0.00 0.0 0 4.1 29 130 M M 0 8 38 130
3 74 45 60 10 5 0 0.00 0.0 0 15.0 32 140 M M 0 41 120
4 68 37 53 4 12 0 0.00 0.0 0 3.5 10 320 M M 0 13 340
5 70 39 55 6 10 0 0.00 0.0 0 4.3 12 360 M M 0 13 360
6 65 39 52 3 13 0 0.00 0.0 0 3.4 12 320 M M 0 8 15 330
7 61 39 50 1 15 0 0.00 0.0 0 5.0 13 320 M M 0 8 16 330
8 65 39 52 3 13 0 0.00 0.0 0 3.9 10 90 M M 0 8 12 90
9 66 40 53 5 12 0 0.00 0.0 0 3.2 9 90 M M 0 8 11 90
10 64 37 51 3 14 0 0.00 0.0 0 3.5 9 80 M M 0 8 11 90
11 61 37 49 1 16 0 0.00 0.0 0 3.0 13 320 M M 0 8 16 290
12 57 44 51 3 14 0 T 0.0 0 4.0 9 50 M M 7 8 11 130
13 65 38 52 4 13 0 T 0.0 0 4.3 14 50 M M 6 128 16 360
14 57 42 50 2 15 0 0.01 0.0 0 7.5 16 330 M M 5 1 19 340
15 58 37 48 0 17 0 0.00 0.0 0 2.8 8 300 M M 1 11 300
16 58 34 46 -2 19 0 0.00 0.0 0 2.6 8 100 M M 0 8 10 100
17 63 41 52 5 13 0 T 0.0 0 6.9 24 340 M M 3 8 28 340
18 57 41 49 2 16 0 0.00 0.0 0 2.3 8 40 M M 4 8 9 40
19 61 35 48 1 17 0 0.00 0.0 0 3.7 13 320 M M 0 28 16 330
20 57 34 46 -1 19 0 0.00 0.0 0 2.4 9 50 M M 0 18 10 50
21 60 33 47 0 18 0 0.00 0.0 0 2.5 9 50 M M 0 18 12 260
22 55 32 44 -3 21 0 0.00 0.0 0 5.7 14 350 M M 6 128 17 350
23 57 38 48 1 17 0 0.00 0.0 0 4.4 13 300 M M 5 18 16 350
24 59 29 44 -3 21 0 0.00 0.0 0 4.5 10 280 M M 0 128 13 270
25 67 35 51 4 14 0 0.00 0.0 0 3.9 12 130 M M 1 8 14 130
26 63 44 54 7 11 0 0.00 0.0 0 4.8 13 330 M M 5 8 15 310
27 63 47 55 8 10 0 0.09 0.0 0 5.6 29 240 M M 4 18 38 230
28 56 44 50 3 15 0 0.21 0.0 0 5.0 26 240 M M 8 31 240
29 56 42 49 2 16 0 0.00 0.0 0 4.3 12 320 M M 6 18 14 320
30 58 36 47 0 18 0 0.00 0.0 0 3.2 13 310 M M 0 18 17 320
31 49 38 44 -3 21 0 0.04 0.0 0 4.7 10 170 M M 7 18 13 170
================================================================================
SM 1902 1193 460 0 0.35 0.0 137.3 M 68
================================================================================
AV 61.4 38.5 4.4 FASTST M M 2 MAX(MPH)
MISC ----> 32 140 41 120
================================================================================
NOTES:
# LAST OF SEVERAL OCCURRENCES
COLUMN 17 PEAK WIND IN M.P.H.
PRELIMINARY LOCAL CLIMATOLOGICAL DATA (WS FORM: F-6) , PAGE 2
STATION: BAKERSFIELD CA
MONTH: DECEMBER
YEAR: 2020
LATITUDE: 35 25 N
LONGITUDE: 119 3 W
[TEMPERATURE DATA] [PRECIPITATION DATA] SYMBOLS USED IN COLUMN 16
AVERAGE MONTHLY: 49.9 TOTAL FOR MONTH: 0.35 1 = FOG OR MIST
DPTR FM NORMAL: 2.1 DPTR FM NORMAL: -0.67 2 = FOG REDUCING VISIBILITY
HIGHEST: 74 ON 3 GRTST 24HR 0.29 ON 27-28 TO 1/4 MILE OR LESS
LOWEST: 29 ON 24 3 = THUNDER
SNOW, ICE PELLETS, HAIL 4 = ICE PELLETS
TOTAL MONTH: 0.0 INCH 5 = HAIL
GRTST 24HR 0.0 6 = FREEZING RAIN OR DRIZZLE
GRTST DEPTH: 0 7 = DUSTSTORM OR SANDSTORM:
VSBY 1/2 MILE OR LESS
8 = SMOKE OR HAZE
[NO. OF DAYS WITH] [WEATHER - DAYS WITH] 9 = BLOWING SNOW
X = TORNADO
MAX 32 OR BELOW: 0 0.01 INCH OR MORE: 4
MAX 90 OR ABOVE: 0 0.10 INCH OR MORE: 1
MIN 32 OR BELOW: 2 0.50 INCH OR MORE: 0
MIN 0 OR BELOW: 0 1.00 INCH OR MORE: 0
[HDD (BASE 65) ]
TOTAL THIS MO. 460 CLEAR (SCALE 0-3) 19
DPTR FM NORMAL -73 PTCLDY (SCALE 4-7) 11
TOTAL FM JUL 1 754 CLOUDY (SCALE 8-10) 1
DPTR FM NORMAL -136
[CDD (BASE 65) ]
TOTAL THIS MO. 0
DPTR FM NORMAL 0 [PRESSURE DATA]
TOTAL FM JAN 1 2855 HIGHEST SLP 30.43 ON 19
DPTR FM NORMAL 597 LOWEST SLP 29.73 ON 27
[REMARKS]
#FINAL-12-20#