000
CXUS54 KAMA 011145
CLMBGD
CLIMATE REPORT
NATIONAL WEATHER SERVICE AMARILLO
645 AM CDT THU JUN 01 2023
...................................
...THE BORGER CLIMATE SUMMARY FOR THE MONTH OF MAY 2023...
CLIMATE NORMAL PERIOD: 1991 TO 2020
CLIMATE RECORD PERIOD: 1949 TO 2023
WEATHER OBSERVED NORMAL DEPART LAST YEAR`S
VALUE DATE(S) VALUE FROM VALUE DATE(S)
NORMAL
................................................................
TEMPERATURE (F)
HIGHEST 98 05/09 105 05/28
LOWEST 49 05/01 42 05/03
AVG. MAXIMUM 82.2 82.1 0.1 87.2
AVG. MINIMUM 59.1 56.6 2.5 58.0
MEAN 70.6 69.3 1.3 72.6
DAYS MAX >= 90 4 9.2 -5.2 15
DAYS MAX <= 32 0 0.0 0.0 0
DAYS MIN <= 32 0 0.1 -0.1 0
DAYS MIN <= 0 0 0.0 0.0 0
PRECIPITATION (INCHES)
TOTALS 9.70 2.30 7.40 2.06
DAILY AVG. 0.31 0.07 0.24 0.07
DAYS >= .01 17 7.4 9.6 7
DAYS >= .10 12 3.8 8.2 5
DAYS >= .50 8 1.4 6.6 2
DAYS >= 1.00 4 0.7 3.3 0
GREATEST
24 HR. TOTAL 2.16 05/14 TO 05/15
SNOWFALL (INCHES)
TOTALS MM MM MM MM
SINCE 7/1 MM MM MM MM
DAYS >= TRACE 0 MM MM MM
DAYS >= 1.0 0 MM MM MM
GREATEST
SNOW DEPTH MM
24 HR TOTAL MM
DEGREE DAYS
HEATING TOTAL 9 56 -47 49
SINCE 7/1 3143 3519 -376 MM
COOLING TOTAL 192 191 1 294
SINCE 1/1 259 255 4 MM
................................................................
WIND (MPH)
AVERAGE WIND SPEED 10.5
HIGHEST WIND SPEED/DIRECTION 38/230 DATE 05/31
HIGHEST GUST SPEED/DIRECTION 53/230 DATE 05/24
SKY COVER
POSSIBLE SUNSHINE (PERCENT) MM
NUMBER OF DAYS FAIR 19
NUMBER OF DAYS PC 6
NUMBER OF DAYS CLOUDY 6
AVERAGE RH (PERCENT) 60
WEATHER CONDITIONS. NUMBER OF DAYS WITH
THUNDERSTORM 12 MIXED PRECIP 0
HEAVY RAIN 9 RAIN 11
LIGHT RAIN 18 FREEZING RAIN 0
LT FREEZING RAIN 0 HEAVY SNOW 0
SNOW 0 LIGHT SNOW 0
SLEET 0 FOG 15
FOG W/VIS <= 1/4 MILE 2 HAZE 3
- INDICATES NEGATIVE NUMBERS.
R INDICATES RECORD WAS SET OR TIED.
MM INDICATES DATA IS MISSING.
T INDICATES TRACE AMOUNT.
$$