000
CXUS51 KCAR 010600
CF6BGR
PRELIMINARY LOCAL CLIMATOLOGICAL DATA (WS FORM: F-6)
STATION: BANGOR ME
MONTH: SEPTEMBER
YEAR: 2021
LATITUDE: 44 47 N
LONGITUDE: 68 49 W
TEMPERATURE IN F: :PCPN: SNOW: WIND :SUNSHINE: SKY :PK WND
================================================================================
1 2 3 4 5 6A 6B 7 8 9 10 11 12 13 14 15 16 17 18
12Z AVG MX 2MIN
DY MAX MIN AVG DEP HDD CDD WTR SNW DPTH SPD SPD DIR MIN PSBL S-S WX SPD DR
================================================================================
1 73 53 63 -2 2 0 T 0.0 0 5.2 17 320 M M 7 24 320
2 64 56 60 -5 5 0 0.81 0.0 0 11.5 25 360 M M 10 1 34 350
3 69 54 62 -2 3 0 0.24 0.0 0 7.4 33 350 M M 8 1 40 350
4 73 50 62 -2 3 0 0.00 0.0 0 8.1 20 350 M M 4 24 330
5 67 47 57 -7 8 0 0.01 0.0 0 5.8 15 180 M M 8 20 160
6 75 54 65 1 0 0 0.21 0.0 0 5.7 23 240 M M 7 13 34 230
7 75 53 64 1 1 0 0.00 0.0 0 5.6 14 300 M M 4 19 300
8 76 51 64 1 1 0 0.00 0.0 0 10.6 25 170 M M 3 1 32 180
9 70 66 68 6 0 3 2.14 0.0 0 8.4 18 180 M M 10 1 24 190
10 73 53 63 1 2 0 1.20 0.0 0 7.9 18 340 M M 8 1 25 330
11 71 51 61 -1 4 0 0.00 0.0 0 7.1 15 280 M M 3 23 240
12 77 56 67 6 0 2 0.00 0.0 0 8.4 17 200 M M 5 23 220
13 73 51 62 1 3 0 T 0.0 0 6.4 20 330 M M 6 26 310
14 70 47 59 -2 6 0 0.00 0.0 0 4.2 14 170 M M 3 18 170
15 69 60 65 5 0 0 0.42 0.0 0 8.5 18 170 M M 10 13 24 170
16 72 51 62 2 3 0 0.03 0.0 0 3.7 15 330 M M 5 1 18 320
17 76 46 61 1 4 0 0.00 0.0 0 3.4 15 180 M M 4 1 19 180
18 81 60 71 12 0 6 0.01 0.0 0 5.7 20 340 M M 9 12 25 350
19 70 48 59 0 6 0 0.00 0.0 0 8.9 20 340 M M 1 25 350
20 71 41 56 -2 9 0 0.00 0.0 0 3.1 12 180 M M 1 1 16 180
21 72 52 62 4 3 0 0.00 0.0 0 8.1 18 170 M M 6 12 24 180
22 75 58 67 10 0 2 0.00 0.0 0 8.6 21 190 M M 9 1 28 170
23 77 63 70 13 0 5 0.00 0.0 0 9.8 20 180 M M 6 1 25 170
24 76 65 71 14 0 6 1.03 0.0 0 10.1 22 170 M M 10 13 30 190
25 69 61 65 9 0 0 0.88 0.0 0 2.8 12 150 M M 10 13 14 150
26 68 51 60 4 5 0 2.28 0.0 0 6.4 21 320 M M 7 12 26 320
27 69 50 60 5 5 0 0.00 0.0 0 7.0 15 190 M M 5 21 210
28 68 50 59 4 6 0 0.00 0.0 0 5.0 14 350 M M 8 1 16 350
29 65 43 54 0 11 0 0.00 0.0 0 8.1 14 350 M M 5 1 21 10
30 61 49 55 1 10 0 0.16 0.0 0 6.6 17 310 M M 9 23 300
================================================================================
SM 2145 1590 100 24 9.42 0.0 208.1 M 191
================================================================================
AV 71.5 53.0 6.9 FASTST M M 6 MAX(MPH)
MISC ----> 33 350 40 350
================================================================================
NOTES:
# LAST OF SEVERAL OCCURRENCES
COLUMN 17 PEAK WIND IN M.P.H.
PRELIMINARY LOCAL CLIMATOLOGICAL DATA (WS FORM: F-6) , PAGE 2
STATION: BANGOR ME
MONTH: SEPTEMBER
YEAR: 2021
LATITUDE: 44 47 N
LONGITUDE: 68 49 W
[TEMPERATURE DATA] [PRECIPITATION DATA] SYMBOLS USED IN COLUMN 16
AVERAGE MONTHLY: 62.3 TOTAL FOR MONTH: 9.42 1 = FOG OR MIST
DPTR FM NORMAL: 2.3 DPTR FM NORMAL: 5.66 2 = FOG REDUCING VISIBILITY
HIGHEST: 81 ON 18 GRTST 24HR 3.22 ON 9-10 TO 1/4 MILE OR LESS
LOWEST: 41 ON 20 3 = THUNDER
SNOW, ICE PELLETS, HAIL 4 = ICE PELLETS
TOTAL MONTH: 0.0 INCH 5 = HAIL
GRTST 24HR 0.0 6 = FREEZING RAIN OR DRIZZLE
GRTST DEPTH: 0 7 = DUSTSTORM OR SANDSTORM:
VSBY 1/2 MILE OR LESS
8 = SMOKE OR HAZE
[NO. OF DAYS WITH] [WEATHER - DAYS WITH] 9 = BLOWING SNOW
X = TORNADO
MAX 32 OR BELOW: 0 0.01 INCH OR MORE: 13
MAX 90 OR ABOVE: 0 0.10 INCH OR MORE: 10
MIN 32 OR BELOW: 0 0.50 INCH OR MORE: 6
MIN 0 OR BELOW: 0 1.00 INCH OR MORE: 4
[HDD (BASE 65) ]
TOTAL THIS MO. 100 CLEAR (SCALE 0-3) 4
DPTR FM NORMAL -86 PTCLDY (SCALE 4-7) 16
TOTAL FM JUL 1 151 CLOUDY (SCALE 8-10) 10
DPTR FM NORMAL -75
[CDD (BASE 65) ]
TOTAL THIS MO. 24
DPTR FM NORMAL -8 [PRESSURE DATA]
TOTAL FM JAN 1 467 HIGHEST SLP M ON M
DPTR FM NORMAL 89 LOWEST SLP 29.58 ON 10
[REMARKS]
#FINAL-09-21#