000
CXUS54 KBMX 011010
CF6BHM
PRELIMINARY LOCAL CLIMATOLOGICAL DATA (WS FORM: F-6)
STATION: BIRMINGHAM
MONTH: MARCH
YEAR: 2023
LATITUDE: 33 34 N
LONGITUDE: 86 45 W
TEMPERATURE IN F: :PCPN: SNOW: WIND :SUNSHINE: SKY :PK WND
================================================================================
1 2 3 4 5 6A 6B 7 8 9 10 11 12 13 14 15 16 17 18
12Z AVG MX 2MIN
DY MAX MIN AVG DEP HDD CDD WTR SNW DPTH SPD SPD DIR MIN PSBL S-S WX SPD DR
================================================================================
1 79 56 68 16 0 3 0.00 0.0 0 10.8 25 200 M M 8 1 35 190
2 71 58 65 12 0 0 1.40 0.0 M 8.3 21 140 M M 10 13 28 320
3 76 54 65 12 0 0 0.28 0.0 M 14.9 41 250 M M 6 123 53 260
4 72 47 60 7 5 0 0.00 0.0 M 3.2 13 320 M M 2 17 340
5 75 43 59 6 6 0 0.00 0.0 0 3.0 10 70 M M 0 15 60
6 81 50 66 12 0 1 0.00 0.0 M 5.5 20 250 M M 4 23 210
7 81 59 70 16 0 5 0.00 0.0 0 7.1 15 10 M M 4 1 19 20
8 71 52 62 8 3 0 0.02 0.0 0 7.1 15 100 M M 6 28 60
9 59 51 55 1 10 0 0.42 0.0 0 5.8 18 330 M M 9 13 23 330
10 62 44 53 -2 12 0 0.34 0.0 0 6.3 16 320 M M 7 1 21 310
11 66 38 52 -3 13 0 T 0.0 0 4.6 15 160 M M 6 21 170
12 65 46 56 1 9 0 0.77 0.0 0 11.1 20 350 M M 10 13 28 200
13 57 37 47 -8 18 0 0.00 0.0 M 9.4 20 330 M M 2 30 320
14 51 29 40 -16 25 0 0.00 0.0 0 9.3 17 30 M M 1 23 350
15 62 27 45 -11 20 0 0.00 0.0 0 2.6 9 90 M M 1 8 14 50
16 69 37 53 -3 12 0 0.00 0.0 0 10.0 22 180 M M 6 27 190
17 64 40 52 -4 13 0 0.66 0.0 0 10.6 26 290 M M 9 1 33 290
18 53 36 45 -12 20 0 0.00 0.0 0 10.0 23 320 M M 6 29 310
19 44 27 36 -21 29 0 0.00 0.0 M 8.6 18 330 M M 1 24 340
20 54 23 39 -18 26 0 0.00 0.0 0 2.5 12 330 M M 3 15 20
21 63 32 48 -9 17 0 0.00 0.0 0 6.3 17 190 M M 5 23 190
22 77 52 65 7 0 0 0.00 0.0 0 6.2 15 190 M M 6 20 160
23 83 56 70 12 0 5 0.00 0.0 0 9.2 18 200 M M 2 8 23 200
24 81 63 72 14 0 7 T 0.0 0 14.2 30 190 M M 6 43 190
25 83 41 62 4 3 0 0.61 M M 9.8 30 280 M M 4 13 38 190
26 78 57 68 10 0 3 T 0.0 0 4.9 12 150 M M 7 13 16 100
27 81 57 69 10 0 4 0.20 0.0 0 5.4 14 320 M M 5 13 18 300
28 75 52 64 5 1 0 0.00 0.0 0 7.6 21 340 M M 4 32 340
29 67 42 55 -4 10 0 0.00 0.0 0 2.2 18 50 M M 4 28 60
30 76 41 59 0 6 0 0.00 0.0 0 3.7 15 160 M M 1 23 170
31 77 61 69 9 0 4 T 0.0 0 11.6 24 190 M M 8 34 170
================================================================================
SM 2153 1408 258 32 4.70 0.0 231.8 M 153
================================================================================
AV 69.5 45.4 7.5 FASTST M M 5 MAX(MPH)
MISC ----> 41 250 53 260
================================================================================
NOTES:
# LAST OF SEVERAL OCCURRENCES
COLUMN 17 PEAK WIND IN M.P.H.
PRELIMINARY LOCAL CLIMATOLOGICAL DATA (WS FORM: F-6) , PAGE 2
STATION: BIRMINGHAM
MONTH: MARCH
YEAR: 2023
LATITUDE: 33 34 N
LONGITUDE: 86 45 W
[TEMPERATURE DATA] [PRECIPITATION DATA] SYMBOLS USED IN COLUMN 16
AVERAGE MONTHLY: 57.4 TOTAL FOR MONTH: 4.70 1 = FOG OR MIST
DPTR FM NORMAL: 1.4 DPTR FM NORMAL: -0.96 2 = FOG REDUCING VISIBILITY
HIGHEST: 83 ON 25,23 GRTST 24HR 1.40 ON 2- 2 TO 1/4 MILE OR LESS
LOWEST: 23 ON 20 3 = THUNDER
SNOW, ICE PELLETS, HAIL 4 = ICE PELLETS
TOTAL MONTH: 0.0 INCH 5 = HAIL
GRTST 24HR 0.0 6 = FREEZING RAIN OR DRIZZLE
GRTST DEPTH: 0 7 = DUSTSTORM OR SANDSTORM:
VSBY 1/2 MILE OR LESS
8 = SMOKE OR HAZE
[NO. OF DAYS WITH] [WEATHER - DAYS WITH] 9 = BLOWING SNOW
X = TORNADO
MAX 32 OR BELOW: 0 0.01 INCH OR MORE: 9
MAX 90 OR ABOVE: 0 0.10 INCH OR MORE: 8
MIN 32 OR BELOW: 5 0.50 INCH OR MORE: 4
MIN 0 OR BELOW: 0 1.00 INCH OR MORE: 1
[HDD (BASE 65) ]
TOTAL THIS MO. 258 CLEAR (SCALE 0-3) 9
DPTR FM NORMAL -42 PTCLDY (SCALE 4-7) 17
TOTAL FM JUL 1 1915 CLOUDY (SCALE 8-10) 5
DPTR FM NORMAL -481
[CDD (BASE 65) ]
TOTAL THIS MO. 32
DPTR FM NORMAL 9 [PRESSURE DATA]
TOTAL FM JAN 1 68 HIGHEST SLP 30.45 ON 20
DPTR FM NORMAL 39 LOWEST SLP 29.33 ON 3
[REMARKS]
#FINAL-03-23#