000
CXUS54 KBMX 011010
CF6BHM
PRELIMINARY LOCAL CLIMATOLOGICAL DATA (WS FORM: F-6)
STATION: BIRMINGHAM
MONTH: OCTOBER
YEAR: 2021
LATITUDE: 33 34 N
LONGITUDE: 86 45 W
TEMPERATURE IN F: :PCPN: SNOW: WIND :SUNSHINE: SKY :PK WND
================================================================================
1 2 3 4 5 6A 6B 7 8 9 10 11 12 13 14 15 16 17 18
12Z AVG MX 2MIN
DY MAX MIN AVG DEP HDD CDD WTR SNW DPTH SPD SPD DIR MIN PSBL S-S WX SPD DR
================================================================================
1 87 67 77 6 0 12 0.00 0.0 0 2.4 10 190 M M 2 18 15 180
2 83 67 75 5 0 10 0.20 0.0 0 4.4 22 180 M M 8 13 27 180
3 77 67 72 2 0 7 2.00 0.0 0 4.5 13 180 M M 9 13 16 170
4 83 66 75 5 0 10 1.59 0.0 0 2.9 14 330 M M 9 13 19 270
5 79 68 74 5 0 9 1.08 0.0 0 5.7 16 110 M M 9 13 21 110
6 82 67 75 6 0 10 2.76 0.0 0 5.8 29 330 M M 9 13 33 320
7 83 65 74 5 0 9 0.00 0.0 0 3.2 13 310 M M 5 138 14 310
8 83 61 72 4 0 7 0.00 0.0 0 3.2 10 350 M M 1 10 350
9 82 64 73 5 0 8 0.00 0.0 0 2.4 12 310 M M 2 12 310
10 84 63 74 7 0 9 0.00 0.0 0 4.8 12 120 M M 2 1 12 120
11 84 66 75 8 0 10 0.00 0.0 0 6.0 12 150 M M 5 18 180
12 85 70 78 11 0 13 0.00 0.0 0 4.8 8 120 M M 7 8 120
13 85 67 76 10 0 11 0.00 0.0 0 2.3 12 140 M M 4 12 140
14 85 64 75 9 0 10 0.00 0.0 0 2.0 7 160 M M 6 7 160
15 86 65 76 11 0 11 0.00 0.0 0 5.7 12 210 M M 3 18 210
16 76 48 62 -3 3 0 0.18 0.0 0 10.6 18 340 M M 4 1 28 350
17 67 45 56 -9 9 0 0.00 0.0 0 4.4 15 350 M M 0 20 30
18 71 45 58 -6 7 0 0.00 0.0 0 1.5 9 110 M M 2 9 110
19 74 48 61 -3 4 0 0.00 0.0 0 1.9 8 170 M M 2 8 170
20 80 55 68 5 0 3 0.00 0.0 0 3.3 12 190 M M 5 12 190
21 80 64 72 9 0 7 1.20 0.0 0 7.3 12 200 M M 7 13 12 200
22 73 54 64 2 1 0 0.00 0.0 0 3.4 12 320 M M 2 12 12 320
23 75 51 63 1 2 0 0.00 0.0 0 2.5 8 40 M M 0 8 40
24 76 55 66 4 0 1 0.00 0.0 0 3.5 12 140 M M 5 12 140
25 76 56 66 5 0 1 0.00 0.0 0 9.5 16 350 M M 5 21 350
26 68 48 58 -3 7 0 0.00 0.0 0 5.1 12 350 M M 4 12 350
27 74 50 62 2 3 0 T 0.0 0 7.2 13 150 M M 5 26 150
28 69 57 63 3 2 0 0.36 0.0 0 12.6 18 210 M M 9 18 29 120
29 55 52 54 -6 11 0 0.02 0.0 0 12.0 21 230 M M 10 1 22 240
30 59 54 57 -2 8 0 T 0.0 0 9.0 14 270 M M 10 1 14 270
31 68 50 59 0 6 0 0.00 0.0 0 3.6 10 310 M M 4 1 10 310
================================================================================
SM 2389 1819 63 158 9.39 0.0 157.5 M 155
================================================================================
AV 77.1 58.7 5.1 FASTST M M 5 MAX(MPH)
MISC ----> 29 330 33 320
================================================================================
NOTES:
# LAST OF SEVERAL OCCURRENCES
COLUMN 17 PEAK WIND IN M.P.H.
PRELIMINARY LOCAL CLIMATOLOGICAL DATA (WS FORM: F-6) , PAGE 2
STATION: BIRMINGHAM
MONTH: OCTOBER
YEAR: 2021
LATITUDE: 33 34 N
LONGITUDE: 86 45 W
[TEMPERATURE DATA] [PRECIPITATION DATA] SYMBOLS USED IN COLUMN 16
AVERAGE MONTHLY: 67.9 TOTAL FOR MONTH: 9.39 1 = FOG OR MIST
DPTR FM NORMAL: 3.0 DPTR FM NORMAL: 6.05 2 = FOG REDUCING VISIBILITY
HIGHEST: 87 ON 1 GRTST 24HR 3.37 ON 3- 4 TO 1/4 MILE OR LESS
LOWEST: 45 ON 18,17 3 = THUNDER
SNOW, ICE PELLETS, HAIL 4 = ICE PELLETS
TOTAL MONTH: 0.0 INCH 5 = HAIL
GRTST 24HR 0.0 6 = FREEZING RAIN OR DRIZZLE
GRTST DEPTH: 0 7 = DUSTSTORM OR SANDSTORM:
VSBY 1/2 MILE OR LESS
8 = SMOKE OR HAZE
[NO. OF DAYS WITH] [WEATHER - DAYS WITH] 9 = BLOWING SNOW
X = TORNADO
MAX 32 OR BELOW: 0 0.01 INCH OR MORE: 9
MAX 90 OR ABOVE: 0 0.10 INCH OR MORE: 8
MIN 32 OR BELOW: 0 0.50 INCH OR MORE: 5
MIN 0 OR BELOW: 0 1.00 INCH OR MORE: 5
[HDD (BASE 65) ]
TOTAL THIS MO. 63 CLEAR (SCALE 0-3) 10
DPTR FM NORMAL -42 PTCLDY (SCALE 4-7) 14
TOTAL FM JUL 1 66 CLOUDY (SCALE 8-10) 7
DPTR FM NORMAL -44
[CDD (BASE 65) ]
TOTAL THIS MO. 158
DPTR FM NORMAL 54 [PRESSURE DATA]
TOTAL FM JAN 1 2087 HIGHEST SLP 30.19 ON 2
DPTR FM NORMAL -73 LOWEST SLP 29.90 ON 11
[REMARKS]
#FINAL-10-21#