000
CXUS55 KVEF 010958
CLMBIH
CLIMATE REPORT
NATIONAL WEATHER SERVICE LAS VEGAS, NV
258 AM PDT TUE AUG 01 2023
...................................
...THE BISHOP CA CLIMATE SUMMARY FOR THE MONTH OF JULY 2023...
CLIMATE NORMAL PERIOD: 1991 TO 2020
CLIMATE RECORD PERIOD: 1943 TO 2023
WEATHER OBSERVED NORMAL DEPART LAST YEAR`S
VALUE DATE(S) VALUE FROM VALUE DATE(S)
NORMAL
................................................................
TEMPERATURE (F)
RECORD
HIGH 111 07/10/2021
LOW 34 07/18/1987
HIGHEST 109 07/15 107 07/16
07/16
07/22
07/28
LOWEST 50 07/11 48 07/04
07/12
AVG. MAXIMUM 102.0 99.7 2.3 101.5
AVG. MINIMUM 58.1 56.7 1.4 58.7
MEAN 80.1 78.2 1.9 80.1
DAYS MAX >= 90 31 29.5 1.5 31
DAYS MAX <= 32 0 0.0 0.0 0
DAYS MIN <= 32 0 0.0 0.0 0
DAYS MIN <= 0 0 0.0 0.0 0
PRECIPITATION (INCHES)
RECORD
MAXIMUM 1.52 2018
MINIMUM 0.00 1994
TOTALS 0.13 0.18 -0.05 0.17
DAILY AVG. 0.00 0.01 -0.01 0.01
DAYS >= .01 1 1.8 -0.8 3
DAYS >= .10 1 0.5 0.5 0
DAYS >= .50 0 0.1 -0.1 0
DAYS >= 1.00 0 0.0 0.0 0
GREATEST
24 HR. TOTAL 0.13 07/18 TO 07/18
DEGREE DAYS
HEATING TOTAL 0 0 0 0
SINCE 7/1 0 0 0 MM
COOLING TOTAL 476 409 67 475
SINCE 1/1 645 719 -74 MM
FREEZE DATES
RECORD
EARLIEST 09/11/1952
LATEST 06/16/1944
EARLIEST MM
LATEST 05/08
................................................................
WIND (MPH)
AVERAGE WIND SPEED 6.8
HIGHEST WIND SPEED/DIRECTION 38/250 DATE 07/18
HIGHEST GUST SPEED/DIRECTION 48/240 DATE 07/18
SKY COVER
POSSIBLE SUNSHINE (PERCENT) MM
AVERAGE SKY COVER 0.02
NUMBER OF DAYS FAIR 31
NUMBER OF DAYS PC 0
NUMBER OF DAYS CLOUDY 0
AVERAGE RH (PERCENT) 34
WEATHER CONDITIONS. NUMBER OF DAYS WITH
THUNDERSTORM 2 MIXED PRECIP 0
HEAVY RAIN 0 RAIN 0
LIGHT RAIN 3 FREEZING RAIN 0
LT FREEZING RAIN 0 HAIL 0
HEAVY SNOW 0 SNOW 0
LIGHT SNOW 0 SLEET 0
FOG 0 FOG W/VIS <= 1/4 MILE 0
HAZE 0
- INDICATES NEGATIVE NUMBERS.
R INDICATES RECORD WAS SET OR TIED.
MM INDICATES DATA IS MISSING.
T INDICATES TRACE AMOUNT.
$$