000
CXUS55 KBYZ 081047
CF6BIL
PRELIMINARY LOCAL CLIMATOLOGICAL DATA (WS FORM: F-6)
STATION: BILLINGS MT
MONTH: JULY
YEAR: 2023
LATITUDE: 45 47 N
LONGITUDE: 108 32 W
TEMPERATURE IN F: :PCPN: SNOW: WIND :SUNSHINE: SKY :PK WND
================================================================================
1 2 3 4 5 6A 6B 7 8 9 10 11 12 13 14 15 16 17 18
12Z AVG MX 2MIN
DY MAX MIN AVG DEP HDD CDD WTR SNW DPTH SPD SPD DIR MIN PSBL S-S WX SPD DR
================================================================================
1 92 60 76 6 0 11 0.03 0.0 0 14.0 39 300 M M 4 3 53 300
2 87 64 76 6 0 11 T 0.0 0 11.6 24 240 M M 2 3 29 240
3 71 58 65 -5 0 0 0.09 0.0 0 11.7 21 50 M M 7 3 27 30
4 65 52 59 -11 6 0 0.17 0.0 0 7.0 17 60 M M 8 13 20 60
5 76 49 63 -8 2 0 0.00 0.0 0 4.6 10 70 M M 2 15 240
6 77 53 65 -6 0 0 0.02 0.0 0 5.8 25 350 M M 7 3 32 360
7 80 51 66 -6 0 1 0.00 0.0 0 10.8 17 230 M M 3 20 50
8 83 55 69 -3 0 4 0.00 0.0 0 4.8 13 80 M M 2 16 80
9 89 57 73 1 0 8 0.11 0.0 0 10.6 38 310 M M 2 3 49 310
10 90 62 76 4 0 11 0.04 0.0 0 9.5 33 300 M M 5 13 45 320
11 88 62 75 2 0 10 0.05 0.0 0 9.1 21 20 M M 4 3 25 320
12 87 59 73 0 0 8 0.00 0.0 0 6.7 17 320 M M 1 22 290
13 87 60 74 1 0 9 T 0.0 0 8.6 22 360 M M 5 3 27 350
14 82 58 70 -4 0 5 T 0.0 0 9.2 20 340 M M 3 8 24 310
15 88 58 73 -1 0 8 0.00 0.0 0 9.2 17 300 M M 1 8 22 320
16 91 59 75 1 0 10 0.00 0.0 0 10.5 17 330 M M 3 8 24 310
17 87 59 73 -1 0 8 0.00 0.0 0 5.5 16 250 M M 5 38 21 250
18 88 63 76 2 0 11 0.00 0.0 0 9.1 20 320 M M 1 3 28 310
19 82 58 70 -4 0 5 0.00 0.0 0 8.1 15 80 M M 1 20 30
20 86 57 72 -3 0 7 0.00 0.0 0 7.9 15 100 M M 3 20 110
21 94 61 78 3 0 13 0.00 0.0 0 7.3 17 60 M M 3 22 60
22 98 62 80 5 0 15 0.00 0.0 0 9.6 23 240 M M 1 3 29 230
23 97 66 82 7 0 17 0.00 0.0 0 8.4 16 230 M M 4 18 220
24 101 71 86 11 0 21 T 0.0 0 11.0 31 220 M M 5 3 45 210
25 96 67 82 7 0 17 0.00 0.0 0 7.2 18 230 M M 4 3 26 240
26 94 65 80 5 0 15 0.00 0.0 0 5.8 13 10 M M 2 16 350
27 92 60 76 1 0 11 0.02 0.0 0 7.7 35 310 M M 4 3 44 320
28 85 58 72 -3 0 7 0.02 0.0 0 8.6 20 50 M M 4 3 26 50
29 88 58 73 -2 0 8 0.00 0.0 0 5.2 12 50 M M 2 15 100
30 94 67 81 6 0 16 T 0.0 0 7.9 24 250 M M 6 3 33 240
31 94 63 79 4 0 14 0.00 0.0 0 7.1 16 190 M M 5 23 180
================================================================================
SM 2709 1852 8 281 0.55 0.0 260.1 M 109
================================================================================
AV 87.4 59.7 8.4 FASTST M M 4 MAX(MPH)
MISC ----> 39 300 53 300
================================================================================
NOTES:
# LAST OF SEVERAL OCCURRENCES
COLUMN 17 PEAK WIND IN M.P.H.
PRELIMINARY LOCAL CLIMATOLOGICAL DATA (WS FORM: F-6) , PAGE 2
STATION: BILLINGS MT
MONTH: JULY
YEAR: 2023
LATITUDE: 45 47 N
LONGITUDE: 108 32 W
[TEMPERATURE DATA] [PRECIPITATION DATA] SYMBOLS USED IN COLUMN 16
AVERAGE MONTHLY: 73.6 TOTAL FOR MONTH: 0.55 1 = FOG OR MIST
DPTR FM NORMAL: 0.3 DPTR FM NORMAL: -0.67 2 = FOG REDUCING VISIBILITY
HIGHEST: 101 ON 24 GRTST 24HR 0.17 ON 3- 4 TO 1/4 MILE OR LESS
LOWEST: 49 ON 5 3 = THUNDER
SNOW, ICE PELLETS, HAIL 4 = ICE PELLETS
TOTAL MONTH: 0.0 INCH 5 = HAIL
GRTST 24HR 0.0 6 = FREEZING RAIN OR DRIZZLE
GRTST DEPTH: 0 7 = DUSTSTORM OR SANDSTORM:
VSBY 1/2 MILE OR LESS
8 = SMOKE OR HAZE
[NO. OF DAYS WITH] [WEATHER - DAYS WITH] 9 = BLOWING SNOW
X = TORNADO
MAX 32 OR BELOW: 0 0.01 INCH OR MORE: 9
MAX 90 OR ABOVE: 12 0.10 INCH OR MORE: 2
MIN 32 OR BELOW: 0 0.50 INCH OR MORE: 0
MIN 0 OR BELOW: 0 1.00 INCH OR MORE: 0
[HDD (BASE 65) ]
TOTAL THIS MO. 8 CLEAR (SCALE 0-3) 15
DPTR FM NORMAL -4 PTCLDY (SCALE 4-7) 16
TOTAL FM JUL 1 8 CLOUDY (SCALE 8-10) 0
DPTR FM NORMAL -1
[CDD (BASE 65) ]
TOTAL THIS MO. 281
DPTR FM NORMAL 12 [PRESSURE DATA]
TOTAL FM JAN 1 355 HIGHEST SLP 30.25 ON 4
DPTR FM NORMAL -10 LOWEST SLP 29.72 ON 17
[REMARKS]
#FINAL-07-23#