000
CXUS56 KBOI 011002
CF6BKE
PRELIMINARY LOCAL CLIMATOLOGICAL DATA (WS FORM: F-6)
STATION: BAKER OR
MONTH: OCTOBER
YEAR: 2022
LATITUDE: 44 50 N
LONGITUDE: 117 49 W
TEMPERATURE IN F: :PCPN: SNOW: WIND :SUNSHINE: SKY :PK WND
================================================================================
1 2 3 4 5 6A 6B 7 8 9 10 11 12 13 14 15 16 17 18
12Z AVG MX 2MIN
DY MAX MIN AVG DEP HDD CDD WTR SNW DPTH SPD SPD DIR MIN PSBL S-S WX SPD DR
================================================================================
1 70 31 51 -2 14 0 0.00 M M 4.0 10 280 M M 1 1 16 320
2 73 36 55 2 10 0 0.00 M M 3.2 8 290 M M 1 1 12 330
3 78 31 55 3 10 0 0.00 M M 2.2 10 290 M M 0 12 14 140
4 80 34 57 5 8 0 0.00 M M 1.8 12 50 M M 0 18 19 60
5 82 34 58 6 7 0 0.00 M M 1.3 8 260 M M 0 1 12 90
6 82 33 58 7 7 0 0.00 M M 1.9 9 260 M M 0 10 260
7 79 34 57 6 8 0 0.00 0.0 0 3.4 14 320 M M 0 8 18 310
8 76 33 55 5 10 0 0.00 M M 2.8 9 280 M M 0 8 13 290
9 74 31 53 3 12 0 0.00 M M 3.4 12 320 M M 0 18 14 320
10 75 29 52 3 13 0 0.00 M M 3.0 17 360 M M 0 8 24 360
11 71 37 54 5 11 0 0.00 M M 9.4 23 340 M M 1 8 31 360
12 75 30 53 4 12 0 0.00 M M 2.6 10 330 M M 0 8 13 310
13 75 29 52 4 13 0 0.00 M M 1.7 8 270 M M 0 18 12 310
14 75 28 52 4 13 0 0.00 M M 3.1 10 310 M M 0 18 14 310
15 74 29 52 5 13 0 0.00 M M 2.3 8 130 M M 0 8 10 310
16 75 26 51 4 14 0 0.00 M M 3.5 14 130 M M 0 18 20 50
17 79 26 53 7 12 0 0.00 M M 2.8 12 150 M M 0 15 180
18 76 25 51 5 14 0 0.00 M M 1.3 9 340 M M 0 8 11 340
19 73 27 50 4 15 0 0.00 M M 0.4 7 270 M M 0 8 8 260
20 71 25 48 3 17 0 0.00 M M 2.3 9 200 M M 1 8 10 10
21 59 32 46 1 19 0 0.20 M M 5.8 15 10 M M 5 1 19 360
22 48 27 38 -7 27 0 0.02 M M 11.5 30 340 M M 7 12 39 340
23 47 23 35 -9 30 0 0.01 M M 6.8 21 350 M M 5 1 27 340
24 38 21 30 -14 35 0 0.10 M M 5.8 18 110 M M 8 1 27 110
25 49 26 38 -5 27 0 T M M 5.0 15 130 M M 6 12 20 130
26 47 23 35 -8 30 0 T M M 6.4 24 340 M M 6 30 340
27 50 18 34 -9 31 0 0.00 M M 8.8 23 110 M M 1 12 29 110
28 50 25 38 -4 27 0 0.00 M M 8.4 20 120 M M 0 26 120
29 56 24 40 -2 25 0 0.00 M M 1.4 6 240 M M 4 9 30
30 55 20 38 -4 27 0 0.00 M M 1.3 10 130 M M 6 13 130
31 51 32 42 1 23 0 T M M 5.4 16 110 M M 3 18 22 120
================================================================================
SM 2063 879 534 0 0.33 0.0 123.0 M 55
================================================================================
AV 66.5 28.4 4.0 FASTST M M 2 MAX(MPH)
MISC ----> 30 340 39 340
================================================================================
NOTES:
# LAST OF SEVERAL OCCURRENCES
COLUMN 17 PEAK WIND IN M.P.H.
PRELIMINARY LOCAL CLIMATOLOGICAL DATA (WS FORM: F-6) , PAGE 2
STATION: BAKER OR
MONTH: OCTOBER
YEAR: 2022
LATITUDE: 44 50 N
LONGITUDE: 117 49 W
[TEMPERATURE DATA] [PRECIPITATION DATA] SYMBOLS USED IN COLUMN 16
AVERAGE MONTHLY: 47.5 TOTAL FOR MONTH: 0.33 1 = FOG OR MIST
DPTR FM NORMAL: 0.4 DPTR FM NORMAL: -0.29 2 = FOG REDUCING VISIBILITY
HIGHEST: 82 ON 6, 5 GRTST 24HR 0.22 ON 21-22 TO 1/4 MILE OR LESS
LOWEST: 18 ON 27 3 = THUNDER
SNOW, ICE PELLETS, HAIL 4 = ICE PELLETS
TOTAL MONTH: 0.0 INCH 5 = HAIL
GRTST 24HR 0.0 6 = FREEZING RAIN OR DRIZZLE
GRTST DEPTH: 0 7 = DUSTSTORM OR SANDSTORM:
VSBY 1/2 MILE OR LESS
8 = SMOKE OR HAZE
[NO. OF DAYS WITH] [WEATHER - DAYS WITH] 9 = BLOWING SNOW
X = TORNADO
MAX 32 OR BELOW: 0 0.01 INCH OR MORE: 4
MAX 90 OR ABOVE: 0 0.10 INCH OR MORE: 2
MIN 32 OR BELOW: 24 0.50 INCH OR MORE: 0
MIN 0 OR BELOW: 0 1.00 INCH OR MORE: 0
[HDD (BASE 65) ]
TOTAL THIS MO. 534 CLEAR (SCALE 0-3) 23
DPTR FM NORMAL -23 PTCLDY (SCALE 4-7) 7
TOTAL FM JUL 1 732 CLOUDY (SCALE 8-10) 1
DPTR FM NORMAL -100
[CDD (BASE 65) ]
TOTAL THIS MO. 0
DPTR FM NORMAL 0 [PRESSURE DATA]
TOTAL FM JAN 1 341 HIGHEST SLP 30.42 ON 29
DPTR FM NORMAL 16 LOWEST SLP 29.41 ON 22
[REMARKS]
#FINAL-10-22#