000
CXUS51 KRNK 011947
CF6BLF
PRELIMINARY LOCAL CLIMATOLOGICAL DATA (WS FORM: F-6)
STATION: BLUEFIELD WV
MONTH: MARCH
YEAR: 2023
LATITUDE: 37 17 N
LONGITUDE: 81 12 W
TEMPERATURE IN F: :PCPN: SNOW: WIND :SUNSHINE: SKY :PK WND
================================================================================
1 2 3 4 5 6A 6B 7 8 9 10 11 12 13 14 15 16 17 18
12Z AVG MX 2MIN
DY MAX MIN AVG DEP HDD CDD WTR SNW DPTH SPD SPD DIR MIN PSBL S-S WX SPD DR
================================================================================
1 67 44 56 18 9 0 0.00 0.0 0 7.3 17 230 M M 0 24 240
2 59 46 53 15 12 0 0.47 0.0 0 5.9 17 240 M M 6 1 23 250
3 58 40 49 11 16 0 0.47 0.0 0 12.3 35 250 M M 7 1 50 160
4 50 33 42 3 23 0 T T 0 11.2 35 260 M M 5 1 46 240
5 56 32 44 5 21 0 0.00 0.0 0 5.1 13 280 M M 0 18 260
6 66 41 54 15 11 0 0.00 0.0 0 7.2 20 240 M M 0 29 260
7 58 32 45 5 20 0 0.00 0.0 0 10.3 22 290 M M 5 31 300
8 45 23 34 -6 31 0 0.00 0.0 0 5.1 12 300 M M 1 17 300
9 59 29 44 4 21 0 T 0.0 0 3.6 12 190 M M 3 17 210
10 52 30 41 1 24 0 0.33 T 0 11.9 26 260 M M 10 1 37 310
11 36 26 31 -9 34 0 T T 0 8.3 21 300 M M 7 1 30 280
12 35 26 31 -10 34 0 0.10 T 0 5.2 17 150 M M 9 146 30 140
13 35 23 29 -12 36 0 0.06 0.1 0 10.4 21 290 M M 10 1 32 310
14 23 21 22 -19 43 0 T 0.3 T 13.4 22 310 M M 10 1 34 290
15 42 21 32 -10 33 0 T T 0 8.0 16 300 M M 4 24 290
16 59 29 44 2 21 0 0.00 0.0 0 6.8 20 250 M M 0 24 260
17 57 31 44 2 21 0 0.26 T 0 12.1 26 220 M M 8 1 35 210
18 39 25 32 -11 33 0 T T 0 11.5 21 250 M M 7 1 31 300
19 28 16 22 -21 43 0 T 0.1 0 9.6 18 270 M M 6 26 270
20 45 13 29 -14 36 0 0.00 0.0 0 3.2 10 310 M M 0 12 280
21 57 28 43 -1 22 0 0.00 0.0 0 4.8 15 180 M M 2 23 160
22 50 41 46 2 19 0 0.07 0.0 0 5.4 18 260 M M 10 1 23 270
23 69 50 60 16 5 0 T 0.0 0 17.8 29 250 M M 7 40 270
24 75 52 64 19 1 0 0.05 0.0 0 9.4 30 290 M M 6 44 310
25 67 52 60 15 5 0 0.50 0.0 0 15.2 36 240 M M 4 1 50 250
26 67 39 53 8 12 0 0.00 0.0 0 4.5 14 270 M M 0 20 260
27 67 47 57 11 8 0 T 0.0 0 7.9 23 300 M M 3 33 300
28 53 37 45 -1 20 0 0.09 0.0 0 4.8 16 270 M M 7 1 24 260
29 52 29 41 -5 24 0 0.00 0.0 0 6.3 16 300 M M 2 26 290
30 58 33 46 -1 19 0 0.00 0.0 0 5.5 14 180 M M 0 20 200
31 57 48 53 6 12 0 0.60 0.0 0 9.2 20 250 M M 6 1 30 240
================================================================================
SM 1641 1037 669 0 3.00 0.5 259.2 M 145
================================================================================
AV 52.9 33.5 8.4 FASTST M M 5 MAX(MPH)
MISC ----> 36 240 # 50 160
================================================================================
NOTES:
# LAST OF SEVERAL OCCURRENCES
COLUMN 17 PEAK WIND IN M.P.H.
PRELIMINARY LOCAL CLIMATOLOGICAL DATA (WS FORM: F-6) , PAGE 2
STATION: BLUEFIELD WV
MONTH: MARCH
YEAR: 2023
LATITUDE: 37 17 N
LONGITUDE: 81 12 W
[TEMPERATURE DATA] [PRECIPITATION DATA] SYMBOLS USED IN COLUMN 16
AVERAGE MONTHLY: 43.2 TOTAL FOR MONTH: 3.00 1 = FOG OR MIST
DPTR FM NORMAL: 1.0 DPTR FM NORMAL: -0.84 2 = FOG REDUCING VISIBILITY
HIGHEST: 75 ON 24 GRTST 24HR 0.60 ON 31-31 TO 1/4 MILE OR LESS
LOWEST: 13 ON 20 3 = THUNDER
SNOW, ICE PELLETS, HAIL 4 = ICE PELLETS
TOTAL MONTH: 0.5 INCH 5 = HAIL
GRTST 24HR 0.3 ON 14-14 6 = FREEZING RAIN OR DRIZZLE
GRTST DEPTH: T 7 = DUSTSTORM OR SANDSTORM:
VSBY 1/2 MILE OR LESS
8 = SMOKE OR HAZE
[NO. OF DAYS WITH] [WEATHER - DAYS WITH] 9 = BLOWING SNOW
X = TORNADO
MAX 32 OR BELOW: 2 0.01 INCH OR MORE: 11
MAX 90 OR ABOVE: 0 0.10 INCH OR MORE: 7
MIN 32 OR BELOW: 17 0.50 INCH OR MORE: 2
MIN 0 OR BELOW: 0 1.00 INCH OR MORE: 0
[HDD (BASE 65) ]
TOTAL THIS MO. 669 CLEAR (SCALE 0-3) 12
DPTR FM NORMAL -39 PTCLDY (SCALE 4-7) 14
TOTAL FM JUL 1 4182 CLOUDY (SCALE 8-10) 5
DPTR FM NORMAL -433
[CDD (BASE 65) ]
TOTAL THIS MO. 0
DPTR FM NORMAL -1 [PRESSURE DATA]
TOTAL FM JAN 1 0 HIGHEST SLP 30.41 ON 21
DPTR FM NORMAL -1 LOWEST SLP 29.29 ON 3
[REMARKS]
#FINAL-03-23#