000
CXUS51 KRNK 040614
CF6BLF
PRELIMINARY LOCAL CLIMATOLOGICAL DATA (WS FORM: F-6)
STATION: BLUEFIELD WV
MONTH: MARCH
YEAR: 2020
LATITUDE: 37 17 N
LONGITUDE: 81 12 W
TEMPERATURE IN F: :PCPN: SNOW: WIND :SUNSHINE: SKY :PK WND
================================================================================
1 2 3 4 5 6A 6B 7 8 9 10 11 12 13 14 15 16 17 18
12Z AVG MX 2MIN
DY MAX MIN AVG DEP HDD CDD WTR SNW DPTH SPD SPD DIR MIN PSBL S-S WX SPD DR
================================================================================
1 50 20 35 -6 30 0 0.00 0.0 0 7.9 15 240 M M 0 19 240
2 49 41 45 4 20 0 0.03 0.0 0 8.8 25 250 M M 8 35 240
3 54 46 50 9 15 0 0.25 0.0 0 11.3 27 240 M M 9 38 260
4 55 36 46 4 19 0 0.00 0.0 0 8.8 28 260 M M 1 1 38 250
5 52 34 43 1 22 0 0.00 0.0 0 5.1 15 150 M M 0 26 150
6 43 27 35 -7 30 0 0.05 1.5 2 12.7 26 300 M M 9 12 42 310
7 36 24 30 -12 35 0 0.01 0.4 1 5.8 20 290 M M 6 18 28 300
8 60 22 41 -2 24 0 0.00 0.0 0 3.9 12 230 M M 0 16 230
9 63 41 52 9 13 0 0.00 0.0 0 7.9 20 250 M M 0 24 270
10 55 49 52 9 13 0 0.16 0.0 0 11.7 29 240 M M 10 1 39 240
11 62 45 54 10 11 0 0.02 0.0 0 7.6 20 270 M M 5 1 28 280
12 67 44 56 12 9 0 0.13 0.0 0 6.7 17 230 M M 4 1 27 170
13 60 42 51 7 14 0 0.69 0.0 0 10.1 25 240 M M 6 1 35 260
14 55 35 45 1 20 0 0.45 0.0 0 3.4 15 160 M M 7 1 23 150
15 45 35 40 -5 25 0 0.14 0.0 0 3.7 10 130 M M 10 1 19 150
16 46 34 40 -5 25 0 T 0.0 0 6.4 14 170 M M 10 23 170
17 50 42 46 0 19 0 0.05 0.0 0 5.7 14 280 M M 10 1 19 290
18 54 42 48 2 17 0 0.19 0.0 0 7.8 21 160 M M 9 12 29 140
19 69 54 62 16 3 0 0.03 0.0 0 7.4 16 240 M M 8 20 250
20 66 54 60 14 5 0 0.79 0.0 0 13.3 25 260 M M 6 1 34 240
21 54 34 44 -3 21 0 0.10 0.0 0 7.1 22 280 M M 10 12 30 280
22 50 33 42 -5 23 0 0.06 0.0 0 5.5 18 140 M M 6 1 29 140
23 54 37 46 -1 19 0 0.28 0.0 0 6.9 15 280 M M 10 18 23 130
24 53 41 47 -1 18 0 1.00 0.0 0 4.8 16 120 M M 9 12 26 160
25 53 39 46 -2 19 0 0.09 0.0 0 7.4 17 130 M M 7 1 27 100
26 69 36 53 5 12 0 0.00 0.0 0 6.8 18 260 M M 0 1 25 250
27 74 58 66 17 0 1 0.00 0.0 0 9.9 23 260 M M 4 33 260
28 81 62 72 23 0 7 0.00 0.0 0 10.0 22 240 M M 1 32 230
29 71 58 65 15 0 0 0.28 0.0 0 14.3 35 240 M M 2 1 46 270
30 62 47 55 5 10 0 0.00 0.0 0 13.4 25 280 M M 0 39 280
31 47 31 39 -11 26 0 0.72 T 0 3.3 10 140 M M 8 12 15 150
================================================================================
SM 1759 1243 517 8 5.52 1.9 245.4 M 175
================================================================================
AV 56.7 40.1 7.9 FASTST M M 6 MAX(MPH)
MISC ----> 35 240 46 270
================================================================================
NOTES:
# LAST OF SEVERAL OCCURRENCES
COLUMN 17 PEAK WIND IN M.P.H.
PRELIMINARY LOCAL CLIMATOLOGICAL DATA (WS FORM: F-6) , PAGE 2
STATION: BLUEFIELD WV
MONTH: MARCH
YEAR: 2020
LATITUDE: 37 17 N
LONGITUDE: 81 12 W
[TEMPERATURE DATA] [PRECIPITATION DATA] SYMBOLS USED IN COLUMN 16
AVERAGE MONTHLY: 48.4 TOTAL FOR MONTH: 5.52 1 = FOG OR MIST
DPTR FM NORMAL: 3.1 DPTR FM NORMAL: 2.01 2 = FOG REDUCING VISIBILITY
HIGHEST: 81 ON 28 GRTST 24HR 1.09 ON 24-25 TO 1/4 MILE OR LESS
LOWEST: 20 ON 1 3 = THUNDER
SNOW, ICE PELLETS, HAIL 4 = ICE PELLETS
TOTAL MONTH: 3.3 INCHES 5 = HAIL
GRTST 24HR 1.5 ON 6- 6 6 = FREEZING RAIN OR DRIZZLE
GRTST DEPTH: 2 ON 6 7 = DUSTSTORM OR SANDSTORM:
VSBY 1/2 MILE OR LESS
8 = SMOKE OR HAZE
[NO. OF DAYS WITH] [WEATHER - DAYS WITH] 9 = BLOWING SNOW
X = TORNADO
MAX 32 OR BELOW: 0 0.01 INCH OR MORE: 21
MAX 90 OR ABOVE: 0 0.10 INCH OR MORE: 13
MIN 32 OR BELOW: 5 0.50 INCH OR MORE: 4
MIN 0 OR BELOW: 0 1.00 INCH OR MORE: 1
[HDD (BASE 65) ]
TOTAL THIS MO. 517 CLEAR (SCALE 0-3) 9
DPTR FM NORMAL -99 PTCLDY (SCALE 4-7) 12
TOTAL FM JUL 1 3996 CLOUDY (SCALE 8-10) 10
DPTR FM NORMAL -113
[CDD (BASE 65) ]
TOTAL THIS MO. 8
DPTR FM NORMAL 4 [PRESSURE DATA]
TOTAL FM JAN 1 8 HIGHEST SLP 30.58 ON 8
DPTR FM NORMAL 4 LOWEST SLP 29.62 ON 3
[REMARKS]
#FINAL-03-20#