000
CXUS54 KEWX 051854
CF6BMQ
PRELIMINARY LOCAL CLIMATOLOGICAL DATA (WS FORM: F-6)
STATION: BURNET
MONTH: JUNE
YEAR: 2022
LATITUDE: 30 43 N
LONGITUDE: 98 14 W
TEMPERATURE IN F: :PCPN: SNOW: WIND :SUNSHINE: SKY :PK WND
================================================================================
1 2 3 4 5 6A 6B 7 8 9 10 11 12 13 14 15 16 17 18
12Z AVG MX 2MIN
DY MAX MIN AVG DEP HDD CDD WTR SNW DPTH SPD SPD DIR MIN PSBL S-S WX SPD DR
================================================================================
1 95 74 85 6 0 20 0.00 M M 8.1 16 120 M M 4 8 27 170
2 89 69 79 0 0 14 0.01 M M 6.9 16 60 M M 3 1 27 50
3 88 70 79 0 0 14 0.02 M M 5.8 24 330 M M 2 13 34 340
4 91 67 79 -1 0 14 M M M 5.1 41 320 M M 0 13 59 320
5 96 71 84 4 0 19 0.00 M M 9.1 18 180 M M 0 30 190
6 99 72 86 6 0 21 0.00 M M 11.8 22 190 M M 0 1 31 170
7 98 73 86 6 0 21 0.00 M M 10.0 16 170 M M 1 31 160
8 97 74 86 6 0 21 0.00 M M 8.5 17 180 M M 2 27 180
9 97 75 86 6 0 21 0.00 M M 4.4 13 190 M M 1 19 190
10 100 75 88 7 0 23 0.00 M M 5.8 17 190 M M 0 26 190
11 102 76 89 8 0 24 0.00 M M 7.1 14 210 M M 0 22 180
12 102 76 89 8 0 24 0.00 M M 9.1 16 190 M M 0 26 180
13 98 75 87 6 0 22 0.00 M M 12.4 21 180 M M 0 8 31 210
14 96 76 86 5 0 21 0.00 M M 14.0 25 180 M M 1 8 39 150
15 94 78 86 5 0 21 0.00 M M 9.9 23 190 M M 3 31 170
16 99 75 87 6 0 22 0.00 M M 7.2 15 180 M M 0 18 27 180
17 97 73 85 3 0 20 0.00 M M 5.8 15 180 M M 0 26 190
18 97 74 86 4 0 21 0.00 M M 6.3 14 130 M M 0 24 140
19 98 74 86 4 0 21 0.00 M M 6.2 14 180 M M 1 22 150
20 99 73 86 4 0 21 0.00 M M 5.9 15 200 M M 0 8 24 170
21 99 78 89 7 0 24 0.00 M M 7.5 17 100 M M 1 26 110
22 98 74 86 4 0 21 0.00 M M 4.9 12 120 M M 1 17 180
23 100 75 88 6 0 23 0.00 M M 4.3 13 140 M M 0 22 140
24 101 74 88 6 0 23 M M M 5.9 18 180 M M 0 26 190
25 100 75 88 6 0 23 0.00 M M 8.5 15 200 M M 0 23 170
26 100 71 86 4 0 21 0.00 M M 5.7 15 110 M M 0 23 80
27 99 70 85 3 0 20 1.62 M M 8.0 22 200 M M 4 138 31 190
28 87 71 79 -3 0 14 0.30 M M 5.3 18 60 M M 4 13 30 60
29 94 70 82 -1 0 17 0.00 M M 4.9 13 30 M M 0 19 60
30 96 72 84 1 0 19 0.00 M M 4.3 13 80 M M 1 18 150
================================================================================
SM 2906 2200 0 610 1.95 M 218.7 M 29
================================================================================
AV 96.9 73.3 7.3 FASTST M M 1 MAX(MPH)
MISC ----> 41 320 59 320
================================================================================
NOTES:
# LAST OF SEVERAL OCCURRENCES
COLUMN 17 PEAK WIND IN M.P.H.
PRELIMINARY LOCAL CLIMATOLOGICAL DATA (WS FORM: F-6) , PAGE 2
STATION: BURNET
MONTH: JUNE
YEAR: 2022
LATITUDE: 30 43 N
LONGITUDE: 98 14 W
[TEMPERATURE DATA] [PRECIPITATION DATA] SYMBOLS USED IN COLUMN 16
AVERAGE MONTHLY: 85.1 TOTAL FOR MONTH: 1.95 1 = FOG OR MIST
DPTR FM NORMAL: 3.9 DPTR FM NORMAL: -0.90 2 = FOG REDUCING VISIBILITY
HIGHEST: 102 ON 12,11 GRTST 24HR 1.92 ON 27-28 TO 1/4 MILE OR LESS
LOWEST: 67 ON 4 3 = THUNDER
SNOW, ICE PELLETS, HAIL 4 = ICE PELLETS
TOTAL MONTH: M 5 = HAIL
GRTST 24HR M ON M 6 = FREEZING RAIN OR DRIZZLE
GRTST DEPTH: M ON M 7 = DUSTSTORM OR SANDSTORM:
VSBY 1/2 MILE OR LESS
8 = SMOKE OR HAZE
[NO. OF DAYS WITH] [WEATHER - DAYS WITH] 9 = BLOWING SNOW
X = TORNADO
MAX 32 OR BELOW: 0 0.01 INCH OR MORE: 4
MAX 90 OR ABOVE: 27 0.10 INCH OR MORE: 2
MIN 32 OR BELOW: 0 0.50 INCH OR MORE: 1
MIN 0 OR BELOW: 0 1.00 INCH OR MORE: 1
[HDD (BASE 65) ]
TOTAL THIS MO. 0 CLEAR (SCALE 0-3) 27
DPTR FM NORMAL 0 PTCLDY (SCALE 4-7) 3
TOTAL FM JUL 1 1610 CLOUDY (SCALE 8-10) 0
DPTR FM NORMAL -237
[CDD (BASE 65) ]
TOTAL THIS MO. 610
DPTR FM NORMAL 126 [PRESSURE DATA]
TOTAL FM JAN 1 1378 HIGHEST SLP 30.19 ON 28
DPTR FM NORMAL 404 LOWEST SLP 29.60 ON 6
[REMARKS]
#FINAL-06-22#