000
CXUS55 KOHX 011210
CF6BNA
PRELIMINARY LOCAL CLIMATOLOGICAL DATA (WS FORM: F-6)
STATION: NASHVILLE
MONTH: FEBRUARY
YEAR: 2023
LATITUDE: 36 7 N
LONGITUDE: 86 41 W
TEMPERATURE IN F: :PCPN: SNOW: WIND :SUNSHINE: SKY :PK WND
================================================================================
1 2 3 4 5 6A 6B 7 8 9 10 11 12 13 14 15 16 17 18
12Z AVG MX 2MIN
DY MAX MIN AVG DEP HDD CDD WTR SNW DPTH SPD SPD DIR MIN PSBL S-S WX SPD DR
================================================================================
1 33 29 31 -9 34 0 T 0.0 0 6.1 12 350 M M 10 1468 16 330
2 36 32 34 -7 31 0 0.12 0.0 0 3.7 9 330 M M 9 168 20 310
3 36 24 30 -11 35 0 0.00 0.0 0 8.9 18 360 M M 1 1 26 330
4 52 19 36 -5 29 0 0.00 0.0 0 6.2 15 200 M M 5 21 180
5 61 40 51 10 14 0 0.00 0.0 0 10.3 21 200 M M 6 31 200
6 64 31 48 7 17 0 0.00 0.0 0 4.3 10 160 M M 3 1 17 180
7 70 42 56 14 9 0 0.00 0.0 0 6.9 20 200 M M 6 29 190
8 67 54 61 19 4 0 T 0.0 0 8.3 22 180 M M 9 1 30 160
9 67 48 58 16 7 0 0.29 0.0 0 15.3 32 180 M M 8 1 45 190
10 58 39 49 7 16 0 0.00 0.0 0 9.0 17 10 M M 7 36 330
11 56 35 46 4 19 0 0.01 0.0 0 11.8 18 20 M M 7 26 20
12 59 36 48 5 17 0 0.00 0.0 0 8.4 18 350 M M 5 32 40
13 70 31 51 8 14 0 0.00 0.0 0 5.4 13 270 M M 1 18 300
14 68 37 53 10 12 0 T 0.0 0 12.3 31 190 M M 7 3 44 160
15 71 58 65 22 0 0 0.02 0.0 0 11.8 22 190 M M 8 13 32 190
16 74 44 59 15 6 0 1.77 0.0 0 13.7 25 190 M M 10 13 37 200
17 44 27 36 -8 29 0 0.01 0.0 0 11.0 21 330 M M 8 32 330
18 52 22 37 -7 28 0 0.00 0.0 0 3.2 10 110 M M 3 14 130
19 63 44 54 10 11 0 0.00 0.0 0 12.2 21 190 M M 7 32 210
20 69 52 61 16 4 0 T 0.0 0 7.6 17 210 M M 9 26 220
21 69 45 57 12 8 0 0.00 0.0 0 7.2 13 170 M M 6 1 24 320
22 80 63 72 27 0 7 0.07 0.0 0 13.7 30 180 M M 8 43 190
23 85 55 70 24 0 5 T 0.0 0 8.5 22 360 M M 7 1 30 360
24 55 42 49 3 16 0 0.04 0.0 0 9.8 18 360 M M 9 24 20
25 52 44 48 2 17 0 0.32 0.0 0 3.7 12 320 M M 10 138 17 310
26 59 45 52 6 13 0 0.01 0.0 0 4.2 10 170 M M 10 1 13 160
27 80 55 68 21 0 3 0.14 0.0 0 13.5 29 260 M M 5 1 49 260
28 76 51 64 17 1 0 0.00 0.0 0 4.9 12 190 M M 1 17 170
================================================================================
SM 1726 1144 391 15 2.80 0.0 241.9 M 185
================================================================================
AV 61.6 40.9 8.6 FASTST M M 7 MAX(MPH)
MISC ----> 32 180 49 260
================================================================================
NOTES:
# LAST OF SEVERAL OCCURRENCES
COLUMN 17 PEAK WIND IN M.P.H.
PRELIMINARY LOCAL CLIMATOLOGICAL DATA (WS FORM: F-6) , PAGE 2
STATION: NASHVILLE
MONTH: FEBRUARY
YEAR: 2023
LATITUDE: 36 7 N
LONGITUDE: 86 41 W
[TEMPERATURE DATA] [PRECIPITATION DATA] SYMBOLS USED IN COLUMN 16
AVERAGE MONTHLY: 51.3 TOTAL FOR MONTH: 2.80 1 = FOG OR MIST
DPTR FM NORMAL: 7.8 DPTR FM NORMAL: -1.67 2 = FOG REDUCING VISIBILITY
HIGHEST: 85 ON 23 GRTST 24HR 1.77 ON 16-16 TO 1/4 MILE OR LESS
LOWEST: 19 ON 4 3 = THUNDER
SNOW, ICE PELLETS, HAIL 4 = ICE PELLETS
TOTAL MONTH: 0.0 INCH 5 = HAIL
GRTST 24HR 0.0 6 = FREEZING RAIN OR DRIZZLE
GRTST DEPTH: 0 7 = DUSTSTORM OR SANDSTORM:
VSBY 1/2 MILE OR LESS
8 = SMOKE OR HAZE
[NO. OF DAYS WITH] [WEATHER - DAYS WITH] 9 = BLOWING SNOW
X = TORNADO
MAX 32 OR BELOW: 0 0.01 INCH OR MORE: 11
MAX 90 OR ABOVE: 0 0.10 INCH OR MORE: 5
MIN 32 OR BELOW: 8 0.50 INCH OR MORE: 1
MIN 0 OR BELOW: 0 1.00 INCH OR MORE: 1
[HDD (BASE 65) ]
TOTAL THIS MO. 391 CLEAR (SCALE 0-3) 5
DPTR FM NORMAL -215 PTCLDY (SCALE 4-7) 15
TOTAL FM JUL 1 2190 CLOUDY (SCALE 8-10) 8
DPTR FM NORMAL -521
[CDD (BASE 65) ]
TOTAL THIS MO. 15
DPTR FM NORMAL 14 [PRESSURE DATA]
TOTAL FM JAN 1 15 HIGHEST SLP 30.59 ON 3
DPTR FM NORMAL 15 LOWEST SLP 29.43 ON 27
[REMARKS]
#FINAL-02-23#