000
CXUS56 KBOI 011002
CF6BNO
PRELIMINARY LOCAL CLIMATOLOGICAL DATA (WS FORM: F-6)
STATION: BURNS OR
MONTH: DECEMBER
YEAR: 2022
LATITUDE: 43 34 N
LONGITUDE: 118 57 W
TEMPERATURE IN F: :PCPN: SNOW: WIND :SUNSHINE: SKY :PK WND
================================================================================
1 2 3 4 5 6A 6B 7 8 9 10 11 12 13 14 15 16 17 18
12Z AVG MX 2MIN
DY MAX MIN AVG DEP HDD CDD WTR SNW DPTH SPD SPD DIR MIN PSBL S-S WX SPD DR
================================================================================
1 36 8 22 -7 43 0 0.14 M M 7.7 18 320 M M 9 1 25 310
2 24 -11 7 -22 58 0 T M M 5.1 13 70 M M 2 128 14 60
3 32 -2 15 -13 50 0 0.02 M M 8.6 18 70 M M 4 24 70
4 36 10 23 -5 42 0 0.25 M M 6.9 9 300 M M 9 128 11 300
5 32 16 24 -4 41 0 T M M 2.3 7 290 M M 10 128 9 300
6 32 11 22 -6 43 0 0.00 M M 2.0 7 100 M M 9 128 9 80
7 22 -7 8 -19 57 0 0.00 M M 1.2 9 290 M M 8 128 10 290
8 30 -7 12 -15 53 0 0.25 M M 2.3 9 90 M M 9 128 14 90
9 33 3 18 -9 47 0 0.20 M M 6.9 16 140 M M 7 128 21 140
10 39 32 36 10 29 0 0.02 M M 9.5 22 160 M M 10 1 32 170
11 37 29 33 7 32 0 0.04 M M 6.1 20 310 M M 8 1 26 320
12 37 23 30 4 35 0 T M M 22.3 35 340 M M 8 48 340
13 28 4 16 -10 49 0 0.00 M M 3.7 13 60 M M 6 128 16 340
14 24 -3 11 -15 54 0 0.01 M M 1.8 8 300 M M 10 128 11 350
15 16 -9 4 -22 61 0 T M M 3.0 8 290 M M 7 128 9 290
16 12 -14 -1 -26 66 0 T M M 1.7 8 300 M M 8 128 10 300
17 8 -12 -2 -27 67 0 0.00 M M 3.5 8 300 M M 9 128 10 310
18 8 -15 -3 -28 68 0 0.00 M M 0.8 7 320 M M 5 128 8 20
19 21 -19 1 -24 64 0 0.00 M M 2.6 8 300 M M 6 10 200
20 37 9 23 -2 42 0 T M M 3.7 14 250 M M 7 20 200
21 41 10 26 1 39 0 0.00 M M 11.5 23 290 M M 3 32 300
22 18 -1 9 -16 56 0 0.10 M M 7.7 16 90 M M 5 21 80
23 25 14 20 -5 45 0 0.19 M M 3.8 14 90 M M 10 168 18 90
24 32 23 28 3 37 0 0.12 M M 1.2 7 300 M M 9 126 7 300
25 44 21 33 8 32 0 0.00 M M 3.0 8 280 M M 6 128 10 280
26 47 28 38 13 27 0 0.02 M M 3.8 16 80 M M 8 12 26 240
27 43 34 39 14 26 0 0.11 M M 13.9 35 250 M M 7 1 45 240
28 37 16 27 2 38 0 T M M 9.3 18 260 M M 7 25 260
29 34 18 26 1 39 0 0.29 M M 5.0 12 80 M M 8 18 14 70
30 37 32 35 10 30 0 0.69 M M 6.0 13 40 M M 10 1 17 160
31 36 10 23 -2 42 0 0.00 M M 6.5 18 300 M M 3 128 25 290
================================================================================
SM 938 251 1412 0 2.45 M 173.4 M 227
================================================================================
AV 30.3 8.1 5.6 FASTST M M 7 MAX(MPH)
MISC ----> # 35 340 48 340
================================================================================
NOTES:
# LAST OF SEVERAL OCCURRENCES
COLUMN 17 PEAK WIND IN M.P.H.
PRELIMINARY LOCAL CLIMATOLOGICAL DATA (WS FORM: F-6) , PAGE 2
STATION: BURNS OR
MONTH: DECEMBER
YEAR: 2022
LATITUDE: 43 34 N
LONGITUDE: 118 57 W
[TEMPERATURE DATA] [PRECIPITATION DATA] SYMBOLS USED IN COLUMN 16
AVERAGE MONTHLY: 19.2 TOTAL FOR MONTH: 2.45 1 = FOG OR MIST
DPTR FM NORMAL: -6.7 DPTR FM NORMAL: 0.93 2 = FOG REDUCING VISIBILITY
HIGHEST: 47 ON 26 GRTST 24HR 0.86 ON 29-30 TO 1/4 MILE OR LESS
LOWEST: -19 ON 19 3 = THUNDER
SNOW, ICE PELLETS, HAIL 4 = ICE PELLETS
TOTAL MONTH: M 5 = HAIL
GRTST 24HR M ON M 6 = FREEZING RAIN OR DRIZZLE
GRTST DEPTH: M ON M 7 = DUSTSTORM OR SANDSTORM:
VSBY 1/2 MILE OR LESS
8 = SMOKE OR HAZE
[NO. OF DAYS WITH] [WEATHER - DAYS WITH] 9 = BLOWING SNOW
X = TORNADO
MAX 32 OR BELOW: 16 0.01 INCH OR MORE: 15
MAX 90 OR ABOVE: 0 0.10 INCH OR MORE: 10
MIN 32 OR BELOW: 30 0.50 INCH OR MORE: 1
MIN 0 OR BELOW: 11 1.00 INCH OR MORE: 0
[HDD (BASE 65) ]
TOTAL THIS MO. 1412 CLEAR (SCALE 0-3) 3
DPTR FM NORMAL 202 PTCLDY (SCALE 4-7) 12
TOTAL FM JUL 1 3296 CLOUDY (SCALE 8-10) 16
DPTR FM NORMAL 253
[CDD (BASE 65) ]
TOTAL THIS MO. 0
DPTR FM NORMAL 0 [PRESSURE DATA]
TOTAL FM JAN 1 566 HIGHEST SLP 30.70 ON 16
DPTR FM NORMAL 264 LOWEST SLP 29.37 ON 27
[REMARKS]
#FINAL-12-22#