000
CXUS55 KBOI 011717
CF6BOI
PRELIMINARY LOCAL CLIMATOLOGICAL DATA (WS FORM: F-6)
STATION: BOISE ID
MONTH: AUGUST
YEAR: 2021
LATITUDE: 43 34 N
LONGITUDE: 116 13 W
TEMPERATURE IN F: :PCPN: SNOW: WIND :SUNSHINE: SKY :PK WND
================================================================================
1 2 3 4 5 6A 6B 7 8 9 10 11 12 13 14 15 16 17 18
12Z AVG MX 2MIN
DY MAX MIN AVG DEP HDD CDD WTR SNW DPTH SPD SPD DIR MIN PSBL S-S WX SPD DR
================================================================================
1 82 69 76 -3 0 11 0.14 0.0 0 4.3 12 170 M M 5 1 15 310
2 93 68 81 2 0 16 0.00 0.0 0 5.1 17 320 M M 0 8 24 280
3 96 69 83 4 0 18 T 0.0 0 6.2 23 180 M M 0 8 32 150
4 105 67 86 7 0 21 T 0.0 0 7.9 20 140 M M 0 3 26 140
5 97 71 84 5 0 19 0.00 0.0 0 8.0 26 340 M M 0 35 320
6 82 67 75 -3 0 10 T 0.0 0 9.5 21 310 M M 1 8 26 300
7 94 61 78 0 0 13 0.00 0.0 0 7.1 17 130 M M 0 22 120
8 87 65 76 -2 0 11 0.00 0.0 0 11.1 23 320 M M 0 32 320
9 83 53 68 -10 0 3 0.00 0.0 0 6.5 15 330 M M 0 25 290
10 93 58 76 -2 0 11 0.00 0.0 0 6.4 15 330 M M 0 22 340
11 98 62 80 3 0 15 0.00 0.0 0 7.7 18 280 M M 0 24 290
12 100 67 84 7 0 19 0.00 0.0 0 5.4 15 280 M M 0 22 280
13 98 66 82 5 0 17 0.00 0.0 0 5.3 12 280 M M 0 8 17 290
14 97 67 82 6 0 17 0.00 0.0 0 5.3 14 300 M M 1 8 21 320
15 98 66 82 6 0 17 0.00 0.0 0 6.1 13 280 M M 0 8 18 270
16 97 68 83 7 0 18 0.00 0.0 0 7.2 16 210 M M 0 8 21 210
17 82 60 71 -5 0 6 0.00 0.0 0 10.8 24 320 M M 0 8 35 320
18 77 53 65 -10 0 0 0.00 0.0 0 11.8 21 300 M M 0 8 29 290
19 80 52 66 -9 0 1 0.00 0.0 0 9.1 23 300 M M 0 8 33 280
20 85 56 71 -4 0 6 0.00 0.0 0 8.0 21 320 M M 0 30 320
21 77 57 67 -7 0 2 0.05 0.0 0 8.2 23 200 M M 3 3 33 210
22 84 52 68 -6 0 3 0.00 0.0 0 7.7 15 140 M M 0 20 130
23 82 56 69 -5 0 4 0.00 0.0 0 7.6 17 330 M M 0 8 23 330
24 82 50 66 -8 0 1 0.00 0.0 0 4.6 10 300 M M 0 8 15 340
25 86 56 71 -2 0 6 0.00 0.0 0 5.6 14 330 M M 0 8 18 360
26 84 59 72 -1 0 7 0.00 0.0 0 5.8 16 310 M M 0 8 21 340
27 80 54 67 -6 0 2 0.00 0.0 0 6.4 20 310 M M 0 8 25 320
28 83 51 67 -5 0 2 0.00 0.0 0 4.6 10 260 M M 0 16 280
29 91 57 74 2 0 9 0.00 0.0 0 5.1 13 130 M M 0 16 140
30 89 60 75 3 0 10 0.00 0.0 0 6.1 14 140 M M 0 8 19 350
31 81 54 68 -4 0 3 0.00 0.0 0 6.8 18 340 M M 0 8 23 330
================================================================================
SM 2743 1871 0 298 0.19 0.0 217.3 M 10
================================================================================
AV 88.5 60.4 7.0 FASTST M M 0 MAX(MPH)
MISC ----> 26 340 # 35 320
================================================================================
NOTES:
# LAST OF SEVERAL OCCURRENCES
COLUMN 17 PEAK WIND IN M.P.H.
PRELIMINARY LOCAL CLIMATOLOGICAL DATA (WS FORM: F-6) , PAGE 2
STATION: BOISE ID
MONTH: AUGUST
YEAR: 2021
LATITUDE: 43 34 N
LONGITUDE: 116 13 W
[TEMPERATURE DATA] [PRECIPITATION DATA] SYMBOLS USED IN COLUMN 16
AVERAGE MONTHLY: 74.4 TOTAL FOR MONTH: 0.19 1 = FOG OR MIST
DPTR FM NORMAL: -1.4 DPTR FM NORMAL: 0.02 2 = FOG REDUCING VISIBILITY
HIGHEST: 105 ON 4 GRTST 24HR 0.97 ON 31- 1 TO 1/4 MILE OR LESS
LOWEST: 50 ON 24 3 = THUNDER
SNOW, ICE PELLETS, HAIL 4 = ICE PELLETS
TOTAL MONTH: 0.0 INCH 5 = HAIL
GRTST 24HR 0.0 6 = FREEZING RAIN OR DRIZZLE
GRTST DEPTH: 0 7 = DUSTSTORM OR SANDSTORM:
VSBY 1/2 MILE OR LESS
8 = SMOKE OR HAZE
[NO. OF DAYS WITH] [WEATHER - DAYS WITH] 9 = BLOWING SNOW
X = TORNADO
MAX 32 OR BELOW: 0 0.01 INCH OR MORE: 2
MAX 90 OR ABOVE: 13 0.10 INCH OR MORE: 1
MIN 32 OR BELOW: 0 0.50 INCH OR MORE: 0
MIN 0 OR BELOW: 0 1.00 INCH OR MORE: 0
[HDD (BASE 65) ]
TOTAL THIS MO. 0 CLEAR (SCALE 0-3) 30
DPTR FM NORMAL -8 PTCLDY (SCALE 4-7) 1
TOTAL FM JUL 1 0 CLOUDY (SCALE 8-10) 0
DPTR FM NORMAL -10
[CDD (BASE 65) ]
TOTAL THIS MO. 298
DPTR FM NORMAL -43 [PRESSURE DATA]
TOTAL FM JAN 1 1274 HIGHEST SLP 30.14 ON 2
DPTR FM NORMAL 359 LOWEST SLP 29.55 ON 16
[REMARKS]
#FINAL-08-21#