000
CXUS55 KRIW 011913
CLMBPI
CLIMATE REPORT
NATIONAL WEATHER SERVICE RIVERTON WY
113 PM MDT MON APR 01 2024
...................................
...THE BIG PINEY WY CLIMATE SUMMARY FOR THE MONTH OF MARCH 2024...
CLIMATE NORMAL PERIOD: 1991 TO 2020
CLIMATE RECORD PERIOD: 1976 TO 2024
WEATHER OBSERVED NORMAL DEPART LAST YEAR`S
VALUE DATE(S) VALUE FROM VALUE
NORMAL
..............................................................
TEMPERATURE (F)
RECORD
HIGH 69 03/31/2015
LOW -23 03/08/1998
03/04/1993
HIGHEST 58 03/18
03/19
LOWEST -11 03/05
AVG. MAXIMUM 43.2 41.1 2.1
AVG. MINIMUM 14.7 12.7 2.0
MEAN 29.0 26.9 2.1
DAYS MAX >= 90 0
DAYS MAX <= 32 2
DAYS MIN <= 32 31
DAYS MIN <= 0 2
PRECIPITATION (INCHES)
RECORD
MAXIMUM 2.81 1983
MINIMUM T 1979
TOTALS 0.53 0.42 0.11 0.34
DAILY AVG. 0.02 0.01 0.01
DAYS >= .01 11
DAYS >= .10 2
DAYS >= .50 0
DAYS >= 1.00 0
GREATEST
24 HR. TOTAL 0.17 03/31 TO 03/31
STORM TOTAL 0.17
DEGREE DAYS
HEATING TOTAL 1109 1181 -72
SINCE 7/1 7636 8610 -974
COOLING TOTAL 0 0 0
SINCE 1/1 0 0 0
..............................................................
WIND (MPH)
AVERAGE WIND SPEED 7.1
RESULTANT WIND SPEED/DIRECTION 2/310
HIGHEST WIND SPEED/DIRECTION 41/220 DATE 03/02
HIGHEST GUST SPEED/DIRECTION 56/220 DATE 03/02
SKY COVER
POSSIBLE SUNSHINE (PERCENT) MM
AVERAGE SKY COVER 0.39
NUMBER OF DAYS FAIR 14
NUMBER OF DAYS PC 11
NUMBER OF DAYS CLOUDY 6
AVERAGE RH (PERCENT) 67
WEATHER CONDITIONS. NUMBER OF DAYS WITH
THUNDERSTORM 0 MIXED PRECIP 0
HEAVY RAIN 0 RAIN 0
LIGHT RAIN 3 FREEZING RAIN 0
LT FREEZING RAIN 0 HAIL 0
HEAVY SNOW 1 SNOW 5
LIGHT SNOW 14 SLEET 0
FOG 13 FOG W/VIS <= 1/4 MILE 3
HAZE 5
- INDICATES NEGATIVE NUMBERS.
R INDICATES RECORD WAS SET OR TIED.
MM INDICATES DATA IS MISSING.
T INDICATES TRACE AMOUNT.
$$