000
CXUS55 KDVN 011000
CF6BRL
PRELIMINARY LOCAL CLIMATOLOGICAL DATA (WS FORM: F-6)
STATION: BURLINGTON IA
MONTH: OCTOBER
YEAR: 2022
LATITUDE: 40 46 N
LONGITUDE: 91 7 W
TEMPERATURE IN F: :PCPN: SNOW: WIND :SUNSHINE: SKY :PK WND
================================================================================
1 2 3 4 5 6A 6B 7 8 9 10 11 12 13 14 15 16 17 18
12Z AVG MX 2MIN
DY MAX MIN AVG DEP HDD CDD WTR SNW DPTH SPD SPD DIR MIN PSBL S-S WX SPD DR
================================================================================
1 72 45 59 -2 6 0 0.00 M M 6.4 12 20 M M 0 18 15 10
2 74 45 60 0 5 0 0.00 M M 6.9 15 30 M M 1 18 20 20
3 74 49 62 2 3 0 0.00 M M 5.3 12 90 M M 0 16 70
4 73 40 57 -2 8 0 0.00 M M 3.7 10 180 M M 0 8 15 170
5 70 41 56 -3 9 0 0.20 M M 3.4 12 210 M M 4 138 17 240
6 77 48 63 5 2 0 0.08 M M 8.3 22 350 M M 1 123 31 320
7 57 37 47 -11 18 0 0.00 M M 9.1 18 10 M M 3 24 20
8 60 31 46 -12 19 0 0.00 M M 5.0 17 220 M M 0 36 260
9 71 39 55 -2 10 0 0.00 M M 5.5 13 240 M M 0 20 240
10 76 40 58 1 7 0 0.00 M M 3.4 10 240 M M 0 18 16 210
11 66 53 60 4 5 0 0.44 M M 12.5 22 190 M M 7 1 32 200
12 67 41 54 -2 11 0 0.01 M M 11.6 25 330 M M 6 40 330
13 56 32 44 -12 21 0 0.00 M M 8.8 26 270 M M 2 42 280
14 63 30 47 -8 18 0 0.10 M M 8.2 26 230 M M 2 1 43 230
15 59 30 45 -10 20 0 0.00 M M 7.8 20 200 M M 1 8 27 200
16 59 38 49 -5 16 0 0.00 M M 9.1 23 330 M M 2 8 35 340
17 44 29 37 -17 28 0 0.00 M M 13.0 24 330 M M 2 37 350
18 48 26 37 -16 28 0 0.00 M M 11.3 23 310 M M 0 34 310
19 49 23 36 -17 29 0 0.00 M M 7.5 18 320 M M 1 8 26 320
20 71 30 51 -1 14 0 0.00 M M 5.7 15 250 M M 0 8 23 270
21 81 40 61 9 4 0 0.00 M M 11.0 24 210 M M 0 32 200
22 82 55 69 17 0 4 0.00 M M 12.7 21 140 M M 0 31 150
23 76 60 68 17 0 3 0.02 M M 14.6 24 150 M M 0 3 38 180
24 72 50 61 10 4 0 0.58 M M 12.3 21 300 M M 5 1 31 170
25 50 41 46 -4 19 0 0.47 M M 12.1 35 10 M M 10 1 50 10
26 57 36 47 -3 18 0 0.00 M M 5.5 15 330 M M 0 22 340
27 56 38 47 -3 18 0 0.00 M M 8.0 16 100 M M 0 22 100
28 62 38 50 1 15 0 0.00 M M 4.3 9 90 M M 0 13 60
29 64 33 49 0 16 0 0.00 M M 3.4 9 100 M M 0 18 12 60
30 59 46 53 5 12 0 0.01 M M 7.0 15 10 M M 6 1 19 30
31 66 42 54 6 11 0 0.00 M M 3.9 10 310 M M 3 8 15 320
================================================================================
SM 2011 1226 394 7 1.91 M 247.3 M 56
================================================================================
AV 64.9 39.5 8.0 FASTST M M 2 MAX(MPH)
MISC ----> 35 10 50 10
================================================================================
NOTES:
# LAST OF SEVERAL OCCURRENCES
COLUMN 17 PEAK WIND IN M.P.H.
PRELIMINARY LOCAL CLIMATOLOGICAL DATA (WS FORM: F-6) , PAGE 2
STATION: BURLINGTON IA
MONTH: OCTOBER
YEAR: 2022
LATITUDE: 40 46 N
LONGITUDE: 91 7 W
[TEMPERATURE DATA] [PRECIPITATION DATA] SYMBOLS USED IN COLUMN 16
AVERAGE MONTHLY: 52.2 TOTAL FOR MONTH: 1.91 1 = FOG OR MIST
DPTR FM NORMAL: -2.0 DPTR FM NORMAL: -1.18 2 = FOG REDUCING VISIBILITY
HIGHEST: 82 ON 22 GRTST 24HR 0.87 ON 24-25 TO 1/4 MILE OR LESS
LOWEST: 23 ON 19 3 = THUNDER
SNOW, ICE PELLETS, HAIL 4 = ICE PELLETS
TOTAL MONTH: M 5 = HAIL
GRTST 24HR M ON M 6 = FREEZING RAIN OR DRIZZLE
GRTST DEPTH: M ON M 7 = DUSTSTORM OR SANDSTORM:
VSBY 1/2 MILE OR LESS
8 = SMOKE OR HAZE
[NO. OF DAYS WITH] [WEATHER - DAYS WITH] 9 = BLOWING SNOW
X = TORNADO
MAX 32 OR BELOW: 0 0.01 INCH OR MORE: 9
MAX 90 OR ABOVE: 0 0.10 INCH OR MORE: 5
MIN 32 OR BELOW: 8 0.50 INCH OR MORE: 1
MIN 0 OR BELOW: 0 1.00 INCH OR MORE: 0
[HDD (BASE 65) ]
TOTAL THIS MO. 394 CLEAR (SCALE 0-3) 24
DPTR FM NORMAL 42 PTCLDY (SCALE 4-7) 6
TOTAL FM JUL 1 468 CLOUDY (SCALE 8-10) 1
DPTR FM NORMAL 33
[CDD (BASE 65) ]
TOTAL THIS MO. 7
DPTR FM NORMAL -12 [PRESSURE DATA]
TOTAL FM JAN 1 1140 HIGHEST SLP 30.48 ON 8
DPTR FM NORMAL 58 LOWEST SLP 29.55 ON 25
[REMARKS]
#FINAL-10-22#