000
CXUS54 KBRO 010800
CF6BRO
PRELIMINARY LOCAL CLIMATOLOGICAL DATA (WS FORM: F-6)
STATION: BROWNSVILLE
MONTH: JULY
YEAR: 2023
LATITUDE: 25 53 N
LONGITUDE: 97 26 W
TEMPERATURE IN F: :PCPN: SNOW: WIND :SUNSHINE: SKY :PK WND
================================================================================
1 2 3 4 5 6A 6B 7 8 9 10 11 12 13 14 15 16 17 18
12Z AVG MX 2MIN
DY MAX MIN AVG DEP HDD CDD WTR SNW DPTH SPD SPD DIR MIN PSBL S-S WX SPD DR
================================================================================
1 98 81 90 4 0 25 0.00 0.0 0 11.5 22 150 M M 2 29 120
2 98 77 88 2 0 23 0.00 0.0 0 8.4 17 110 M M 0 23 140
3 98 77 88 2 0 23 0.00 0.0 0 8.5 18 120 M M 1 24 130
4 98 81 90 4 0 25 T 0.0 0 11.9 21 130 M M 3 28 120
5 95 80 88 2 0 23 0.01 0.0 0 13.4 24 140 M M 5 32 130
6 85 77 81 -5 0 16 0.52 0.0 0 8.5 22 120 M M 6 1 31 120
7 95 79 87 1 0 22 0.00 0.0 0 8.8 20 130 M M 2 26 130
8 97 81 89 3 0 24 0.00 0.0 0 11.5 22 170 M M 2 29 150
9 97 81 89 3 0 24 0.00 0.0 0 12.9 24 160 M M 1 31 150
10 97 80 89 3 0 24 0.00 0.0 0 12.9 22 150 M M 3 30 140
11 97 83 90 4 0 25 0.00 0.0 0 13.8 25 160 M M 2 1 41 150
12 97 83 90 4 0 25 0.00 0.0 0 16.6 26 140 M M 3 36 140
13 98 83 91 5 0 26 0.00 0.0 0 15.3 25 170 M M 4 1 34 160
14 97 81 89 3 0 24 0.00 0.0 0 16.1 28 160 M M 2 39 150
15 98 81 90 4 0 25 0.00 0.0 0 14.7 25 150 M M 1 18 35 140
16 100 81 91 5 0 26 0.00 0.0 0 11.6 22 170 M M 1 18 28 160
17 100 78 89 3 0 24 0.00 0.0 0 10.7 22 140 M M 1 32 150
18 101 80 91 5 0 26 0.00 0.0 0 11.9 22 130 M M 1 1 30 200
19 100 82 91 5 0 26 0.00 0.0 0 13.3 23 160 M M 0 34 160
20 99 80 90 4 0 25 0.00 0.0 0 11.4 23 150 M M 1 30 150
21 99 77 88 1 0 23 0.00 0.0 0 10.6 20 140 M M 0 29 150
22 100 79 90 3 0 25 0.00 0.0 0 9.0 18 130 M M 1 27 110
23 99 79 89 2 0 24 T 0.0 0 8.0 21 140 M M 0 3 27 120
24 99 80 90 3 0 25 0.01 0.0 0 6.6 23 140 M M 1 3 30 130
25 99 79 89 2 0 24 0.00 0.0 0 9.6 21 150 M M 1 27 140
26 99 79 89 2 0 24 0.00 0.0 0 12.5 23 160 M M 0 31 160
27 99 79 89 2 0 24 0.00 0.0 0 11.5 22 150 M M 0 30 140
28 97 78 88 1 0 23 0.00 0.0 0 7.2 22 110 M M 1 29 110
29 98 76 87 0 0 22 0.00 0.0 0 8.1 18 120 M M 1 25 130
30 100 78 89 2 0 24 0.00 0.0 0 7.5 17 120 M M 1 26 130
31 101 80 91 4 0 26 0.00 0.0 0 8.3 18 110 M M 0 25 110
================================================================================
SM 3035 2470 0 745 0.54 0.0 342.6 M 47
================================================================================
AV 97.9 79.7 11.1 FASTST M M 2 MAX(MPH)
MISC ----> 28 160 41 150
================================================================================
NOTES:
# LAST OF SEVERAL OCCURRENCES
COLUMN 17 PEAK WIND IN M.P.H.
PRELIMINARY LOCAL CLIMATOLOGICAL DATA (WS FORM: F-6) , PAGE 2
STATION: BROWNSVILLE
MONTH: JULY
YEAR: 2023
LATITUDE: 25 53 N
LONGITUDE: 97 26 W
[TEMPERATURE DATA] [PRECIPITATION DATA] SYMBOLS USED IN COLUMN 16
AVERAGE MONTHLY: 88.8 TOTAL FOR MONTH: 0.54 1 = FOG OR MIST
DPTR FM NORMAL: 2.4 DPTR FM NORMAL: -1.44 2 = FOG REDUCING VISIBILITY
HIGHEST: 101 ON 31,18 GRTST 24HR 0.52 ON 6- 6 TO 1/4 MILE OR LESS
LOWEST: 76 ON 29 3 = THUNDER
SNOW, ICE PELLETS, HAIL 4 = ICE PELLETS
TOTAL MONTH: 0.0 INCH 5 = HAIL
GRTST 24HR 0.0 6 = FREEZING RAIN OR DRIZZLE
GRTST DEPTH: 0 7 = DUSTSTORM OR SANDSTORM:
VSBY 1/2 MILE OR LESS
8 = SMOKE OR HAZE
[NO. OF DAYS WITH] [WEATHER - DAYS WITH] 9 = BLOWING SNOW
X = TORNADO
MAX 32 OR BELOW: 0 0.01 INCH OR MORE: 3
MAX 90 OR ABOVE: 30 0.10 INCH OR MORE: 1
MIN 32 OR BELOW: 0 0.50 INCH OR MORE: 1
MIN 0 OR BELOW: 0 1.00 INCH OR MORE: 0
[HDD (BASE 65) ]
TOTAL THIS MO. 0 CLEAR (SCALE 0-3) 27
DPTR FM NORMAL 0 PTCLDY (SCALE 4-7) 4
TOTAL FM JUL 1 0 CLOUDY (SCALE 8-10) 0
DPTR FM NORMAL 0
[CDD (BASE 65) ]
TOTAL THIS MO. 745
DPTR FM NORMAL 81 [PRESSURE DATA]
TOTAL FM JAN 1 2837 HIGHEST SLP M ON M
DPTR FM NORMAL 252 LOWEST SLP 29.82 ON 14
[REMARKS]
#FINAL-07-23#