000
CXAK56 PAFG 011857
CF6BRW
PRELIMINARY LOCAL CLIMATOLOGICAL DATA (WS FORM: F-6)
STATION: UTQIAGVIK (BARROW) AK
MONTH: FEBRUARY
YEAR: 2024
LATITUDE: 71 17 N
LONGITUDE: 156 47 W
TEMPERATURE IN F: :PCPN: SNOW: WIND :SUNSHINE: SKY :PK WND
================================================================================
1 2 3 4 5 6A 6B 7 8 9 10 11 12 13 14 15 16 17 18
12Z AVG MX 2MIN
DY MAX MIN AVG DEP HDD CDD WTR SNW DPTH SPD SPD DIR MIN PSBL S-S WX SPD DR
================================================================================
1 -11 -18 -14 -2 79 0 0.02 M M M 18 280 M M 10 18 21 280
2 -1 -12 -6 6 71 0 0.05 M M 8.9 17 290 M M 9 18 20 290
3 -3 -9 -6 6 71 0 0.03 M M 8.1 14 310 M M 9 8 17 310
4 1 -14 -6 6 71 0 0.05 M M 6.9 16 70 M M 10 8 18 70
5 2 -9 -3 9 68 0 0.03 M M 12.7 17 70 M M 3 8 25 70
6 2 -11 -4 8 69 0 0.00 M M 9.3 15 60 M M 7 8 17 60
7 -4 -18 -11 1 76 0 0.00 M M 7.9 15 60 M M 8 8 16 60
8 5 -4 1 13 64 0 0.04 M M 17.5 26 70 M M 10 19 30 70
9 6 -3 2 14 63 0 0.02 M M 23.0 29 60 M M 7 189 37 70
10 -3 -7 -5 7 70 0 0.02 M M 21.6 29 50 M M 2 8 34 50
11 -6 -9 -7 5 72 0 T M M 19.2 24 60 M M 7 29 60
12 0 -8 -4 8 69 0 0.03 M M 15.2 22 90 M M 8 8 26 100
13 18 -7 6 18 59 0 0.03 M M 17.0 24 70 M M 10 168 27 80
14 32 2 17 29 48 0 T M M 20.8 32 240 M M 5 189 39 220
15 3 -7 -2 10 67 0 0.00 M M 11.2 22 250 M M 5 26 250
16 -3 -14 -8 4 73 0 0.00 M M 5.5 13 300 M M 1 15 310
17 -4 -13 -8 4 73 0 0.00 M M 6.7 14 30 M M 1 8 17 30
18 2 -8 -3 9 68 0 0.00 M M 10.1 16 30 M M 2 8 21 30
19 -5 -15 -10 2 75 0 0.00 M M 10.4 16 70 M M 2 8 21 60
20 -2 -9 -5 7 70 0 0.09 M M 23.4 37 60 M M 9 1289 43 60
21 0 -3 -1 11 66 0 0.11 M M 29.0 38 60 M M 10 8 44 60
22 -2 -11 -6 6 71 0 0.07 M M 24.5 33 60 M M 4 89 40 60
23 -11 -17 -14 -2 79 0 0.00 M M 14.1 21 50 M M 0 24 50
24 -13 -18 -15 -3 80 0 0.00 M M 12.0 17 50 M M 0 22 40
25 -18 -24 -21 -9 86 0 0.00 M M 11.0 16 100 M M 2 8 19 110
26 -2 -29 -15 -3 80 0 T M M 9.5 16 290 M M 6 19 280
27 -9 -19 -14 -2 79 0 T M M 13.9 20 290 M M 5 8 22 290
28 -18 -24 -21 -9 86 0 T M M 12.5 18 290 M M 3 8 22 280
29 -15 -24 -19 -7 84 0 0.00 M M 6.2 13 210 M M 0 13 200
================================================================================
SM -59 -362 2087 0 0.59 M 388.1 M 155
================================================================================
AV -2.0-12.5 13.9 FASTST M M 5 MAX(MPH)
MISC ----> 38 60 44 60
================================================================================
NOTES:
# LAST OF SEVERAL OCCURRENCES
COLUMN 17 PEAK WIND IN M.P.H.
PRELIMINARY LOCAL CLIMATOLOGICAL DATA (WS FORM: F-6) , PAGE 2
STATION: UTQIAGVIK (BARROW) AK
MONTH: FEBRUARY
YEAR: 2024
LATITUDE: 71 17 N
LONGITUDE: 156 47 W
[TEMPERATURE DATA] [PRECIPITATION DATA] SYMBOLS USED IN COLUMN 16
AVERAGE MONTHLY: -7.3 TOTAL FOR MONTH: 0.59 1 = FOG OR MIST
DPTR FM NORMAL: 4.6 DPTR FM NORMAL: 0.38 2 = FOG REDUCING VISIBILITY
HIGHEST: 32 ON 14 GRTST 24HR 0.18 ON 21-22 TO 1/4 MILE OR LESS
LOWEST: -29 ON 26 3 = THUNDER
SNOW, ICE PELLETS, HAIL 4 = ICE PELLETS
TOTAL MONTH: M 5 = HAIL
GRTST 24HR M ON M 6 = FREEZING RAIN OR DRIZZLE
GRTST DEPTH: M ON M 7 = DUSTSTORM OR SANDSTORM:
VSBY 1/2 MILE OR LESS
8 = SMOKE OR HAZE
[NO. OF DAYS WITH] [WEATHER - DAYS WITH] 9 = BLOWING SNOW
X = TORNADO
MAX 32 OR BELOW: 29 0.01 INCH OR MORE: 13
MAX 90 OR ABOVE: 0 0.10 INCH OR MORE: 1
MIN 32 OR BELOW: 29 0.50 INCH OR MORE: 0
MIN 0 OR BELOW: 28 1.00 INCH OR MORE: 0
[HDD (BASE 65) ]
TOTAL THIS MO. 2087 CLEAR (SCALE 0-3) 11
DPTR FM NORMAL -66 PTCLDY (SCALE 4-7) 10
TOTAL FM JUL 1 10887 CLOUDY (SCALE 8-10) 8
DPTR FM NORMAL -1586
[CDD (BASE 65) ]
TOTAL THIS MO. 0
DPTR FM NORMAL 0 [PRESSURE DATA]
TOTAL FM JAN 1 0 HIGHEST SLP 30.44 ON 29
DPTR FM NORMAL 0 LOWEST SLP 29.41 ON 14
[REMARKS]
#FINAL-02-24#