000
CXUS53 KGRR 010910
CF6BTL
PRELIMINARY LOCAL CLIMATOLOGICAL DATA (WS FORM: F-6)
STATION: BATTLE CREEK
MONTH: JUNE
YEAR: 2023
LATITUDE: 42 17 N
LONGITUDE: 85 14 W
TEMPERATURE IN F: :PCPN: SNOW: WIND :SUNSHINE: SKY :PK WND
================================================================================
1 2 3 4 5 6A 6B 7 8 9 10 11 12 13 14 15 16 17 18
12Z AVG MX 2MIN
DY MAX MIN AVG DEP HDD CDD WTR SNW DPTH SPD SPD DIR MIN PSBL S-S WX SPD DR
================================================================================
1 90 63 77 12 0 12 0.00 M M 4.0 13 130 M M 2 19 120
2 92 58 75 10 0 10 0.00 M M 4.3 17 40 M M 1 22 60
3 90 58 74 8 0 9 T M M 6.3 17 120 M M 1 3 28 130
4 83 59 71 5 0 6 0.00 M M 7.8 17 50 M M 0 25 50
5 84 50 67 1 0 2 0.00 M M 4.2 14 290 M M 0 18 300
6 80 55 68 1 0 3 0.00 M M 6.6 16 40 M M 0 8 22 30
7 77 45 61 -6 4 0 T M M 6.5 24 50 M M 2 8 34 10
8 77 45 61 -6 4 0 0.00 M M 6.9 20 290 M M 1 8 28 20
9 78 50 64 -3 1 0 0.00 M M 5.5 15 300 M M 1 8 20 270
10 85 49 67 -1 0 2 0.00 M M 6.7 20 260 M M 0 27 250
11 68 55 62 -6 3 0 0.07 M M 9.1 17 20 M M 8 1 24 10
12 62 48 55 -13 10 0 T M M 9.8 18 280 M M 8 1 26 290
13 70 52 61 -7 4 0 0.17 M M 9.5 21 230 M M 8 18 28 230
14 73 51 62 -7 3 0 0.00 M M 5.6 12 310 M M 6 12 19 290
15 81 50 66 -3 0 1 T M M 8.7 24 280 M M 3 18 31 280
16 77 55 66 -3 0 1 0.00 M M 7.9 16 40 M M 7 18 21 350
17 82 50 66 -4 0 1 0.00 M M 5.0 16 300 M M 0 1 21 310
18 85 53 69 -1 0 4 0.00 M M 4.2 13 160 M M 0 18 17 160
19 87 61 74 4 0 9 0.00 M M 6.8 17 50 M M 0 23 60
20 90 60 75 5 0 10 0.00 M M 8.3 18 50 M M 1 27 70
21 90 64 77 7 0 12 0.00 M M 7.6 17 110 M M 1 25 120
22 84 60 72 1 0 7 0.00 M M 5.9 15 70 M M 4 25 80
23 79 66 73 2 0 8 0.00 M M 4.0 12 30 M M 9 17 70
24 91 61 76 5 0 11 0.00 M M 3.8 15 320 M M 4 21 360
25 86 65 76 5 0 11 0.46 M M 10.5 30 150 M M 4 13 43 140
26 70 62 66 -5 0 1 0.47 M M 12.0 22 290 M M 10 1 30 280
27 73 59 66 -5 0 1 0.00 M M 8.2 18 310 M M 10 18 24 310
28 82 52 67 -5 0 2 0.00 M M 3.4 13 20 M M 8 18 16 40
29 87 64 76 4 0 11 T M M 8.1 18 170 M M 7 8 27 160
30 90 68 79 7 0 14 0.00 M M 5.7 16 250 M M 5 8 22 250
================================================================================
SM 2443 1688 29 148 1.17 M 202.9 M 111
================================================================================
AV 81.4 56.3 6.8 FASTST M M 4 MAX(MPH)
MISC ----> 30 150 43 140
================================================================================
NOTES:
# LAST OF SEVERAL OCCURRENCES
COLUMN 17 PEAK WIND IN M.P.H.
PRELIMINARY LOCAL CLIMATOLOGICAL DATA (WS FORM: F-6) , PAGE 2
STATION: BATTLE CREEK
MONTH: JUNE
YEAR: 2023
LATITUDE: 42 17 N
LONGITUDE: 85 14 W
[TEMPERATURE DATA] [PRECIPITATION DATA] SYMBOLS USED IN COLUMN 16
AVERAGE MONTHLY: 68.9 TOTAL FOR MONTH: 1.17 1 = FOG OR MIST
DPTR FM NORMAL: -0.1 DPTR FM NORMAL: -2.24 2 = FOG REDUCING VISIBILITY
HIGHEST: 92 ON 2 GRTST 24HR 0.82 ON 25-26 TO 1/4 MILE OR LESS
LOWEST: 45 ON 8, 7 3 = THUNDER
SNOW, ICE PELLETS, HAIL 4 = ICE PELLETS
TOTAL MONTH: M 5 = HAIL
GRTST 24HR M ON M 6 = FREEZING RAIN OR DRIZZLE
GRTST DEPTH: M ON M 7 = DUSTSTORM OR SANDSTORM:
VSBY 1/2 MILE OR LESS
8 = SMOKE OR HAZE
[NO. OF DAYS WITH] [WEATHER - DAYS WITH] 9 = BLOWING SNOW
X = TORNADO
MAX 32 OR BELOW: 0 0.01 INCH OR MORE: 4
MAX 90 OR ABOVE: 7 0.10 INCH OR MORE: 3
MIN 32 OR BELOW: 0 0.50 INCH OR MORE: 0
MIN 0 OR BELOW: 0 1.00 INCH OR MORE: 0
[HDD (BASE 65) ]
TOTAL THIS MO. 29 CLEAR (SCALE 0-3) 15
DPTR FM NORMAL -9 PTCLDY (SCALE 4-7) 11
TOTAL FM JUL 1 5648 CLOUDY (SCALE 8-10) 4
DPTR FM NORMAL -760
[CDD (BASE 65) ]
TOTAL THIS MO. 148
DPTR FM NORMAL -7 [PRESSURE DATA]
TOTAL FM JAN 1 195 HIGHEST SLP 30.16 ON 21
DPTR FM NORMAL -9 LOWEST SLP 29.50 ON 26
[REMARKS]
#FINAL-06-23#