000
CXUS53 KGRR 020002
CLMBTL
CLIMATE REPORT
NATIONAL WEATHER SERVICE GRAND RAPIDS, MICHIGAN
802 PM EDT SAT APR 01 2023
...................................
...THE BATTLE CREEK CLIMATE SUMMARY FOR THE MONTH OF MARCH 2023...
CLIMATE NORMAL PERIOD: 1991 TO 2020
CLIMATE RECORD PERIOD: 1895 TO 2023
WEATHER OBSERVED NORMAL DEPART LAST YEAR`S
VALUE DATE(S) VALUE FROM VALUE DATE(S)
NORMAL
................................................................
TEMPERATURE (F)
RECORD
HIGH 84 03/21/2012
LOW -11 03/08/1943
HIGHEST 61 03/31 MM MM 72 03/17
LOWEST 13 03/19 MM MM 12 03/12
AVG. MAXIMUM 44.9 45.4 -0.5 48.0
AVG. MINIMUM 28.5 27.1 1.4 28.3
MEAN 36.7 36.3 0.4 38.1
DAYS MAX >= 90 0 0.0 0.0 0
DAYS MAX <= 32 2 4.7 -2.7 3
DAYS MIN <= 32 24 22.2 1.8 19
DAYS MIN <= 0 0 0.3 -0.3 0
PRECIPITATION (INCHES)
RECORD
MAXIMUM 5.61 1942
MINIMUM 0.27 2015
TOTALS 5.28 1.67 3.61 2.99
DAILY AVG. 0.17 0.05 0.12 0.10
DAYS >= .01 18 9.7 8.3 14
DAYS >= .10 12 4.6 7.4 11
DAYS >= .50 4 0.8 3.2 1
DAYS >= 1.00 1 0.3 0.7 0
GREATEST
24 HR. TOTAL 1.52 03/31 TO 03/31
DEGREE DAYS
HEATING TOTAL 869 892 -23 827
SINCE 7/1 4976 5639 -663 MM
COOLING TOTAL 0 1 -1 0
SINCE 1/1 0 1 -1 MM
................................................................
WIND (MPH)
AVERAGE WIND SPEED 9.8
RESULTANT WIND SPEED/DIRECTION 2/250
HIGHEST WIND SPEED/DIRECTION 31/240 DATE 03/25
HIGHEST GUST SPEED/DIRECTION 48/200 DATE 03/31
SKY COVER
POSSIBLE SUNSHINE (PERCENT) MM
AVERAGE SKY COVER 0.56
NUMBER OF DAYS FAIR 11
NUMBER OF DAYS PC 9
NUMBER OF DAYS CLOUDY 11
AVERAGE RH (PERCENT) 69
WEATHER CONDITIONS. NUMBER OF DAYS WITH
THUNDERSTORM 1 MIXED PRECIP 0
HEAVY RAIN 4 RAIN 8
LIGHT RAIN 12 FREEZING RAIN 0
LT FREEZING RAIN 0 HAIL 0
HEAVY SNOW 3 SNOW 6
LIGHT SNOW 12 SLEET 0
FOG 22 FOG W/VIS <= 1/4 MILE 3
HAZE 5
- INDICATES NEGATIVE NUMBERS.
R INDICATES RECORD WAS SET OR TIED.
MM INDICATES DATA IS MISSING.
T INDICATES TRACE AMOUNT.
$$