000
CXUS54 KLIX 011215
CF6BTR
PRELIMINARY LOCAL CLIMATOLOGICAL DATA (WS FORM: F-6)
STATION: BATON ROUGE
MONTH: JANUARY
YEAR: 2022
LATITUDE: 30 31 N
LONGITUDE: 91 9 W
TEMPERATURE IN F: :PCPN: SNOW: WIND :SUNSHINE: SKY :PK WND
================================================================================
1 2 3 4 5 6A 6B 7 8 9 10 11 12 13 14 15 16 17 18
12Z AVG MX 2MIN
DY MAX MIN AVG DEP HDD CDD WTR SNW DPTH SPD SPD DIR MIN PSBL S-S WX SPD DR
================================================================================
1 84 74 79 27 0 14 0.02 0.0 M 17.2 30 200 M M 9 1 39 220
2 75 31 53 1 12 0 T M M 11.9 24 300 M M 10 1 32 300
3 50 28 39 -13 26 0 0.00 0.0 M 6.0 14 340 M M 2 20 330
4 56 29 43 -9 22 0 0.00 0.0 M 4.4 13 180 M M 1 15 180
5 69 47 58 6 7 0 0.00 0.0 M 4.0 10 110 M M 7 1 14 220
6 73 38 56 4 9 0 0.02 M M 8.5 21 360 M M 6 1 32 350
7 56 33 45 -7 20 0 0.00 0.0 M 5.0 14 30 M M 2 19 40
8 66 48 57 5 8 0 0.01 M M 10.7 20 110 M M 9 37 110
9 81 54 68 16 0 3 0.93 0.0 M 8.7 23 220 M M 9 13 28 210
10 58 36 47 -5 18 0 0.00 0.0 M 10.5 20 20 M M 3 26 20
11 60 35 48 -4 17 0 0.00 0.0 M 6.5 15 40 M M 0 19 30
12 62 41 52 0 13 0 0.00 0.0 M 2.5 10 320 M M 5 14 320
13 68 38 53 1 12 0 0.00 0.0 M 4.8 15 270 M M 0 22 270
14 72 39 56 4 9 0 0.00 0.0 M 4.2 12 110 M M 0 1 14 110
15 63 35 49 -3 16 0 0.01 0.0 M 11.2 24 290 M M 8 1 36 300
16 49 34 42 -10 23 0 T T M 11.9 25 290 M M 7 37 290
17 61 34 48 -4 17 0 0.00 0.0 M 5.5 15 270 M M 0 18 270
18 66 30 48 -4 17 0 0.00 0.0 M 7.2 17 170 M M 0 27 150
19 74 51 63 11 2 0 T 0.0 M 8.0 17 200 M M 7 23 160
20 63 34 49 -3 16 0 0.37 M M 10.7 18 10 M M 9 18 26 10
21 42 29 36 -16 29 0 T M M 8.7 17 10 M M 5 25 360
22 49 23 36 -16 29 0 0.00 0.0 M 6.3 14 10 M M 0 20 30
23 54 19 37 -15 28 0 0.00 0.0 M 2.7 10 270 M M 0 13 290
24 59 31 45 -7 20 0 0.37 0.0 M 4.2 12 170 M M 5 1 15 160
25 59 44 52 0 13 0 0.43 M M 8.9 17 50 M M 9 1 20 350
26 57 33 45 -7 20 0 0.00 0.0 M 6.9 15 50 M M 0 22 10
27 63 29 46 -6 19 0 0.00 0.0 M 4.3 10 300 M M 0 13 290
28 55 39 47 -6 18 0 0.00 0.0 M 8.9 22 360 M M 0 31 320
29 52 30 41 -12 24 0 0.00 0.0 M 4.8 15 230 M M 0 18 240
30 67 38 53 0 12 0 0.00 0.0 M 9.3 18 250 M M 0 24 240
31 70 38 54 1 11 0 0.00 0.0 M 6.2 16 130 M M 3 21 160
================================================================================
SM 1933 1142 487 17 2.16 T 230.6 M 116
================================================================================
AV 62.4 36.8 7.4 FASTST M M 4 MAX(MPH)
MISC ----> 30 200 39 220
================================================================================
NOTES:
# LAST OF SEVERAL OCCURRENCES
COLUMN 17 PEAK WIND IN M.P.H.
PRELIMINARY LOCAL CLIMATOLOGICAL DATA (WS FORM: F-6) , PAGE 2
STATION: BATON ROUGE
MONTH: JANUARY
YEAR: 2022
LATITUDE: 30 31 N
LONGITUDE: 91 9 W
[TEMPERATURE DATA] [PRECIPITATION DATA] SYMBOLS USED IN COLUMN 16
AVERAGE MONTHLY: 49.6 TOTAL FOR MONTH: 2.16 1 = FOG OR MIST
DPTR FM NORMAL: -2.4 DPTR FM NORMAL: -4.20 2 = FOG REDUCING VISIBILITY
HIGHEST: 84 ON 1 GRTST 24HR 0.93 ON 9- 9 TO 1/4 MILE OR LESS
LOWEST: 19 ON 23 3 = THUNDER
SNOW, ICE PELLETS, HAIL 4 = ICE PELLETS
TOTAL MONTH: T 5 = HAIL
GRTST 24HR T ON 16-16 6 = FREEZING RAIN OR DRIZZLE
GRTST DEPTH: M ON M 7 = DUSTSTORM OR SANDSTORM:
VSBY 1/2 MILE OR LESS
8 = SMOKE OR HAZE
[NO. OF DAYS WITH] [WEATHER - DAYS WITH] 9 = BLOWING SNOW
X = TORNADO
MAX 32 OR BELOW: 0 0.01 INCH OR MORE: 8
MAX 90 OR ABOVE: 0 0.10 INCH OR MORE: 4
MIN 32 OR BELOW: 10 0.50 INCH OR MORE: 1
MIN 0 OR BELOW: 0 1.00 INCH OR MORE: 0
[HDD (BASE 65) ]
TOTAL THIS MO. 487 CLEAR (SCALE 0-3) 17
DPTR FM NORMAL 69 PTCLDY (SCALE 4-7) 8
TOTAL FM JUL 1 864 CLOUDY (SCALE 8-10) 6
DPTR FM NORMAL -183
[CDD (BASE 65) ]
TOTAL THIS MO. 17
DPTR FM NORMAL 4 [PRESSURE DATA]
TOTAL FM JAN 1 17 HIGHEST SLP 30.58 ON 11
DPTR FM NORMAL 4 LOWEST SLP 29.72 ON 1
[REMARKS]
#FINAL-01-22#