000
CXUS51 KBTV 010800
CF6BTV
PRELIMINARY LOCAL CLIMATOLOGICAL DATA (WS FORM: F-6)
STATION: BURLINGTON VT
MONTH: DECEMBER
YEAR: 2020
LATITUDE: 44 28 N
LONGITUDE: 73 9 W
TEMPERATURE IN F: :PCPN: SNOW: WIND :SUNSHINE: SKY :PK WND
================================================================================
1 2 3 4 5 6A 6B 7 8 9 10 11 12 13 14 15 16 17 18
12Z AVG MX 2MIN
DY MAX MIN AVG DEP HDD CDD WTR SNW DPTH SPD SPD DIR MIN PSBL S-S WX SPD DR
================================================================================
1 66 41 54 22 11 0 0.08 0.0 0 10.5 29 210 M M 7 1 42 210
2 41 32 37 5 28 0 0.03 0.2 0 12.8 21 190 M M 9 1 29 160
3 45 29 37 6 28 0 0.00 0.0 T 11.3 22 190 M M 5 27 200
4 45 40 43 12 22 0 0.02 0.0 0 8.6 21 180 M M 9 29 190
5 40 30 35 5 30 0 T 0.0 0 12.8 29 350 M M 10 18 37 360
6 31 28 30 0 35 0 T T 0 14.5 25 320 M M 10 34 330
7 28 25 27 -3 38 0 T T T 9.0 16 310 M M 10 21 310
8 26 22 24 -5 41 0 0.02 1.1 1 8.1 14 330 M M 10 1 19 340
9 33 23 28 -1 37 0 0.11 1.8 T 8.4 17 190 M M 9 1 23 180
10 38 29 34 6 31 0 T 0.1 3 5.6 16 300 M M 10 1 21 300
11 45 30 38 10 27 0 0.00 0.0 1 6.2 20 190 M M 8 28 180
12 46 34 40 13 25 0 0.04 0.0 0 4.5 14 170 M M 10 18 19 180
13 52 32 42 15 23 0 0.00 0.0 0 9.7 21 230 M M 7 1 27 210
14 36 30 33 7 32 0 T 0.1 0 5.6 25 300 M M 9 33 290
15 32 10 21 -5 44 0 T T 0 15.1 30 300 M M 4 40 310
16 15 5 10 -16 55 0 0.00 0.0 0 5.5 10 320 M M 8 12 20
17 18 7 13 -12 52 0 0.24 2.5 1 8.0 16 350 M M 8 18 20 350
18 20 3 12 -13 53 0 0.01 T 3 4.5 12 360 M M 4 8 14 360
19 26 1 14 -10 51 0 0.00 0.0 3 4.6 12 190 M M 5 18 14 180
20 34 25 30 6 35 0 0.06 0.8 2 12.3 21 180 M M 10 1 29 200
21 38 33 36 12 29 0 T T 3 5.2 16 180 M M 10 1 23 170
22 39 28 34 11 31 0 0.04 0.6 2 7.8 23 300 M M 10 18 36 300
23 36 21 29 6 36 0 T T 2 9.3 25 190 M M 8 33 200
24 55 36 46 23 19 0 0.15 0.0 0 14.0 30 180 M M 8 41 180
25 65 38 52 30 13 0 0.40 0.0 0 16.5 26 140 M M 10 1 42 140
26 38 25 32 10 33 0 0.06 0.9 1 10.5 22 190 M M 9 1 27 190
27 33 25 29 7 36 0 T T 1 5.4 15 170 M M 8 20 160
28 42 32 37 16 28 0 T T 0 15.0 25 170 M M 8 8 38 180
29 34 15 25 4 40 0 0.01 0.1 T 11.3 24 320 M M 3 32 300
30 36 13 25 4 40 0 T T T 13.5 31 190 M M 7 44 180
31 40 24 32 12 33 0 T T 0 9.5 28 190 M M 7 40 180
================================================================================
SM 1173 766 1036 0 1.27 8.2 295.6 M 250
================================================================================
AV 37.8 24.7 9.5 FASTST M M 8 MAX(MPH)
MISC ----> 31 190 44 180
================================================================================
NOTES:
# LAST OF SEVERAL OCCURRENCES
COLUMN 17 PEAK WIND IN M.P.H.
PRELIMINARY LOCAL CLIMATOLOGICAL DATA (WS FORM: F-6) , PAGE 2
STATION: BURLINGTON VT
MONTH: DECEMBER
YEAR: 2020
LATITUDE: 44 28 N
LONGITUDE: 73 9 W
[TEMPERATURE DATA] [PRECIPITATION DATA] SYMBOLS USED IN COLUMN 16
AVERAGE MONTHLY: 31.3 TOTAL FOR MONTH: 1.27 1 = FOG OR MIST
DPTR FM NORMAL: 5.5 DPTR FM NORMAL: -1.11 2 = FOG REDUCING VISIBILITY
HIGHEST: 66 ON 1 GRTST 24HR 0.75 ON 30- 1 TO 1/4 MILE OR LESS
LOWEST: 1 ON 19 3 = THUNDER
SNOW, ICE PELLETS, HAIL 4 = ICE PELLETS
TOTAL MONTH: 8.2 INCHES 5 = HAIL
GRTST 24HR 2.5 ON 17-17 6 = FREEZING RAIN OR DRIZZLE
GRTST DEPTH: 3 ON 21,19 7 = DUSTSTORM OR SANDSTORM:
VSBY 1/2 MILE OR LESS
8 = SMOKE OR HAZE
[NO. OF DAYS WITH] [WEATHER - DAYS WITH] 9 = BLOWING SNOW
X = TORNADO
MAX 32 OR BELOW: 8 0.01 INCH OR MORE: 14
MAX 90 OR ABOVE: 0 0.10 INCH OR MORE: 4
MIN 32 OR BELOW: 25 0.50 INCH OR MORE: 0
MIN 0 OR BELOW: 0 1.00 INCH OR MORE: 0
[HDD (BASE 65) ]
TOTAL THIS MO. 1036 CLEAR (SCALE 0-3) 0
DPTR FM NORMAL -178 PTCLDY (SCALE 4-7) 15
TOTAL FM JUL 1 2286 CLOUDY (SCALE 8-10) 16
DPTR FM NORMAL -472
[CDD (BASE 65) ]
TOTAL THIS MO. 0
DPTR FM NORMAL 0 [PRESSURE DATA]
TOTAL FM JAN 1 895 HIGHEST SLP 30.58 ON 16
DPTR FM NORMAL 404 LOWEST SLP 29.31 ON 25
[REMARKS]
#FINAL-12-20#