000
CXUS51 KLWX 020312
CF6BWI
PRELIMINARY LOCAL CLIMATOLOGICAL DATA (WS FORM: F-6)
STATION: BALTIMORE MD
MONTH: JUNE
YEAR: 2021
LATITUDE: 39 10 N
LONGITUDE: 76 40 W
TEMPERATURE IN F: :PCPN: SNOW: WIND :SUNSHINE: SKY :PK WND
================================================================================
1 2 3 4 5 6A 6B 7 8 9 10 11 12 13 14 15 16 17 18
12Z AVG MX 2MIN
DY MAX MIN AVG DEP HDD CDD WTR SNW DPTH SPD SPD DIR MIN PSBL S-S WX SPD DR
================================================================================
1 80 51 66 -3 0 1 0.00 0.0 0 4.9 14 150 M M 7 18 130
2 81 62 72 3 0 7 0.00 0.0 0 5.8 17 110 M M 9 21 130
3 86 67 77 7 0 12 0.03 0.0 0 5.9 22 290 M M 9 138 32 330
4 86 66 76 6 0 11 T 0.0 0 6.3 15 260 M M 7 25 330
5 94 63 79 9 0 14 0.00 0.0 0 6.1 16 230 M M 2 23 290
6 96 70 83 12 0 18 0.00 0.0 0 4.7 14 160 M M 3 21 130
7 95 72 84 13 0 19 0.00 0.0 0 5.4 14 120 M M 6 20 150
8 91 76 84 13 0 19 T 0.0 0 4.2 15 290 M M 8 3 20 300
9 90 72 81 9 0 16 0.01 0.0 0 4.2 16 20 M M 8 38 23 10
10 89 69 79 7 0 14 0.08 0.0 0 6.7 16 90 M M 8 13 23 30
11 69 65 67 -5 0 2 1.05 0.0 0 12.6 18 60 M M 10 1 25 70
12 78 64 71 -2 0 6 0.00 0.0 0 5.4 10 40 M M 7 19 30
13 81 65 73 0 0 8 0.01 0.0 0 3.9 12 230 M M 8 16 230
14 89 65 77 4 0 12 0.70 0.0 0 5.2 36 290 M M 6 13 54 280
15 83 63 73 -1 0 8 T 0.0 0 7.9 15 310 M M 5 1 28 340
16 81 62 72 -2 0 7 0.00 0.0 0 5.7 15 310 M M 4 28 310
17 80 58 69 -5 0 4 0.00 0.0 0 5.5 14 280 M M 2 21 340
18 86 54 70 -4 0 5 0.00 0.0 0 6.6 15 220 M M 4 23 230
19 86 73 80 5 0 15 T 0.0 0 5.8 18 270 M M 8 26 260
20 93 68 81 6 0 16 T 0.0 0 4.3 13 130 M M 7 1 20 130
21 94 73 84 9 0 19 0.40 0.0 0 5.6 32 280 M M 8 13 48 280
22 74 55 65 -11 0 0 0.36 0.0 0 4.4 14 320 M M 8 1 25 340
23 78 51 65 -11 0 0 0.00 0.0 0 4.4 12 60 M M 3 26 20
24 78 54 66 -10 0 1 0.00 0.0 0 5.3 16 120 M M 3 21 120
25 81 54 68 -8 0 3 0.00 0.0 0 4.7 13 110 M M 5 22 120
26 89 73 81 5 0 16 0.01 0.0 0 6.1 14 160 M M 7 18 22 140
27 93 73 83 6 0 18 0.00 0.0 0 7.5 14 140 M M 5 22 240
28 94 75 85 8 0 20 0.00 0.0 0 6.2 14 150 M M 2 20 150
29 97 75 86 9 0 21 0.00 0.0 0 5.8 13 240 M M 3 20 210
30 99 73 86 9 0 21 0.10 0.0 0 5.4 29 290 M M 4 3 40 290
================================================================================
SM 2591 1961 0 333 2.75 0.0 172.5 M 176
================================================================================
AV 86.4 65.4 5.8 FASTST M M 6 MAX(MPH)
MISC ----> 36 290 54 280
================================================================================
NOTES:
# LAST OF SEVERAL OCCURRENCES
COLUMN 17 PEAK WIND IN M.P.H.
PRELIMINARY LOCAL CLIMATOLOGICAL DATA (WS FORM: F-6) , PAGE 2
STATION: BALTIMORE MD
MONTH: JUNE
YEAR: 2021
LATITUDE: 39 10 N
LONGITUDE: 76 40 W
[TEMPERATURE DATA] [PRECIPITATION DATA] SYMBOLS USED IN COLUMN 16
AVERAGE MONTHLY: 75.9 TOTAL FOR MONTH: 2.75 1 = FOG OR MIST
DPTR FM NORMAL: 2.4 DPTR FM NORMAL: -1.23 2 = FOG REDUCING VISIBILITY
HIGHEST: 99 ON 30 GRTST 24HR 1.06 ON 10-11 TO 1/4 MILE OR LESS
LOWEST: 51 ON 23, 1 3 = THUNDER
SNOW, ICE PELLETS, HAIL 4 = ICE PELLETS
TOTAL MONTH: 0.0 INCH 5 = HAIL
GRTST 24HR 0.0 6 = FREEZING RAIN OR DRIZZLE
GRTST DEPTH: 0 7 = DUSTSTORM OR SANDSTORM:
VSBY 1/2 MILE OR LESS
8 = SMOKE OR HAZE
[NO. OF DAYS WITH] [WEATHER - DAYS WITH] 9 = BLOWING SNOW
X = TORNADO
MAX 32 OR BELOW: 0 0.01 INCH OR MORE: 10
MAX 90 OR ABOVE: 11 0.10 INCH OR MORE: 5
MIN 32 OR BELOW: 0 0.50 INCH OR MORE: 2
MIN 0 OR BELOW: 0 1.00 INCH OR MORE: 1
[HDD (BASE 65) ]
TOTAL THIS MO. 0 CLEAR (SCALE 0-3) 7
DPTR FM NORMAL -11 PTCLDY (SCALE 4-7) 19
TOTAL FM JUL 1 3952 CLOUDY (SCALE 8-10) 4
DPTR FM NORMAL -530
[CDD (BASE 65) ]
TOTAL THIS MO. 333
DPTR FM NORMAL 67 [PRESSURE DATA]
TOTAL FM JAN 1 465 HIGHEST SLP 30.38 ON 24
DPTR FM NORMAL 88 LOWEST SLP 29.59 ON 21
[REMARKS]
#FINAL-06-21#