000
CXUS51 KLWX 011842
CF6BWI
PRELIMINARY LOCAL CLIMATOLOGICAL DATA (WS FORM: F-6)
STATION: BALTIMORE MD
MONTH: AUGUST
YEAR: 2020
LATITUDE: 39 10 N
LONGITUDE: 76 40 W
TEMPERATURE IN F: :PCPN: SNOW: WIND :SUNSHINE: SKY :PK WND
================================================================================
1 2 3 4 5 6A 6B 7 8 9 10 11 12 13 14 15 16 17 18
12Z AVG MX 2MIN
DY MAX MIN AVG DEP HDD CDD WTR SNW DPTH SPD SPD DIR MIN PSBL S-S WX SPD DR
================================================================================
1 89 71 80 3 0 15 0.00 0.0 0 3.9 13 120 M M 7 1 17 130
2 94 78 86 10 0 21 T 0.0 0 7.7 17 210 M M 6 26 220
3 89 72 81 5 0 16 0.24 0.0 0 3.9 15 200 M M 8 13 21 180
4 87 69 78 2 0 13 2.32 0.0 0 8.4 25 320 M M 8 13 36 330
5 89 67 78 2 0 13 0.00 0.0 0 3.2 13 270 M M 4 17 280
6 85 71 78 2 0 13 0.97 0.0 0 6.5 21 300 M M 9 138 25 290
7 87 70 79 3 0 14 0.25 0.0 0 4.0 17 10 M M 8 13 24 350
8 87 71 79 3 0 14 0.00 0.0 0 3.2 9 50 M M 6 14 60
9 91 70 81 5 0 16 0.00 0.0 0 4.1 10 200 M M 4 1 16 200
10 93 75 84 8 0 19 0.00 0.0 0 3.8 12 150 M M 2 13 21 180
11 93 75 84 8 0 19 0.00 0.0 0 4.3 12 210 M M 5 13 15 150
12 93 72 83 7 0 18 3.51 0.0 0 4.4 37 210 M M 7 13 47 200
13 84 74 79 3 0 14 0.56 0.0 0 5.4 15 80 M M 8 1 20 90
14 89 73 81 5 0 16 0.49 0.0 0 6.0 14 160 M M 9 138 18 60
15 80 71 76 0 0 11 0.18 0.0 0 8.2 15 50 M M 10 1 20 60
16 76 64 70 -5 0 5 1.06 0.0 0 7.2 17 40 M M 8 18 21 40
17 86 62 74 -1 0 9 0.26 0.0 0 3.5 18 320 M M 5 13 24 320
18 87 64 76 1 0 11 0.00 0.0 0 3.3 13 270 M M 3 1 20 340
19 85 67 76 1 0 11 0.63 0.0 0 4.3 15 330 M M 6 13 21 310
20 83 65 74 -1 0 9 0.00 0.0 0 4.4 10 100 M M 6 16 50
21 86 64 75 0 0 10 0.00 0.0 0 3.7 10 220 M M 8 14 230
22 85 73 79 4 0 14 0.03 0.0 0 4.1 10 170 M M 8 14 170
23 91 73 82 8 0 17 0.15 0.0 0 3.5 23 280 M M 7 13 29 280
24 91 71 81 7 0 16 0.03 0.0 0 4.6 15 250 M M 5 3 20 270
25 91 74 83 9 0 18 0.10 0.0 0 9.4 20 250 M M 5 38 27 270
26 87 67 77 3 0 12 0.00 0.0 0 6.9 16 280 M M 4 20 280
27 94 73 84 10 0 19 T 0.0 0 10.3 21 240 M M 5 3 28 230
28 92 72 82 8 0 17 0.76 0.0 0 7.4 21 280 M M 8 138 30 320
29 86 73 80 7 0 15 0.15 0.0 0 7.5 20 250 M M 7 1 26 230
30 83 64 74 1 0 9 0.00 0.0 0 5.8 17 290 M M 5 23 350
31 76 64 70 -3 0 5 0.12 0.0 0 4.8 13 100 M M 9 1 18 90
================================================================================
SM 2709 2169 0 429 11.81 0.0 167.7 M 200
================================================================================
AV 87.4 70.0 5.4 FASTST M M 6 MAX(MPH)
MISC ----> 37 210 47 200
================================================================================
NOTES:
# LAST OF SEVERAL OCCURRENCES
COLUMN 17 PEAK WIND IN M.P.H.
PRELIMINARY LOCAL CLIMATOLOGICAL DATA (WS FORM: F-6) , PAGE 2
STATION: BALTIMORE MD
MONTH: AUGUST
YEAR: 2020
LATITUDE: 39 10 N
LONGITUDE: 76 40 W
[TEMPERATURE DATA] [PRECIPITATION DATA] SYMBOLS USED IN COLUMN 16
AVERAGE MONTHLY: 78.7 TOTAL FOR MONTH: 11.81 1 = FOG OR MIST
DPTR FM NORMAL: 3.6 DPTR FM NORMAL: 8.52 2 = FOG REDUCING VISIBILITY
HIGHEST: 94 ON 27, 2 GRTST 24HR 4.07 ON 12-13 TO 1/4 MILE OR LESS
LOWEST: 62 ON 17 3 = THUNDER
SNOW, ICE PELLETS, HAIL 4 = ICE PELLETS
TOTAL MONTH: 0.0 INCH 5 = HAIL
GRTST 24HR 0.0 6 = FREEZING RAIN OR DRIZZLE
GRTST DEPTH: 0 7 = DUSTSTORM OR SANDSTORM:
VSBY 1/2 MILE OR LESS
8 = SMOKE OR HAZE
[NO. OF DAYS WITH] [WEATHER - DAYS WITH] 9 = BLOWING SNOW
X = TORNADO
MAX 32 OR BELOW: 0 0.01 INCH OR MORE: 18
MAX 90 OR ABOVE: 10 0.10 INCH OR MORE: 16
MIN 32 OR BELOW: 0 0.50 INCH OR MORE: 7
MIN 0 OR BELOW: 0 1.00 INCH OR MORE: 3
[HDD (BASE 65) ]
TOTAL THIS MO. 0 CLEAR (SCALE 0-3) 2
DPTR FM NORMAL -1 PTCLDY (SCALE 4-7) 22
TOTAL FM JUL 1 0 CLOUDY (SCALE 8-10) 7
DPTR FM NORMAL 0
[CDD (BASE 65) ]
TOTAL THIS MO. 429
DPTR FM NORMAL 113 [PRESSURE DATA]
TOTAL FM JAN 1 1385 HIGHEST SLP 30.16 ON 8
DPTR FM NORMAL 375 LOWEST SLP 29.51 ON 29
[REMARKS]
#FINAL-08-20#