000
CXUS55 KRIW 011010
CF6BYG
PRELIMINARY LOCAL CLIMATOLOGICAL DATA (WS FORM: F-6)
STATION: BUFFALO WY
MONTH: SEPTEMBER
YEAR: 2021
LATITUDE: 44 22 N
LONGITUDE: 106 43 W
TEMPERATURE IN F: :PCPN: SNOW: WIND :SUNSHINE: SKY :PK WND
================================================================================
1 2 3 4 5 6A 6B 7 8 9 10 11 12 13 14 15 16 17 18
12Z AVG MX 2MIN
DY MAX MIN AVG DEP HDD CDD WTR SNW DPTH SPD SPD DIR MIN PSBL S-S WX SPD DR
================================================================================
1 76 56 66 0 0 1 0.00 M M 7.6 17 360 M M 0 8 22 360
2 76 50 63 -3 2 0 0.00 M M 9.1 17 350 M M 2 22 350
3 M 51 M M M M M M M M M M M M M M M
4 M M M M M M 0.00 M M M M M M M 0 M M
5 M M M M M M 0.00 M M M M M M M 0 M M
6 M M M M M M M M M M M M M M 0 M M
7 M M M M M M M M M M M M M M 0 M M
8 M M M M M M M M M M M M M M 0 M M
9 91 M M M M M 0.00 M M 5.2 14 350 M M 0 19 340
10 98 60 79 17 0 14 0.00 M M 8.7 32 280 M M 0 43 280
11 80 60 70 8 0 5 0.01 M M 9.3 18 360 M M 2 8 26 340
12 83 52 68 6 0 3 T M M 6.1 16 310 M M 1 21 90
13 M 53 M M M M M M M 12.9 33 330 M M 2 49 330
14 76 M M M M M 0.00 M M 7.4 13 320 M M 0 18 320
15 86 52 69 9 0 4 0.00 M M 7.7 17 110 M M 0 23 100
16 72 47 60 0 5 0 0.00 M M 14.6 36 340 M M 2 48 350
17 86 38 62 3 3 0 0.00 M M 15.0 40 170 M M 0 52 180
18 90 54 72 13 0 7 0.00 M M 13.0 39 230 M M 0 63 240
19 72 43 58 0 7 0 0.05 M M 11.5 33 330 M M 4 44 340
20 58 37 48 -10 17 0 T M M 12.3 30 320 M M 5 41 320
21 69 35 52 -5 13 0 0.00 M M 7.5 16 150 M M 0 28 150
22 85 46 66 9 0 1 0.00 M M 9.5 15 290 M M 0 21 340
23 75 56 66 10 0 1 0.00 M M 12.4 26 330 M M 2 42 340
24 70 44 57 1 8 0 0.00 M M 5.5 13 200 M M 2 19 180
25 85 50 68 13 0 3 0.00 M M 6.9 13 300 M M 0 19 150
26 88 54 71 16 0 6 0.00 M M 8.1 17 140 M M 0 25 120
27 88 54 71 17 0 6 0.00 M M 6.6 12 110 M M 0 16 90
28 89 55 72 18 0 7 T M M 14.8 39 320 M M 2 58 330
29 55 35 45 -8 20 0 0.03 M M 13.5 36 340 M M 8 48 320
30 63 34 49 -4 16 0 0.00 M M 7.0 12 180 M M 0 17 170
================================================================================
SM 1811 1116 91 58 0.09 M 232.2 M 32
================================================================================
AV 78.7 48.5 9.7 FASTST M M 1 MAX(MPH)
MISC ----> 40 170 63 240
================================================================================
NOTES:
# LAST OF SEVERAL OCCURRENCES
COLUMN 17 PEAK WIND IN M.P.H.
PRELIMINARY LOCAL CLIMATOLOGICAL DATA (WS FORM: F-6) , PAGE 2
STATION: BUFFALO WY
MONTH: SEPTEMBER
YEAR: 2021
LATITUDE: 44 22 N
LONGITUDE: 106 43 W
[TEMPERATURE DATA] [PRECIPITATION DATA] SYMBOLS USED IN COLUMN 16
AVERAGE MONTHLY: 63.6 TOTAL FOR MONTH: 0.09 1 = FOG OR MIST
DPTR FM NORMAL: 3.8 DPTR FM NORMAL: -1.08 2 = FOG REDUCING VISIBILITY
HIGHEST: 98 ON 10 GRTST 24HR 0.05 ON 19-19 TO 1/4 MILE OR LESS
LOWEST: 34 ON 30 3 = THUNDER
SNOW, ICE PELLETS, HAIL 4 = ICE PELLETS
TOTAL MONTH: M 5 = HAIL
GRTST 24HR M ON M 6 = FREEZING RAIN OR DRIZZLE
GRTST DEPTH: M ON M 7 = DUSTSTORM OR SANDSTORM:
VSBY 1/2 MILE OR LESS
8 = SMOKE OR HAZE
[NO. OF DAYS WITH] [WEATHER - DAYS WITH] 9 = BLOWING SNOW
X = TORNADO
MAX 32 OR BELOW: 0 0.01 INCH OR MORE: 3
MAX 90 OR ABOVE: 3 0.10 INCH OR MORE: 0
MIN 32 OR BELOW: 0 0.50 INCH OR MORE: 0
MIN 0 OR BELOW: 0 1.00 INCH OR MORE: 0
[HDD (BASE 65) ]
TOTAL THIS MO. 91 CLEAR (SCALE 0-3) 26
DPTR FM NORMAL -122 PTCLDY (SCALE 4-7) 3
TOTAL FM JUL 1 134 CLOUDY (SCALE 8-10) 1
DPTR FM NORMAL -137
[CDD (BASE 65) ]
TOTAL THIS MO. 58
DPTR FM NORMAL 1 [PRESSURE DATA]
TOTAL FM JAN 1 789 HIGHEST SLP 30.45 ON 21
DPTR FM NORMAL 264 LOWEST SLP 29.41 ON 28
[REMARKS]
#FINAL-09-21#