000
CXUS55 KRIW 020043
CF6BYG
PRELIMINARY LOCAL CLIMATOLOGICAL DATA (WS FORM: F-6)
STATION: BUFFALO WY
MONTH: JANUARY
YEAR: 2024
LATITUDE: 44 22 N
LONGITUDE: 106 43 W
TEMPERATURE IN F: :PCPN: SNOW: WIND :SUNSHINE: SKY :PK WND
================================================================================
1 2 3 4 5 6A 6B 7 8 9 10 11 12 13 14 15 16 17 18
12Z AVG MX 2MIN
DY MAX MIN AVG DEP HDD CDD WTR SNW DPTH SPD SPD DIR MIN PSBL S-S WX SPD DR
================================================================================
1 44 23 34 7 31 0 0.00 M M 7.3 22 350 M M 0 28 350
2 43 21 32 5 33 0 0.00 M M 4.9 10 300 M M 0 11 300
3 39 20 30 2 35 0 0.00 M M 5.1 10 240 M M 0 11 110
4 38 18 28 0 37 0 0.00 M M 7.1 24 340 M M 4 35 350
5 37 23 30 2 35 0 T M M 14.4 36 330 M M 8 1 58 330
6 35 13 24 -4 41 0 0.00 M M 5.8 15 330 M M 2 20 340
7 32 11 22 -6 43 0 T M M 14.4 32 350 M M 9 1 45 340
8 27 7 17 -11 48 0 T M M 7.0 24 340 M M 4 1 34 340
9 41 10 26 -2 39 0 0.00 M M 7.5 24 260 M M 2 33 350
10 35 7 21 -7 44 0 T M M 8.9 30 300 M M 8 1 38 290
11 7 -2 3 -25 62 0 T M M 10.4 23 350 M M 7 1 31 360
12 -2 -23 -12 -40 77 0 T M M 13.8 23 320 M M 8 18 35 320
13 -13 M M M M M T M M 2.7 13 10 M M 0 8 21 340
14 -5 -22 -13 -41 78 0 T M M 5.9 23 340 M M 5 18 31 350
15 -2 -25 -13 -41 78 0 T M M 8.3 26 340 M M 2 18 37 350
16 24 -13 6 -22 59 0 0.00 M M 4.1 15 180 M M 3 19 180
17 29 11 20 -8 45 0 0.00 M M 4.3 10 340 M M 4 13 300
18 16 -7 5 -23 60 0 0.01 M M 18.1 48 350 M M 6 1289 65 350
19 15 -7 4 -24 61 0 0.00 M M 5.8 14 150 M M 5 17 140
20 45 13 29 1 36 0 0.00 M M 4.3 12 300 M M 1 12 300
21 48 32 40 12 25 0 0.00 M M 5.4 12 240 M M 4 13 130
22 50 28 39 12 26 0 0.00 M M 4.4 10 240 M M 0 12 120
23 49 27 38 11 27 0 0.00 M M 5.0 10 250 M M 2 11 250
24 48 30 39 12 26 0 0.00 M M 4.3 10 250 M M 8 12 240
25 48 26 37 10 28 0 0.00 M M 6.6 12 270 M M 1 13 360
26 42 26 34 7 31 0 0.00 M M 5.8 12 360 M M 0 17 360
27 49 24 37 10 28 0 0.00 M M 7.6 16 160 M M 0 21 160
28 55 35 45 18 20 0 0.00 M M 5.8 13 240 M M 2 14 240
29 55 35 45 18 20 0 0.00 M M 4.9 12 240 M M 2 16 320
30 61 36 49 22 16 0 0.00 M M 7.8 15 160 M M 0 20 170
31 64 34 49 23 16 0 0.00 M M 5.8 15 320 M M 0 8 19 320
================================================================================
SM 1054 411 1205 0 0.01 M 223.5 M 97
================================================================================
AV 34.0 13.7 7.2 FASTST M M 3 MAX(MPH)
MISC ----> 48 350 65 350
================================================================================
NOTES:
# LAST OF SEVERAL OCCURRENCES
COLUMN 17 PEAK WIND IN M.P.H.
PRELIMINARY LOCAL CLIMATOLOGICAL DATA (WS FORM: F-6) , PAGE 2
STATION: BUFFALO WY
MONTH: JANUARY
YEAR: 2024
LATITUDE: 44 22 N
LONGITUDE: 106 43 W
[TEMPERATURE DATA] [PRECIPITATION DATA] SYMBOLS USED IN COLUMN 16
AVERAGE MONTHLY: 23.9 TOTAL FOR MONTH: 0.01 1 = FOG OR MIST
DPTR FM NORMAL: -3.6 DPTR FM NORMAL: -0.22 2 = FOG REDUCING VISIBILITY
HIGHEST: 64 ON 31 GRTST 24HR 0.16 ON 12-13 TO 1/4 MILE OR LESS
LOWEST: -25 ON 15 3 = THUNDER
SNOW, ICE PELLETS, HAIL 4 = ICE PELLETS
TOTAL MONTH: M 5 = HAIL
GRTST 24HR M ON M 6 = FREEZING RAIN OR DRIZZLE
GRTST DEPTH: M ON M 7 = DUSTSTORM OR SANDSTORM:
VSBY 1/2 MILE OR LESS
8 = SMOKE OR HAZE
[NO. OF DAYS WITH] [WEATHER - DAYS WITH] 9 = BLOWING SNOW
X = TORNADO
MAX 32 OR BELOW: 11 0.01 INCH OR MORE: 1
MAX 90 OR ABOVE: 0 0.10 INCH OR MORE: 0
MIN 32 OR BELOW: 26 0.50 INCH OR MORE: 0
MIN 0 OR BELOW: 7 1.00 INCH OR MORE: 0
[HDD (BASE 65) ]
TOTAL THIS MO. 1205 CLEAR (SCALE 0-3) 18
DPTR FM NORMAL 41 PTCLDY (SCALE 4-7) 12
TOTAL FM JUL 1 3627 CLOUDY (SCALE 8-10) 1
DPTR FM NORMAL -470
[CDD (BASE 65) ]
TOTAL THIS MO. 0
DPTR FM NORMAL 0 [PRESSURE DATA]
TOTAL FM JAN 1 0 HIGHEST SLP 30.68 ON 15
DPTR FM NORMAL 0 LOWEST SLP 29.34 ON 10
[REMARKS]
#FINAL-01-24#