000
CXUS56 KTFX 011110
CF6BZN
PRELIMINARY LOCAL CLIMATOLOGICAL DATA (WS FORM: F-6)
STATION: BOZEMAN/GALLATIN FIELD MT
MONTH: SEPTEMBER
YEAR: 2020
LATITUDE: 45 46 N
LONGITUDE: 111 9 W
TEMPERATURE IN F: :PCPN: SNOW: WIND :SUNSHINE: SKY :PK WND
================================================================================
1 2 3 4 5 6A 6B 7 8 9 10 11 12 13 14 15 16 17 18
12Z AVG MX 2MIN
DY MAX MIN AVG DEP HDD CDD WTR SNW DPTH SPD SPD DIR MIN PSBL S-S WX SPD DR
================================================================================
1 81 38 60 -4 5 0 0.00 0.0 0 8.5 26 270 M M 3 34 270
2 89 45 67 4 0 2 0.00 0.0 0 13.9 33 280 M M 0 42 280
3 88 42 65 2 0 0 0.00 0.0 0 7.3 21 270 M M 0 26 300
4 91 42 67 5 0 2 0.00 0.0 0 4.7 13 180 M M 0 14 180
5 100 47 74 12 0 9 0.00 0.0 0 7.5 25 280 M M 0 33 290
6 87 44 66 4 0 1 0.00 0.0 0 4.5 16 150 M M 0 8 19 140
7 55 37 46 -15 19 0 0.31 0.0 0 9.5 26 320 M M 8 18 32 320
8 52 29 41 -20 24 0 0.00 0.0 0 4.1 16 360 M M 2 21 20
9 67 29 48 -12 17 0 0.00 0.0 0 4.1 10 160 M M 2 8 13 360
10 77 34 56 -4 9 0 0.00 0.0 0 3.3 13 160 M M 0 14 160
11 80 37 59 -1 6 0 0.00 0.0 0 4.9 14 300 M M 0 19 280
12 85 38 62 3 3 0 0.00 0.0 0 4.5 14 160 M M 0 15 160
13 81 39 60 1 5 0 0.00 0.0 0 3.9 10 140 M M 0 8 11 140
14 90 38 64 6 1 0 0.00 0.0 0 4.2 13 160 M M 0 8 14 150
15 83 40 62 4 3 0 0.00 0.0 0 3.8 12 190 M M 3 8 13 200
16 74 40 57 -1 8 0 0.00 0.0 0 2.4 9 180 M M 7 18 11 160
17 77 36 57 0 8 0 0.00 0.0 0 2.9 8 150 M M 10 8 9 280
18 76 40 58 1 7 0 0.00 0.0 0 3.5 12 110 M M 7 18 18 280
19 65 50 58 2 7 0 0.12 0.0 0 5.5 18 290 M M 6 18 24 280
20 69 42 56 0 9 0 0.00 0.0 0 6.0 16 290 M M 7 19 280
21 79 35 57 1 8 0 0.00 0.0 0 4.4 13 160 M M 0 15 160
22 78 36 57 2 8 0 0.00 0.0 0 4.6 32 180 M M 1 50 180
23 80 42 61 6 4 0 0.00 0.0 0 5.5 13 30 M M 0 8 16 20
24 82 46 64 10 1 0 0.00 0.0 0 8.7 31 240 M M 0 39 240
25 58 34 46 -8 19 0 0.01 0.0 0 4.6 21 230 M M 5 26 230
26 63 40 52 -1 13 0 T 0.0 0 13.5 32 280 M M 6 40 280
27 60 34 47 -6 18 0 T 0.0 0 8.2 20 280 M M 5 8 25 290
28 68 29 49 -4 16 0 0.00 0.0 0 5.3 10 160 M M 0 13 150
29 79 32 56 4 9 0 0.00 0.0 0 5.9 15 280 M M 0 18 280
30 71 34 53 1 12 0 0.00 0.0 0 3.9 12 180 M M 0 13 180
================================================================================
SM 2285 1149 239 14 0.44 0.0 173.6 M 72
================================================================================
AV 76.2 38.3 5.8 FASTST M M 2 MAX(MPH)
MISC ----> 33 280 50 180
================================================================================
NOTES:
# LAST OF SEVERAL OCCURRENCES
COLUMN 17 PEAK WIND IN M.P.H.
PRELIMINARY LOCAL CLIMATOLOGICAL DATA (WS FORM: F-6) , PAGE 2
STATION: BOZEMAN/GALLATIN FIELD MT
MONTH: SEPTEMBER
YEAR: 2020
LATITUDE: 45 46 N
LONGITUDE: 111 9 W
[TEMPERATURE DATA] [PRECIPITATION DATA] SYMBOLS USED IN COLUMN 16
AVERAGE MONTHLY: 57.2 TOTAL FOR MONTH: 0.44 1 = FOG OR MIST
DPTR FM NORMAL: -0.6 DPTR FM NORMAL: -0.67 2 = FOG REDUCING VISIBILITY
HIGHEST: 100 ON 5 GRTST 24HR 0.31 ON 7- 7 TO 1/4 MILE OR LESS
LOWEST: 29 ON 28, 9 3 = THUNDER
SNOW, ICE PELLETS, HAIL 4 = ICE PELLETS
TOTAL MONTH: 0.0 INCH 5 = HAIL
GRTST 24HR 0.0 6 = FREEZING RAIN OR DRIZZLE
GRTST DEPTH: 0 7 = DUSTSTORM OR SANDSTORM:
VSBY 1/2 MILE OR LESS
8 = SMOKE OR HAZE
[NO. OF DAYS WITH] [WEATHER - DAYS WITH] 9 = BLOWING SNOW
X = TORNADO
MAX 32 OR BELOW: 0 0.01 INCH OR MORE: 3
MAX 90 OR ABOVE: 3 0.10 INCH OR MORE: 2
MIN 32 OR BELOW: 4 0.50 INCH OR MORE: 0
MIN 0 OR BELOW: 0 1.00 INCH OR MORE: 0
[HDD (BASE 65) ]
TOTAL THIS MO. 239 CLEAR (SCALE 0-3) 21
DPTR FM NORMAL 1 PTCLDY (SCALE 4-7) 8
TOTAL FM JUL 1 312 CLOUDY (SCALE 8-10) 1
DPTR FM NORMAL 6
[CDD (BASE 65) ]
TOTAL THIS MO. 14
DPTR FM NORMAL -8 [PRESSURE DATA]
TOTAL FM JAN 1 233 HIGHEST SLP 30.59 ON 8
DPTR FM NORMAL -135 LOWEST SLP 29.66 ON 24
[REMARKS]
#FINAL-09-20#