000
CXUS51 KCLE 010900
CF6CAK
PRELIMINARY LOCAL CLIMATOLOGICAL DATA (WS FORM: F-6)
STATION: AKRON CANTON OH
MONTH: FEBRUARY
YEAR: 2024
LATITUDE: 40 55 N
LONGITUDE: 81 26 W
TEMPERATURE IN F: :PCPN: SNOW: WIND :SUNSHINE: SKY :PK WND
================================================================================
1 2 3 4 5 6A 6B 7 8 9 10 11 12 13 14 15 16 17 18
12Z AVG MX 2MIN
DY MAX MIN AVG DEP HDD CDD WTR SNW DPTH SPD SPD DIR MIN PSBL S-S WX SPD DR
================================================================================
1 50 35 43 15 22 0 0.01 0.0 0 13.1 21 220 M M 9 1 27 220
2 37 30 34 6 31 0 T 0.0 0 9.0 14 340 M M 10 1 18 350
3 44 27 36 8 29 0 0.00 0.0 0 5.9 10 50 M M 5 15 50
4 51 21 36 8 29 0 0.00 0.0 0 6.5 14 10 M M 1 1 17 10
5 45 25 35 7 30 0 0.00 0.0 0 9.8 20 30 M M 5 128 25 30
6 44 22 33 5 32 0 0.00 0.0 0 7.0 13 50 M M 2 1 19 20
7 53 25 39 10 26 0 0.00 0.0 0 2.8 8 140 M M 5 12 140
8 59 33 46 17 19 0 0.01 0.0 0 10.1 20 180 M M 8 27 210
9 62 43 53 24 12 0 T 0.0 0 14.2 23 200 M M 5 33 220
10 58 36 47 18 18 0 T 0.0 0 11.1 21 250 M M 9 8 29 260
11 42 26 34 5 31 0 0.00 0.0 0 5.6 12 360 M M 7 15 20
12 41 25 33 3 32 0 0.00 0.0 0 5.8 17 20 M M 7 1 21 20
13 41 27 34 4 31 0 T T 0 10.0 18 290 M M 9 18 27 270
14 34 23 29 -1 36 0 T T 0 5.3 14 290 M M 7 17 300
15 45 22 34 4 31 0 0.02 0.0 0 15.9 32 300 M M 7 49 300
16 34 22 28 -2 37 0 0.14 2.6 0 7.1 15 300 M M 8 18 21 280
17 25 13 19 -12 46 0 T 0.1 2 13.3 24 260 M M 8 1 34 250
18 31 12 22 -9 43 0 0.00 0.0 T 14.5 25 230 M M 1 37 230
19 40 16 28 -3 37 0 0.00 0.0 T 3.5 10 250 M M 2 1 17 220
20 49 24 37 6 28 0 0.00 0.0 0 5.3 12 200 M M 1 15 230
21 58 27 43 11 22 0 0.00 0.0 0 10.5 23 230 M M 4 30 220
22 52 42 47 15 18 0 0.64 0.0 0 6.8 17 210 M M 10 12 24 210
23 53 31 42 10 23 0 T 0.0 0 9.3 20 340 M M 9 128 26 350
24 32 18 25 -7 40 0 0.01 0.1 T 9.8 21 10 M M 5 1 27 360
25 44 16 30 -3 35 0 0.00 0.0 0 12.6 23 200 M M 4 28 190
26 62 32 47 14 18 0 0.00 0.0 0 8.0 12 170 M M 4 M M
27 68 48 58 25 7 0 0.01 0.0 0 14.6 22 210 M M 8 1 35 230
28 61 22 42 8 23 0 0.17 T 0 19.3 32 290 M M 10 13 46 280
29 35 19 27 -7 38 0 T T 0 9.5 18 260 M M 3 24 260
================================================================================
SM 1350 762 824 0 1.01 2.8 276.2 M 173
================================================================================
AV 46.6 26.3 9.5 FASTST M M 6 MAX(MPH)
MISC ----> # 32 300 49 300
================================================================================
NOTES:
# LAST OF SEVERAL OCCURRENCES
COLUMN 17 PEAK WIND IN M.P.H.
PRELIMINARY LOCAL CLIMATOLOGICAL DATA (WS FORM: F-6) , PAGE 2
STATION: AKRON CANTON OH
MONTH: FEBRUARY
YEAR: 2024
LATITUDE: 40 55 N
LONGITUDE: 81 26 W
[TEMPERATURE DATA] [PRECIPITATION DATA] SYMBOLS USED IN COLUMN 16
AVERAGE MONTHLY: 36.4 TOTAL FOR MONTH: 1.01 1 = FOG OR MIST
DPTR FM NORMAL: 6.2 DPTR FM NORMAL: -1.43 2 = FOG REDUCING VISIBILITY
HIGHEST: 68 ON 27 GRTST 24HR 0.64 ON 22-22 TO 1/4 MILE OR LESS
LOWEST: 12 ON 18 3 = THUNDER
SNOW, ICE PELLETS, HAIL 4 = ICE PELLETS
TOTAL MONTH: 2.8 INCHES 5 = HAIL
GRTST 24HR 2.6 ON 16-16 6 = FREEZING RAIN OR DRIZZLE
GRTST DEPTH: 2 ON 17 7 = DUSTSTORM OR SANDSTORM:
VSBY 1/2 MILE OR LESS
8 = SMOKE OR HAZE
[NO. OF DAYS WITH] [WEATHER - DAYS WITH] 9 = BLOWING SNOW
X = TORNADO
MAX 32 OR BELOW: 3 0.01 INCH OR MORE: 8
MAX 90 OR ABOVE: 0 0.10 INCH OR MORE: 3
MIN 32 OR BELOW: 23 0.50 INCH OR MORE: 1
MIN 0 OR BELOW: 0 1.00 INCH OR MORE: 0
[HDD (BASE 65) ]
TOTAL THIS MO. 824 CLEAR (SCALE 0-3) 6
DPTR FM NORMAL -149 PTCLDY (SCALE 4-7) 16
TOTAL FM JUL 1 3881 CLOUDY (SCALE 8-10) 7
DPTR FM NORMAL -431
[CDD (BASE 65) ]
TOTAL THIS MO. 0
DPTR FM NORMAL 0 [PRESSURE DATA]
TOTAL FM JAN 1 0 HIGHEST SLP 30.49 ON 29
DPTR FM NORMAL 0 LOWEST SLP 29.34 ON 28
[REMARKS]
#FINAL-02-24#