000
CXUS51 KCLE 010800
CF6CAK
PRELIMINARY LOCAL CLIMATOLOGICAL DATA (WS FORM: F-6)
STATION: AKRON CANTON OH
MONTH: JULY
YEAR: 2020
LATITUDE: 40 55 N
LONGITUDE: 81 26 W
TEMPERATURE IN F: :PCPN: SNOW: WIND :SUNSHINE: SKY :PK WND
================================================================================
1 2 3 4 5 6A 6B 7 8 9 10 11 12 13 14 15 16 17 18
12Z AVG MX 2MIN
DY MAX MIN AVG DEP HDD CDD WTR SNW DPTH SPD SPD DIR MIN PSBL S-S WX SPD DR
================================================================================
1 86 62 74 3 0 9 0.00 0.0 0 7.6 16 30 M M 2 32 70
2 90 64 77 5 0 12 0.00 0.0 0 6.6 15 10 M M 2 26 70
3 92 64 78 6 0 13 0.00 0.0 0 5.9 14 20 M M 3 8 22 250
4 92 68 80 8 0 15 0.00 0.0 0 5.3 15 20 M M 3 18 27 80
5 91 62 77 5 0 12 0.00 0.0 0 4.9 12 280 M M 4 8 14 20
6 94 65 80 8 0 15 0.00 0.0 0 4.1 12 320 M M 2 16 310
7 94 70 82 10 0 17 T 0.0 0 6.7 22 310 M M 4 3 28 300
8 93 67 80 8 0 15 0.10 0.0 0 4.1 33 270 M M 4 138 43 280
9 94 71 83 11 0 18 0.00 0.0 0 4.4 12 260 M M 2 18 22 210
10 93 73 83 11 0 18 0.01 0.0 0 8.9 21 270 M M 5 38 27 280
11 84 68 76 4 0 11 0.16 0.0 0 11.0 22 320 M M 7 1 29 300
12 83 65 74 2 0 9 0.00 0.0 0 5.5 14 340 M M 7 3 17 350
13 81 63 72 0 0 7 0.17 0.0 0 6.9 16 340 M M 5 1 21 340
14 86 58 72 0 0 7 0.00 0.0 0 4.3 10 70 M M 3 1 13 260
15 89 64 77 5 0 12 0.00 0.0 0 7.5 15 150 M M 3 20 150
16 91 74 83 11 0 18 0.03 0.0 0 11.3 25 230 M M 6 34 220
17 90 70 80 8 0 15 0.00 0.0 0 5.3 12 260 M M 4 18 16 220
18 93 69 81 9 0 16 0.00 0.0 0 7.5 16 210 M M 2 18 21 240
19 94 74 84 12 0 19 T 0.0 0 10.6 26 340 M M 6 3 34 340
20 87 72 80 8 0 15 0.00 0.0 0 6.3 15 250 M M 8 21 290
21 89 71 80 8 0 15 0.03 0.0 0 3.9 12 280 M M 7 1 15 310
22 83 70 77 5 0 12 0.16 0.0 0 8.9 17 230 M M 9 18 22 210
23 85 72 79 7 0 14 0.01 0.0 0 7.8 15 20 M M 9 13 19 360
24 88 65 77 5 0 12 0.00 0.0 0 6.0 14 330 M M 3 1 19 290
25 90 62 76 4 0 11 0.00 0.0 0 4.1 12 320 M M 2 1 16 320
26 92 69 81 9 0 16 0.00 0.0 0 6.4 16 250 M M 4 23 220
27 95 72 84 12 0 19 1.10 0.0 0 9.6 40 290 M M 6 138 51 280
28 86 70 78 6 0 13 0.03 0.0 0 7.5 16 270 M M 5 1 21 270
29 89 65 77 5 0 12 0.00 0.0 0 8.3 20 220 M M 3 27 220
30 83 69 76 4 0 11 0.00 0.0 0 5.6 14 50 M M 8 31 320
31 86 64 75 3 0 10 0.00 0.0 0 8.1 14 20 M M 6 21 30
================================================================================
SM 2763 2092 0 418 1.80 0.0 210.9 M 144
================================================================================
AV 89.1 67.5 6.8 FASTST M M 5 MAX(MPH)
MISC ----> 40 290 51 280
================================================================================
NOTES:
# LAST OF SEVERAL OCCURRENCES
COLUMN 17 PEAK WIND IN M.P.H.
PRELIMINARY LOCAL CLIMATOLOGICAL DATA (WS FORM: F-6) , PAGE 2
STATION: AKRON CANTON OH
MONTH: JULY
YEAR: 2020
LATITUDE: 40 55 N
LONGITUDE: 81 26 W
[TEMPERATURE DATA] [PRECIPITATION DATA] SYMBOLS USED IN COLUMN 16
AVERAGE MONTHLY: 78.3 TOTAL FOR MONTH: 1.80 1 = FOG OR MIST
DPTR FM NORMAL: 6.3 DPTR FM NORMAL: -2.28 2 = FOG REDUCING VISIBILITY
HIGHEST: 95 ON 27 GRTST 24HR 1.13 ON 27-28 TO 1/4 MILE OR LESS
LOWEST: 58 ON 14 3 = THUNDER
SNOW, ICE PELLETS, HAIL 4 = ICE PELLETS
TOTAL MONTH: 0.0 INCH 5 = HAIL
GRTST 24HR 0.0 6 = FREEZING RAIN OR DRIZZLE
GRTST DEPTH: 0 7 = DUSTSTORM OR SANDSTORM:
VSBY 1/2 MILE OR LESS
8 = SMOKE OR HAZE
[NO. OF DAYS WITH] [WEATHER - DAYS WITH] 9 = BLOWING SNOW
X = TORNADO
MAX 32 OR BELOW: 0 0.01 INCH OR MORE: 10
MAX 90 OR ABOVE: 16 0.10 INCH OR MORE: 5
MIN 32 OR BELOW: 0 0.50 INCH OR MORE: 1
MIN 0 OR BELOW: 0 1.00 INCH OR MORE: 1
[HDD (BASE 65) ]
TOTAL THIS MO. 0 CLEAR (SCALE 0-3) 11
DPTR FM NORMAL -6 PTCLDY (SCALE 4-7) 17
TOTAL FM JUL 1 0 CLOUDY (SCALE 8-10) 3
DPTR FM NORMAL 0
[CDD (BASE 65) ]
TOTAL THIS MO. 418
DPTR FM NORMAL 196 [PRESSURE DATA]
TOTAL FM JAN 1 686 HIGHEST SLP 30.17 ON 25
DPTR FM NORMAL 287 LOWEST SLP 29.67 ON 11
[REMARKS]
#FINAL-07-20#