000
CXUS55 KABQ 011110
CF6CAO
PRELIMINARY LOCAL CLIMATOLOGICAL DATA (WS FORM: F-6)
STATION: CLAYTON NM
MONTH: JANUARY
YEAR: 2024
LATITUDE: 36 27 N
LONGITUDE: 103 9 W
TEMPERATURE IN F: :PCPN: SNOW: WIND :SUNSHINE: SKY :PK WND
================================================================================
1 2 3 4 5 6A 6B 7 8 9 10 11 12 13 14 15 16 17 18
12Z AVG MX 2MIN
DY MAX MIN AVG DEP HDD CDD WTR SNW DPTH SPD SPD DIR MIN PSBL S-S WX SPD DR
================================================================================
1 49 21 35 0 30 0 0.00 0.0 0 12.4 25 210 M M 0 33 200
2 48 20 34 -1 31 0 0.00 0.0 0 12.2 24 360 M M 0 33 10
3 53 24 39 4 26 0 0.00 0.0 0 9.2 18 170 M M 0 25 130
4 31 25 28 -7 37 0 0.43 2.5 0 8.9 17 140 M M 7 12 23 140
5 34 19 27 -8 38 0 0.01 0.3 3 11.7 21 320 M M 4 1 27 320
6 35 14 25 -10 40 0 0.00 0.0 2 10.1 18 330 M M 5 25 250
7 33 21 27 -8 38 0 0.00 0.0 2 10.8 22 220 M M 3 32 200
8 29 18 24 -11 41 0 0.03 7.0 7 16.5 48 330 M M 5 1289 65 320
9 35 9 22 -13 43 0 0.00 0.0 6 12.4 23 320 M M 0 32 330
10 41 26 34 -1 31 0 0.00 0.0 5 11.6 25 270 M M 0 33 280
11 43 17 30 -5 35 0 T T 5 18.5 37 360 M M 4 1 45 360
12 36 13 25 -10 40 0 0.00 0.0 3 13.4 22 290 M M 1 30 280
13 26 -5 11 -24 54 0 T T 3 11.5 24 20 M M 2 1 31 20
14 8 -5 2 -34 63 0 0.00 0.0 3 8.4 16 180 M M 7 1 20 160
15 8 -2 3 -33 62 0 T T 3 20.8 33 360 M M 3 1 45 360
16 28 0 14 -22 51 0 0.00 0.0 3 10.9 21 240 M M 1 28 250
17 57 15 36 0 29 0 0.00 0.0 3 11.6 32 250 M M 0 51 240
18 58 17 38 2 27 0 0.00 0.0 2 14.5 32 20 M M 0 42 30
19 31 16 24 -12 41 0 0.00 0.0 1 9.2 22 10 M M 0 27 360
20 37 18 28 -8 37 0 0.00 0.0 0 18.9 30 200 M M 0 36 200
21 50 27 39 3 26 0 0.00 0.0 0 15.5 28 200 M M 2 34 230
22 54 28 41 5 24 0 0.00 0.0 0 7.3 16 260 M M 4 22 260
23 50 25 38 2 27 0 0.00 0.0 0 6.1 16 100 M M 3 12 20 110
24 52 26 39 3 26 0 0.00 0.0 0 9.5 17 180 M M 3 12 20 180
25 53 30 42 6 23 0 0.12 0.0 0 6.3 14 100 M M 2 1 16 100
26 37 32 35 -1 30 0 0.27 T 0 12.0 23 10 M M 10 1 30 360
27 49 30 40 4 25 0 0.00 0.0 0 9.5 18 320 M M 0 24 330
28 60 30 45 9 20 0 0.00 0.0 0 6.4 16 270 M M 0 21 260
29 60 32 46 10 19 0 0.00 0.0 0 6.6 12 310 M M 0 18 210
30 61 35 48 12 17 0 0.00 0.0 0 8.0 15 200 M M 0 20 190
31 63 35 49 13 16 0 0.00 0.0 0 14.7 29 210 M M 1 38 220
================================================================================
SM 1309 611 1047 0 0.86 9.8 355.4 M 67
================================================================================
AV 42.2 19.7 11.5 FASTST M M 2 MAX(MPH)
MISC ----> 48 330 65 320
================================================================================
NOTES:
# LAST OF SEVERAL OCCURRENCES
COLUMN 17 PEAK WIND IN M.P.H.
PRELIMINARY LOCAL CLIMATOLOGICAL DATA (WS FORM: F-6) , PAGE 2
STATION: CLAYTON NM
MONTH: JANUARY
YEAR: 2024
LATITUDE: 36 27 N
LONGITUDE: 103 9 W
[TEMPERATURE DATA] [PRECIPITATION DATA] SYMBOLS USED IN COLUMN 16
AVERAGE MONTHLY: 31.0 TOTAL FOR MONTH: 0.86 1 = FOG OR MIST
DPTR FM NORMAL: -4.5 DPTR FM NORMAL: 0.53 2 = FOG REDUCING VISIBILITY
HIGHEST: 63 ON 31 GRTST 24HR 0.43 ON 4- 4 TO 1/4 MILE OR LESS
LOWEST: -5 ON 14,13 3 = THUNDER
SNOW, ICE PELLETS, HAIL 4 = ICE PELLETS
TOTAL MONTH: 9.8 INCHES 5 = HAIL
GRTST 24HR 7.0 ON 8- 8 6 = FREEZING RAIN OR DRIZZLE
GRTST DEPTH: 7 ON 8 7 = DUSTSTORM OR SANDSTORM:
VSBY 1/2 MILE OR LESS
8 = SMOKE OR HAZE
[NO. OF DAYS WITH] [WEATHER - DAYS WITH] 9 = BLOWING SNOW
X = TORNADO
MAX 32 OR BELOW: 7 0.01 INCH OR MORE: 5
MAX 90 OR ABOVE: 0 0.10 INCH OR MORE: 3
MIN 32 OR BELOW: 29 0.50 INCH OR MORE: 0
MIN 0 OR BELOW: 4 1.00 INCH OR MORE: 0
[HDD (BASE 65) ]
TOTAL THIS MO. 1047 CLEAR (SCALE 0-3) 22
DPTR FM NORMAL 131 PTCLDY (SCALE 4-7) 8
TOTAL FM JUL 1 2634 CLOUDY (SCALE 8-10) 1
DPTR FM NORMAL -246
[CDD (BASE 65) ]
TOTAL THIS MO. 0
DPTR FM NORMAL 0 [PRESSURE DATA]
TOTAL FM JAN 1 0 HIGHEST SLP 30.57 ON 19
DPTR FM NORMAL 0 LOWEST SLP 29.34 ON 11
[REMARKS]
#FINAL-01-24#